-- https://www.phpmyadmin.net/
--

START TRANSACTION;



--
-- Database: `warehousedb`
--

-- --------------------------------------------------------

--
-- Table structure for table `api`
--

CREATE TABLE `api` (
  `id_api` int(11) NOT NULL,
  `name` varchar(150) NOT NULL,
  `email` varchar(150) NOT NULL
) ENGINE=InnoDB DEFAULT CHARSET=utf8;

-- --------------------------------------------------------

--
-- Table structure for table `book`
--

CREATE TABLE `book` (
  `id_book` int(11) NOT NULL,
  `book_name` varchar(150) NOT NULL,
  `rating` enum('1','2','3','4','5') NOT NULL,
  `content` text NOT NULL,
  `bookdate` date NOT NULL
) ENGINE=InnoDB DEFAULT CHARSET=utf8;

--
-- Dumping data for table `book`
--

INSERT INTO `book` (`id_book`, `book_name`, `rating`, `content`, `bookdate`) VALUES
(1, 'book1', '3', 'mone', '0000-00-00'),
(2, '', '', '', '2018-02-16');

-- --------------------------------------------------------

--
-- Table structure for table `customer`
--

CREATE TABLE `customer` (
  `customerid` int(255) NOT NULL,
  `customer_name` varchar(255) NOT NULL,
  `customer_address` varchar(255) NOT NULL,
  `parishid` int(255) NOT NULL,
  `customer_phone` bigint(255) NOT NULL
) ENGINE=InnoDB DEFAULT CHARSET=latin1;

--
-- Dumping data for table `customer`
--

INSERT INTO `customer` (`customerid`, `customer_name`, `customer_address`, `parishid`, `customer_phone`) VALUES
(1, 'Chilling', '15 garner rd', 1, 4326789),
(2, 'Reggae Sunfest', '57 Gatwick Rd', 3, 3458765),
(3, 'Galdeville Gone Wild', '23 Arlington Drive', 7, 2340987),
(4, 'Karizma\'s', '28 linvingston Street', 1, 2983823),
(5, 'Drencehed', '21 cool drive', 8, 3264210),
(6, 'Uptown Mondays', '34 garner rd', 11, 3453456),
(7, 'Hennesy V party', '12 Martin Road', 15, 4569876),
(8, 'Ndc Football Party', '5103 Bayberry Ln', 6, 8763246012),
(9, 'A&E Photo Shoot', '', 5, 0),
(10, 'TEAM EAST POS', '', 18, 0),
(11, 'NAKIA WHITE', '', 18, 0),
(12, 'BOND WHSE', '', 18, 0),
(13, '', '', 0, 0),
(14, 'YEA YEA WEDNESDAY', '', 0, 0),
(15, 'BAR CODE TEAM', '', 0, 0),
(16, 'GLEN BUCKMASTER', '', 0, 0),
(17, 'WINSTON MEEKS', '', 0, 0),
(18, 'MVP', '', 0, 0),
(19, 'BOUNTY SUNDAYS', '', 0, 0),
(20, 'EXPORT', '', 0, 0),
(21, 'M10, AUTO VISION, BARBICAN BEACH', '', 0, 0),
(22, 'TEAM WEST MOBAY', '', 3, 0),
(23, 'Default', '', 0, 0),
(24, 'CAMPARI POP STYLE', '', 0, 0),
(25, 'MAIN EVENT ENT. GROUP', '72 LADY MUSGRAVE ROAD', 11, 0),
(26, 'CREW RUN ( OUT OF TOWN)', '', 0, 0),
(27, 'HENNESSY SUNDAY', '', 0, 0),
(28, 'LITHOGRAPHIC', '', 0, 0),
(29, 'OTHER', '', 0, 0),
(30, 'AUTO VISION', '', 0, 0),
(31, 'ESCOBAR BIRTHDAY CELEBRATION', '', 0, 0),
(32, 'CAROL', '', 0, 0),
(33, 'PUMP UP WHOLESALE', '', 0, 0),
(34, 'UWI CAMPUS', '', 0, 0),
(35, 'SUPREME OUTDOOR REPAIR', '', 0, 0),
(36, 'THERESA HIGGINS PHOTO SHOOT', '', 0, 0),
(37, 'JARETT SAMUELS', '23 DOMANICA DRIVE', 0, 0),
(38, '23 DOMANICA DRIVE ', '', 0, 0),
(39, 'TEAM WEST MOBAY', '', 0, 0),
(40, 'BOND WAREHOUSE', '', 0, 0),
(41, 'KEVIN\'S TEAM', '', 0, 0),
(42, 'DEANDREA WITMORE', '', 0, 0),
(43, '277 LOUNGE', '', 0, 0),
(44, 'ANDRE GORDON', '', 0, 0),
(45, 'KIZZY LAMEY', '', 0, 0),
(46, 'CHARMAINE ALLEN', '', 0, 0),
(47, 'INTENSE', '', 0, 0),
(48, 'SOPHIA RICHARDSON', '', 0, 0),
(49, 'MARKETING SALES MEETING', '', 0, 0),
(50, 'KENROY GORDON', '', 0, 0),
(51, 'DOMINO GIFT BASKET', '', 0, 0),
(52, 'PROMOTION SUPPORT', '', 0, 0),
(53, 'MELLOW VIBE', '', 0, 0),
(54, 'JWN SPORTS CLUB', '', 0, 0),
(55, 'OLIVENE ROSE', '', 0, 0),
(56, 'CREW RUN IN TOWN (9 TEAMS)', '', 0, 0),
(57, 'Kenroy Smith ', '', 0, 0),
(58, 'Kevin Johnson ', '', 0, 0),
(59, 'Kemar Walker ', '', 0, 0),
(60, 'Tesfey Brown ', '', 0, 0),
(61, '', '', 0, 0),
(62, 'Shawn Brown ', '', 0, 0),
(63, 'Andre Stephens ', '', 0, 0),
(64, 'Ricardo Burrell ', '', 0, 0),
(65, 'Sylvester Thomas ', '', 0, 0),
(66, 'Marvin Green ', '', 0, 0),
(67, 'Winston Meeks ', '', 0, 0),
(68, 'Dwane Malcolm ', '', 0, 0),
(69, 'Robert Berry ', '', 0, 0),
(70, 'Micheal Kaynor ', '', 0, 0),
(71, 'SHAWN ENNIS ', '', 0, 0),
(72, 'NICHOLAS SCARLET ', '', 0, 0),
(73, 'RIBBIZ', 'VICTORIA PEIR', 0, 0),
(74, 'Olivene Rose', 'head office', 0, 0),
(75, 'Crystal Hylton', '', 0, 0),
(76, 'Crystal Hylton', '', 0, 0),
(77, 'CAMPARI RED SQUARE-', '', 0, 0),
(78, 'Beach Rave Event', '', 0, 0);

-- --------------------------------------------------------

--
-- Table structure for table `factory`
--

CREATE TABLE `factory` (
  `factoryid` int(255) NOT NULL,
  `factoryname` varchar(255) NOT NULL,
  `factorylocation` char(255) NOT NULL
) ENGINE=InnoDB DEFAULT CHARSET=latin1;

--
-- Dumping data for table `factory`
--

INSERT INTO `factory` (`factoryid`, `factoryname`, `factorylocation`) VALUES
(1, 'A-1', 'ROCK GLASSES'),
(6, 'PR-1', 'POSTER ROOM'),
(7, 'PR-2', ''),
(8, 'PR-3', '');

-- --------------------------------------------------------

--
-- Table structure for table `fixedorderlogdetaiils`
--

CREATE TABLE `fixedorderlogdetaiils` (
  `fixedorderlogproductdetailsid` int(255) NOT NULL,
  `orderlogid` int(255) NOT NULL,
  `orderid` int(255) NOT NULL,
  `productid` int(255) NOT NULL,
  `productname` varchar(255) NOT NULL,
  `quantity` int(255) NOT NULL,
  `locationid` int(255) NOT NULL,
  `locationname` varchar(255) NOT NULL,
  `price` float(7,2) NOT NULL,
  `fixedorderlogproducttimestamp` int(255) NOT NULL
) ENGINE=InnoDB DEFAULT CHARSET=latin1;

--
-- Dumping data for table `fixedorderlogdetaiils`
--

INSERT INTO `fixedorderlogdetaiils` (`fixedorderlogproductdetailsid`, `orderlogid`, `orderid`, `productid`, `productname`, `quantity`, `locationid`, `locationname`, `price`, `fixedorderlogproducttimestamp`) VALUES
(1, 10, 88, 3, '12 seater tables', 1, 3, 'location 3', 0.00, 0),
(2, 11, 89, 3, '12 seater tables', 1, 3, 'location 3', 0.00, 0),
(3, 11, 89, 5, 'LCD 42 inch', 1, 4, 'Location 4', 0.00, 0),
(4, 11, 89, 2, 'longbowlights', 1, 4, 'Location 4', 0.00, 0),
(5, 12, 89, 3, '12 seater tables', 1, 3, 'location 3', 0.00, 0),
(6, 12, 89, 5, 'LCD 42 inch', 1, 4, 'Location 4', 0.00, 0),
(7, 12, 89, 2, 'longbowlights', 1, 4, 'Location 4', 0.00, 0),
(8, 13, 89, 3, '12 seater tables', 1, 3, 'location 3', 0.00, 0),
(9, 13, 89, 5, 'LCD 42 inch', 1, 4, 'Location 4', 0.00, 0),
(10, 13, 89, 2, 'longbowlights', 1, 4, 'Location 4', 0.00, 0),
(11, 15, 90, 3, '12 seater tables', 1, 3, 'location 3', 0.00, 0),
(12, 15, 90, 4, 'Ground Speaker', 1, 5, 'Location 5', 0.00, 0),
(13, 16, 90, 3, '12 seater tables', 1, 3, 'location 3', 0.00, 0),
(14, 16, 90, 4, 'Ground Speaker', 1, 5, 'Location 5', 0.00, 0),
(15, 17, 90, 3, '12 seater tables', 1, 3, 'location 3', 0.00, 0),
(16, 17, 90, 4, 'Ground Speaker', 1, 5, 'Location 5', 0.00, 0),
(17, 18, 90, 3, '12 seater tables', 1, 3, 'location 3', 0.00, 0),
(18, 18, 90, 4, 'Ground Speaker', 1, 5, 'Location 5', 0.00, 0),
(19, 19, 91, 3, '12 seater tables', 1, 3, 'location 3', 0.00, 0),
(20, 20, 92, 3, '12 seater tables', 1, 3, 'location 3', 0.00, 0),
(21, 21, 93, 4, 'Ground Speaker', 1, 5, 'Location 5', 0.00, 0),
(22, 22, 93, 4, 'Ground Speaker', 1, 5, 'Location 5', 0.00, 0),
(23, 23, 93, 4, 'Ground Speaker', 1, 5, 'Location 5', 0.00, 0),
(24, 24, 93, 4, 'Ground Speaker', 1, 5, 'Location 5', 0.00, 0),
(25, 25, 93, 4, 'Ground Speaker', 1, 5, 'Location 5', 0.00, 0),
(26, 26, 93, 4, 'Ground Speaker', 1, 5, 'Location 5', 0.00, 0),
(27, 27, 93, 4, 'Ground Speaker', 1, 5, 'Location 5', 0.00, 0);

-- --------------------------------------------------------

--
-- Table structure for table `fixed_product`
--

CREATE TABLE `fixed_product` (
  `fixed_product_id` int(255) NOT NULL,
  `Fixed_product_name` varchar(255) NOT NULL,
  `Fixed_product_photo` varchar(255) NOT NULL,
  `fixed_product_size` varchar(255) NOT NULL,
  `Fixed_product_stock_amt` int(255) NOT NULL,
  `Fixed_product_active_stock` int(255) NOT NULL,
  `Fixed_product_damaged_stock` int(255) NOT NULL,
  `Fixed_product_outforrepairs` int(255) NOT NULL,
  `Fixed_product_stock_minimum_quantity` int(255) NOT NULL,
  `Fixed_product_cost` float(7,2) NOT NULL,
  `factoryid` int(255) NOT NULL
) ENGINE=InnoDB DEFAULT CHARSET=latin1;

--
-- Dumping data for table `fixed_product`
--

INSERT INTO `fixed_product` (`fixed_product_id`, `Fixed_product_name`, `Fixed_product_photo`, `fixed_product_size`, `Fixed_product_stock_amt`, `Fixed_product_active_stock`, `Fixed_product_damaged_stock`, `Fixed_product_outforrepairs`, `Fixed_product_stock_minimum_quantity`, `Fixed_product_cost`, `factoryid`) VALUES
(1, 'AE Channel letter sign 10ft (red open face)', '', '16ft', 2, 0, 0, 0, 0, 0.00, 0),
(2, 'AE Curve channel Letter 8ft ( red)', '', '8ft', 2, 0, 0, 0, 0, 0.00, 0),
(3, 'AE  vx Lit sign Double sided 6x3ft', '', '4x2', 8, 0, 0, 0, 0, 0.00, 0),
(4, 'AE Lit column 6ft', '', '6ft', 8, 0, 0, 0, 0, 0.00, 0),
(5, 'AE z folding counter ( 3 Heavy Base+ 6 Flat Face)', '', '8x4ft', 8, 0, 3, 0, 0, 0.00, 0),
(6, 'AE Wooddrfift signs 4x2ft', '', '4x2ft ', 11, 0, 0, 0, 0, 0.00, 0),
(7, 'AE Wooddrfift signs ( 1-- 6x4ft + 4 --6x3ft)', '', '6x3ft', 5, 0, 0, 0, 0, 0.00, 0),
(8, 'AE   Lit signs 4x4ft', '', '4x2ft ', 4, 0, 0, 0, 0, 0.00, 0),
(9, 'AE  Round Lit sign ', '', '5xft', 1, 0, 0, 0, 0, 0.00, 0),
(11, 'AE Lit sign 2x2ft', '', '6x5ft ', 6, 0, 0, 0, 0, 0.00, 0),
(13, 'AE  Lit bottle 10ft', '', '10ft', 0, 0, 0, 0, 0, 0.00, 0),
(14, 'AE V/X Lit t sign 6x2ft', '', '4x4ft', 1, 0, 0, 0, 0, 0.00, 0),
(15, 'AE feather banner', '', '', 13, 0, 0, 0, 0, 0.00, 0),
(16, 'WOP 16ft Channel Letter Sign  ( 2 Closed face 16ft + 1  Open Face)', '', '16ft', 3, 0, 0, 0, 0, 0.00, 0),
(17, 'WOP Lit Columns  8ft (4 Acrylic and 16 vinly)', '', '8x2ft', 20, 0, 0, 0, 0, 0.00, 0),
(19, 'WOP  Z  folding Counters ', '', '8X4ft', 13, 0, 3, 0, 0, 0.00, 0),
(20, 'WOP Regular Counter', '', '', 7, 0, 3, 0, 0, 0.00, 0),
(21, 'WOP Lit sign  vinly print 4x4ft', '', '5x4ft', 2, 0, 0, 0, 0, 0.00, 0),
(22, 'WOP Lit sign  plexi/metal 6x3ft', '', '4x2ft ', 1, 0, 0, 0, 0, 0.00, 0),
(23, 'WOP List sign vinly print 8x2ft', '', '8x2ft', 10, 0, 0, 0, 0, 0.00, 0),
(24, 'WOP Die cut bottle 12ft', '', '12ft', 2, 0, 0, 0, 0, 0.00, 0),
(25, 'WOP Lit sign 2x2ft', '', '2x2ft', 1, 0, 0, 0, 0, 0.00, 0),
(26, 'WOP Lit bottle 8ft', '', '6ft', 2, 0, 0, 0, 0, 0.00, 0),
(27, 'WOP Display stands ', '', '', 2, 0, 0, 0, 0, 0.00, 0),
(28, 'WOP Back of Bar 8ft', '', '', 2, 0, 0, 0, 0, 0.00, 0),
(29, 'Wray and Nephew feather banner ', '', '', 12, 0, 0, 0, 0, 0.00, 0),
(30, 'WOP inflatable  12ft', '', '', 3, 0, 0, 0, 0, 0.00, 0),
(31, 'Campari Channel letter 6ft ', '', '6ft', 2, 0, 0, 0, 0, 0.00, 0),
(32, 'Campari Channel letter  8ft ( 2 White and 6 Red)', '', '8ft', 8, 0, 0, 0, 0, 0.00, 0),
(33, 'Campari Channel letter 7ft', '', '8ft', 2, 0, 0, 0, 0, 0.00, 0),
(34, ' Campari Lit Columns(  12 Vinly print/ 4 acrylic )', '', '', 8, 0, 0, 0, 0, 0.00, 0),
(35, 'Campari Lit sign 2x2ft', '', '4x4ft', 1, 0, 0, 0, 0, 0.00, 0),
(36, 'Campari Lit die cut bottles 6ft', '', '6ft', 3, 0, 0, 0, 0, 0.00, 0),
(37, 'Campari Lit sign Standee 6x2ft', '', '2x2ft', 1, 0, 0, 0, 0, 0.00, 0),
(38, 'Campari   Hanging Lit sign 4x4ft ( 5 new+1 old)', '', '4x4ft', 6, 0, 0, 0, 0, 0.00, 0),
(39, 'Campari Infaltbale Ballon ', '', '', 1, 0, 0, 0, 0, 0.00, 0),
(40, 'Campari Photo booth', '', '', 1, 0, 0, 0, 0, 0.00, 0),
(41, 'Campari  red boat', '', '', 1, 0, 0, 0, 0, 0.00, 0),
(42, 'Campari feather banner ( 8 NEW+ 4 Old)', '', '', 8, 0, 0, 0, 0, 0.00, 0),
(43, 'Campari Regular counter ', '', '', 4, 0, 0, 0, 0, 0.00, 0),
(44, 'Campari Z counters-  (2 Plexi /2 regular ', '', '', 3, 0, 1, 0, 0, 0.00, 0),
(45, 'Hennessy Lit sign  6x4ft', '', '8x2ft', 2, 0, 0, 0, 0, 0.00, 0),
(46, 'Hennessy Lit sign 6x3ft', '', '6x4ft', 1, 0, 0, 0, 0, 0.00, 0),
(47, 'Hennessy Z- counter ', '', '8x4ft', 1, 0, 0, 0, 0, 0.00, 0),
(48, 'Hennessy Lit column', '', '4x1ft ', 0, 0, 6, 0, 0, 0.00, 0),
(49, 'JB counters', '', '8x4ft', 9, 0, 0, 0, 0, 0.00, 0),
(50, 'JB curve counter ', '', '8x4ft', 1, 0, 0, 0, 0, 0.00, 0),
(51, 'JB Perimeter Boards', '', '4x2ft ', 80, 0, 0, 0, 0, 0.00, 0),
(52, 'JB Lit Column (Red)', '', '6ft', 2, 0, 0, 0, 0, 0.00, 0),
(53, 'JB Lit Column ', '', '10ft', 2, 0, 0, 0, 0, 0.00, 0),
(54, 'JB Lit Column ', '', '8ft', 2, 0, 0, 0, 0, 0.00, 0),
(55, 'JB Crest', '', '4x4ft', 3, 0, 0, 0, 0, 0.00, 0),
(56, 'JB  Lit sign', '', '2x2ft', 1, 0, 0, 0, 0, 0.00, 0),
(57, 'JB  Lit sign ', '', '4x2ft ', 2, 0, 0, 0, 0, 0.00, 0),
(58, 'JB  Lit sign ', '', '4x4ft', 2, 0, 0, 0, 0, 0.00, 0),
(59, 'JB  Lit sign ', '', '5x3ft', 5, 0, 0, 0, 0, 0.00, 0),
(60, 'JB Inflatable Balloon ', '', '', 1, 0, 0, 0, 0, 0.00, 0),
(61, 'JB feather banner ', '', '', 2, 0, 0, 0, 0, 0.00, 0),
(62, 'Magnum Die Cut bottle ', '', '4ft', 0, 0, 0, 0, 0, 0.00, 0),
(63, 'Magnum  standing Lit sign 4x2', '', '4x2ft ', 0, 0, 0, 0, 0, 0.00, 0),
(64, 'Magnum feather banner (  2 NEW+  2 Old )', '', '', 2, 0, 0, 0, 0, 0.00, 0),
(65, 'Magnum  Counters 8ft', '', '4ft', 0, 0, 0, 0, 0, 0.00, 0),
(66, 'Magnum  Counters 4ft', '', '8x4ft', 0, 0, 0, 0, 0, 0.00, 0),
(67, 'Magnum z -fold conuters', '', '8ft', 2, 0, 0, 0, 0, 0.00, 0),
(68, 'Magnum Channel letter-8ft closed face', '', '8ft', 1, 0, 0, 0, 0, 0.00, 0),
(69, 'Magnum Channel letter- 12ftopen face', '', '12ft ', 0, 0, 0, 0, 0, 0.00, 0),
(70, 'Magnum Back of Bar ', '', '', 2, 0, 0, 0, 0, 0.00, 0),
(71, ' Magnum Lit Columns 8ft ( 4 Regular print+2 Special print)', '', '6ft', 4, 0, 0, 0, 0, 0.00, 0),
(72, ' Magnum Lit Columns 6ft', '', '8ft', 1, 0, 0, 0, 0, 0.00, 0),
(73, 'Colbeck feather banner', '', '', 4, 0, 0, 0, 0, 0.00, 0),
(74, 'Colbeck  Lit sign 6x3', '', '5x2ft', 2, 0, 0, 0, 0, 0.00, 0),
(75, 'Colbeck Lit sign 5x4ft', '', '6x2ft', 2, 0, 0, 0, 0, 0.00, 0),
(76, 'Colbeck circular Lit sign ', '', '', 4, 0, 0, 0, 0, 0.00, 0),
(77, 'Colbeck (3 Acrylic  Lit column ', '', '8x2ft', 3, 0, 0, 0, 0, 0.00, 0),
(78, 'Moet Lit sign ', '', '4x4ft', 4, 0, 0, 0, 0, 0.00, 0),
(79, 'Moet Lit sign ', '', '5ft', 1, 0, 0, 0, 0, 0.00, 0),
(80, 'Sangsters Lit sign ', '', '', 1, 0, 0, 0, 0, 0.00, 0),
(81, 'Rum cream die cut bootle', '', '', 6, 0, 0, 0, 0, 0.00, 0),
(82, 'Sky Vodka Lit Columns 6ft', '', '6ft', 2, 0, 0, 0, 0, 0.00, 0),
(83, ' Sky vodka Channel Letter Signs 6ft', '', '4ft', 4, 0, 0, 0, 0, 0.00, 0),
(84, 'Branded Umbrellas (6 box)', '', '', 6, 0, 0, 0, 0, 0.00, 0),
(85, 'Black Mannequin', '', '', 1, 0, 0, 0, 0, 0.00, 0),
(86, 'Blackwell Rum Cups ', '', '', 86200, 0, 0, 0, 0, 0.00, 0),
(87, 'Blackwell Towers ', '', '', 2, 0, 0, 0, 0, 0.00, 0),
(88, 'Board crates containing displays ', '', '', 5, 0, 0, 0, 0, 0.00, 0),
(89, 'Campari Display units ', '', '', 1, 0, 0, 0, 0, 0.00, 0),
(90, 'Platform Stage Boards', '', '', 32, 0, 0, 0, 0, 0.00, 0),
(91, 'Rum Cream Tasting table ', '', '', 11, 0, 0, 0, 0, 0.00, 0),
(92, 'Sangsters  Lit column  6ft', '', '', 2, 0, 0, 0, 0, 0.00, 0),
(93, 'Sangters Rum cream barrell', '', '', 4, 0, 0, 0, 0, 0.00, 0),
(94, 'WOP Checkers Board  8x8', '', '', 1, 0, 0, 0, 0, 0.00, 0),
(95, 'AE  V/X Display unit', '', '', 4, 0, 0, 0, 0, 0.00, 0),
(96, 'Platform Stage Boards (small) ', '', '', 6, 0, 0, 0, 0, 0.00, 0),
(97, 'Sky vodka lit column ', '', '8ft', 1, 0, 0, 0, 0, 0.00, 0),
(98, 'Sky vodka lit column ', '', '6ft', 2, 0, 0, 0, 0, 0.00, 0),
(99, 'Appleton special lit column', '', '', 4, 0, 0, 0, 0, 0.00, 0),
(100, 'Stones Lit sign ', '', '6x2ft', 3, 0, 0, 0, 0, 0.00, 0),
(101, 'AE Lit sign ', '', '5x2ft', 2, 0, 0, 0, 0, 0.00, 0),
(102, 'Appleton channel letter -Red open Face', '', '16ft', 1, 0, 0, 0, 0, 0.00, 0),
(103, 'Appleton channel letter -Red open Face', '', '12ft', 1, 0, 0, 0, 0, 0.00, 0),
(104, 'Appleton channel letter -White open Face', '', '', 1, 0, 0, 0, 0, 0.00, 0),
(105, 'Hennessy wooden barrell', '', '', 1, 0, 0, 0, 0, 0.00, 0),
(106, 'WOP DJ Face 4ft', '', '', 1, 0, 0, 0, 0, 0.00, 0),
(107, 'WOP Channel Letter 10ft ', '', '', 5, 0, 0, 0, 0, 0.00, 0),
(108, 'WOP Lit sign Plexi metal 4x2ft', '', '', 1, 0, 0, 0, 0, 0.00, 0),
(109, 'WOP Vinly Lit sign  5x3ft  ', '', '', 3, 0, 0, 0, 0, 0.00, 0),
(110, 'Camapri Lit Bottles 6ft', '', '', 3, 0, 0, 0, 0, 0.00, 0),
(111, 'Colbeck  Lit bottles 6ft', '', '', 2, 0, 0, 0, 0, 0.00, 0),
(112, 'Hennessy Lit sign 8x2ft', '', '', 2, 0, 0, 0, 0, 0.00, 0),
(113, 'Hennessy Channel Letter 8ft Closed face', '', '', 0, 0, 0, 0, 0, 0.00, 0),
(114, 'Hennessy Channel Letter 6ft closed face', '', '', 2, 0, 0, 0, 0, 0.00, 0),
(115, 'Hennessy Channel Letter 6ft Open face', '', '', 1, 0, 0, 0, 0, 0.00, 0),
(116, 'Hennessy Channel Letter  10ft Open face', '', '', 1, 0, 0, 0, 0, 0.00, 0),
(117, 'Hennessy Lit Column 4ft', '', '', 1, 0, 0, 0, 0, 0.00, 0),
(118, 'Hennessy Die Cut Bottle 3ft', '', '', 2, 0, 0, 0, 0, 0.00, 0),
(119, 'Colbeck  Lit bottles 3ft', '', '', 1, 0, 0, 0, 0, 0.00, 0),
(120, 'Colbeck channel Letter 8ft ', '', '', 1, 0, 0, 0, 0, 0.00, 0),
(121, 'Colbeck Channel Letter 6ft', '', '', 1, 0, 0, 0, 0, 0.00, 0),
(122, 'Magnum Hanging Lit Sign 6x3ft', '', '', 2, 0, 0, 0, 0, 0.00, 0),
(123, 'Magnum Standig Lit Sign 4x4ft', '', '', 2, 0, 0, 0, 0, 0.00, 0),
(124, 'MOET Channel Letter 6ft', '', '', 2, 0, 0, 0, 0, 0.00, 0),
(125, 'MOET Lit Sign  4x3ft', '', '', 5, 0, 0, 0, 0, 0.00, 0),
(126, 'MOET Lit sign 6x3ft', '', '', 1, 0, 0, 0, 0, 0.00, 0),
(127, 'Sky Vodka 8ft', '', '', 2, 0, 0, 0, 0, 0.00, 0),
(128, 'Sky Vodka Channel Letter 10ft', '', '', 1, 0, 0, 0, 0, 0.00, 0),
(129, 'HENNESSY CHANNEL LETTER (OPEN FACE)', '', '', 1, 0, 0, 0, 0, 0.00, 0),
(130, 'HENNESSY CHANNEL LETTER (CLOSED FACE)', '', '', 3, 0, 0, 0, 0, 0.00, 0),
(131, 'CHARLEY\'S JB LIT  COLUMN CUPS UP', '', '', 4, 0, 1, 0, 0, 0.00, 0),
(132, 'CHARLEY\'S JB  LIT SIGN CIRCLE', '', '', 1, 0, 0, 0, 0, 0.00, 0);

-- --------------------------------------------------------

--
-- Table structure for table `fixed_product_order`
--

CREATE TABLE `fixed_product_order` (
  `fixed_product_order_id` int(255) NOT NULL,
  `fixed_product_order_status_id` int(255) NOT NULL,
  `fixed_product_order_startdate` date NOT NULL,
  `fixed_product_order_scheduledenddate` date NOT NULL,
  `fixed_product_order_enddate` date NOT NULL,
  `notes` longtext NOT NULL,
  `driverid` int(255) NOT NULL,
  `customerid` int(255) NOT NULL
) ENGINE=InnoDB DEFAULT CHARSET=latin1;

--
-- Dumping data for table `fixed_product_order`
--

INSERT INTO `fixed_product_order` (`fixed_product_order_id`, `fixed_product_order_status_id`, `fixed_product_order_startdate`, `fixed_product_order_scheduledenddate`, `fixed_product_order_enddate`, `notes`, `driverid`, `customerid`) VALUES
(1, 2, '2018-09-17', '2018-09-21', '0000-00-00', '', 0, 25),
(2, 2, '2018-09-17', '2018-09-21', '0000-00-00', '', 0, 25),
(3, 3, '2018-09-14', '2018-09-17', '0000-00-00', 'RETURNED', 0, 27),
(4, 2, '2018-09-14', '2018-09-21', '0000-00-00', '', 0, 28),
(5, 3, '2018-09-14', '2018-09-18', '0000-00-00', 'UWI CAMPUS\nRETURNED', 0, 29),
(6, 2, '2018-09-14', '2018-09-18', '0000-00-00', 'SUPREME OUTDOOR REPAIR', 0, 29),
(7, 1, '2018-09-26', '2018-09-27', '0000-00-00', '', 0, 63),
(8, 1, '2018-09-26', '2018-10-29', '0000-00-00', '', 0, 64),
(9, 1, '2018-10-28', '2018-09-27', '0000-00-00', '', 0, 63),
(10, 1, '2018-09-29', '2018-10-01', '0000-00-00', '', 0, 63),
(11, 1, '2018-10-28', '2018-09-29', '0000-00-00', '', 0, 68),
(12, 1, '2018-09-28', '2018-10-30', '0000-00-00', '', 0, 71),
(13, 2, '2018-10-02', '2018-10-03', '0000-00-00', '', 0, 64),
(14, 2, '2018-10-02', '2018-10-03', '0000-00-00', '', 0, 11),
(15, 1, '2018-11-22', '2018-11-30', '0000-00-00', 'Urgent', 0, 30),
(16, 1, '2018-11-16', '2018-11-21', '0000-00-00', 'new notes', 0, 44),
(17, 1, '2018-11-13', '2018-11-22', '0000-00-00', '', 0, 15);

-- --------------------------------------------------------

--
-- Table structure for table `fixed_product_order_detail`
--

CREATE TABLE `fixed_product_order_detail` (
  `fixed_product_order_id` int(255) NOT NULL,
  `order_id` int(255) NOT NULL,
  `product_id` int(255) NOT NULL,
  `quantity` int(255) NOT NULL,
  `damaged` int(255) NOT NULL,
  `product_name` varchar(255) NOT NULL
) ENGINE=InnoDB DEFAULT CHARSET=latin1;

--
-- Dumping data for table `fixed_product_order_detail`
--

INSERT INTO `fixed_product_order_detail` (`fixed_product_order_id`, `order_id`, `product_id`, `quantity`, `damaged`, `product_name`) VALUES
(1, 1, 34, 2, 0, ''),
(2, 2, 34, 2, 0, ''),
(3, 2, 32, 2, 0, ''),
(4, 2, 44, 1, 0, ''),
(14, 3, 48, 4, 0, ''),
(15, 3, 129, 1, 0, ''),
(16, 3, 130, 2, 0, ''),
(17, 4, 131, 2, 0, ''),
(19, 5, 5, 4, 0, ''),
(20, 6, 17, 4, 0, ''),
(21, 7, 26, 2, 0, ''),
(22, 7, 17, 6, 0, ''),
(23, 7, 16, 1, 0, ''),
(24, 7, 19, 2, 0, ''),
(25, 8, 62, 2, 0, ''),
(26, 8, 72, 2, 0, ''),
(27, 8, 69, 2, 0, ''),
(28, 8, 65, 6, 0, ''),
(29, 8, 66, 6, 0, ''),
(30, 8, 71, 2, 0, ''),
(31, 8, 63, 1, 0, ''),
(32, 9, 48, 4, 0, ''),
(33, 10, 48, 2, 0, ''),
(34, 11, 31, 2, 0, ''),
(35, 11, 34, 4, 0, ''),
(36, 11, 42, 2, 0, ''),
(37, 12, 7, 1, 0, ''),
(38, 12, 15, 2, 0, ''),
(39, 13, 5, 1, 0, ''),
(40, 13, 7, 2, 0, ''),
(41, 13, 4, 2, 0, ''),
(42, 14, 62, 1, 0, ''),
(43, 14, 63, 1, 0, ''),
(46, 15, 6, 3, 0, ''),
(47, 15, 13, 2, 0, ''),
(48, 15, 14, 1, 0, ''),
(49, 16, 5, 1, 0, ''),
(50, 17, 113, 1, 0, '');

-- --------------------------------------------------------

--
-- Table structure for table `fixed_product_order_log`
--

CREATE TABLE `fixed_product_order_log` (
  `fixed_product_order_log_id` int(255) NOT NULL,
  `orderid` int(255) NOT NULL,
  `orderlogtype` int(255) NOT NULL,
  `customerid` int(255) NOT NULL,
  `orderloguserid` int(255) NOT NULL,
  `orderdate` date NOT NULL,
  `orderreturndate` date NOT NULL,
  `notes` varchar(255) NOT NULL,
  `timestamp` timestamp(6) NOT NULL DEFAULT CURRENT_TIMESTAMP(6) ON UPDATE CURRENT_TIMESTAMP(6)
) ENGINE=InnoDB DEFAULT CHARSET=latin1;

--
-- Dumping data for table `fixed_product_order_log`
--

INSERT INTO `fixed_product_order_log` (`fixed_product_order_log_id`, `orderid`, `orderlogtype`, `customerid`, `orderloguserid`, `orderdate`, `orderreturndate`, `notes`, `timestamp`) VALUES
(1, 1, 1, 25, 18, '2018-09-17', '2018-09-21', '', '2018-09-19 13:27:40.800162'),
(2, 2, 1, 25, 18, '2018-09-17', '2018-09-21', '', '2018-09-19 13:32:29.028094'),
(3, 3, 1, 27, 18, '2018-09-14', '2018-09-17', '', '2018-09-21 14:39:14.127253'),
(4, 3, 2, 27, 18, '2018-09-14', '2018-09-17', '', '2018-09-24 13:50:13.122019'),
(5, 3, 2, 27, 18, '2018-09-14', '2018-09-17', '', '2018-09-24 13:51:54.913067'),
(6, 3, 2, 27, 18, '2018-09-14', '2018-09-17', '', '2018-09-24 13:54:44.814104'),
(7, 3, 2, 27, 18, '2018-09-14', '2018-09-17', 'RETURNED', '2018-09-24 13:55:26.818190'),
(8, 4, 1, 28, 18, '2018-09-14', '2018-09-21', '', '2018-09-24 14:03:12.405988'),
(9, 5, 1, 29, 18, '2018-09-14', '2018-09-18', 'UWI CAMPUS', '2018-09-24 15:47:13.282711'),
(10, 5, 2, 29, 18, '2018-09-14', '2018-09-18', 'UWI CAMPUS\nRETURNED', '2018-09-24 15:47:45.626875'),
(11, 6, 1, 29, 18, '2018-09-14', '2018-09-18', 'SUPREME OUTDOOR REPAIR', '2018-09-24 15:54:56.237843'),
(12, 7, 1, 63, 18, '2018-09-26', '2018-09-27', '', '2018-10-01 18:50:31.226588'),
(13, 8, 1, 64, 18, '2018-09-26', '2018-10-29', '', '2018-10-01 18:54:09.709291'),
(14, 9, 1, 63, 18, '2018-10-28', '2018-09-27', '', '2018-10-01 18:55:41.992291'),
(15, 10, 1, 63, 18, '2018-09-29', '2018-10-01', '', '2018-10-01 18:58:08.125766'),
(16, 11, 1, 68, 18, '2018-10-28', '2018-09-29', '', '2018-10-01 19:05:54.221360'),
(17, 12, 1, 71, 18, '2018-09-28', '2018-10-30', '', '2018-10-01 19:13:48.886699'),
(18, 13, 1, 64, 18, '2018-10-02', '2018-10-03', '', '2018-10-02 21:32:08.439543'),
(19, 14, 1, 11, 18, '2018-10-02', '2018-10-03', '', '2018-10-02 21:34:19.059161'),
(20, 15, 1, 30, 21, '2018-11-22', '2018-11-30', 'Urgent', '2018-11-08 13:32:47.516923'),
(21, 15, 2, 30, 21, '2018-11-22', '2018-11-30', 'Urgent', '2018-11-08 13:34:00.225770'),
(22, 16, 1, 44, 21, '2018-11-16', '2018-11-21', 'new notes', '2018-11-08 13:35:12.921531'),
(23, 17, 1, 15, 21, '2018-11-13', '2018-11-22', '', '2018-11-08 13:38:48.011159');

-- --------------------------------------------------------

--
-- Table structure for table `groups`
--

CREATE TABLE `groups` (
  `id` int(11) NOT NULL,
  `name` varchar(20) NOT NULL,
  `description` varchar(150) NOT NULL
) ENGINE=InnoDB DEFAULT CHARSET=utf8;

--
-- Dumping data for table `groups`
--

INSERT INTO `groups` (`id`, `name`, `description`) VALUES
(1, 'admin', 'Administrator'),
(2, 'members', 'General User'),
(4, 'production', 'production group of users'),
(5, 'Delivery', 'Group in charge of delivery'),
(6, 'Confirmation Group', 'Group to confirm order'),
(7, 'predelivery', 'Group to check off for delivery'),
(8, 'Mainadmin', 'The main administrator'),
(9, 'Drivers', 'Group that covers all drivers'),
(10, 'Salesrep', 'Group that covers all sales reps'),
(11, 'basicuser', 'The ability to add an order and remove it');

-- --------------------------------------------------------

--
-- Table structure for table `groups_menu`
--

CREATE TABLE `groups_menu` (
  `id_groups` int(11) NOT NULL,
  `id_menu` int(11) NOT NULL
) ENGINE=InnoDB DEFAULT CHARSET=utf8;

--
-- Dumping data for table `groups_menu`
--

INSERT INTO `groups_menu` (`id_groups`, `id_menu`) VALUES
(1, 1),
(1, 4),
(2, 4),
(1, 21),
(2, 21),
(1, 5),
(2, 5),
(1, 6),
(2, 6),
(1, 7),
(2, 7),
(1, 8),
(2, 8),
(1, 3),
(2, 3),
(3, 42),
(1, 45),
(1, 46),
(1, 48),
(4, 49),
(1, 44),
(4, 46),
(1, 47),
(1, 51),
(4, 51),
(1, 52),
(1, 53),
(5, 53),
(1, 54),
(5, 54),
(1, 50),
(1, 40),
(7, 47),
(7, 52),
(8, 55),
(8, 57),
(8, 61),
(8, 64),
(8, 65),
(1, 66),
(10, 67),
(10, 68),
(10, 69),
(1, 70),
(1, 71),
(8, 70),
(1, 72),
(8, 73),
(8, 74),
(1, 60),
(1, 75),
(1, 56),
(1, 59),
(1, 58),
(8, 58),
(11, 76),
(11, 77),
(11, 78),
(11, 79);

-- --------------------------------------------------------

--
-- Table structure for table `login`
--

CREATE TABLE `login` (
  `id` int(30) NOT NULL,
  `loginId` varchar(255) NOT NULL,
  `loginType` int(20) NOT NULL,
  `name` varchar(255) NOT NULL,
  `firstName` varchar(255) NOT NULL,
  `lastName` varchar(255) NOT NULL,
  `email` varchar(255) NOT NULL,
  `gender` varchar(255) NOT NULL,
  `profilePic` varchar(255) NOT NULL,
  `location` varchar(255) NOT NULL,
  `created_on` datetime NOT NULL
) ENGINE=InnoDB DEFAULT CHARSET=utf8;

-- --------------------------------------------------------

--
-- Table structure for table `login_attempts`
--

CREATE TABLE `login_attempts` (
  `id` int(11) NOT NULL,
  `ip_address` varchar(15) NOT NULL,
  `login` varchar(100) NOT NULL,
  `time` int(11) DEFAULT NULL
) ENGINE=InnoDB DEFAULT CHARSET=utf8;

-- --------------------------------------------------------

--
-- Table structure for table `logs`
--

CREATE TABLE `logs` (
  `id` int(11) NOT NULL,
  `action` varchar(125) NOT NULL,
  `logs` text NOT NULL,
  `createdAt` timestamp NOT NULL DEFAULT CURRENT_TIMESTAMP ON UPDATE CURRENT_TIMESTAMP
) ENGINE=InnoDB DEFAULT CHARSET=utf8;

--
-- Dumping data for table `logs`
--

INSERT INTO `logs` (`id`, `action`, `logs`, `createdAt`) VALUES
(1, 'login', '{\"status\":true,\"identity\":\"admin@admin.com\",\"ip\":\"::1\"}', '2018-01-28 13:34:29'),
(2, 'login', '{\"status\":true,\"identity\":\"admin@admin.com\",\"ip\":\"::1\"}', '2018-01-28 16:25:56'),
(3, 'register', '{\"status\":true,\"via\":\"admin\",\"identity\":\"paul.chisolm@gmail.com\",\"ip\":\"::1\"}', '2018-01-28 16:51:44'),
(4, 'login', '{\"status\":true,\"identity\":\"paul.chisolm@gmail.com\",\"ip\":\"::1\"}', '2018-01-28 16:53:17'),
(5, 'insert_group', '{\"status\":true,\"id\":3,\"name\":\"testgroup\",\"ip\":\"::1\"}', '2018-01-28 17:43:01'),
(6, 'login', '{\"status\":false,\"message\":\"Incorrect Login\",\"identity\":\"admin@admin.com\",\"ip\":\"::1\"}', '2018-01-30 01:05:57'),
(7, 'login', '{\"status\":false,\"message\":\"Incorrect Login\",\"identity\":\"admin@admin.com\",\"ip\":\"::1\"}', '2018-01-30 01:06:30'),
(8, 'login', '{\"status\":true,\"identity\":\"admin@admin.com\",\"ip\":\"::1\"}', '2018-01-30 01:06:47'),
(9, 'update_user', '{\"status\":true,\"via\":\"admin\",\"identity\":\"paul.chisolm@gmail.com\",\"ip\":\"::1\"}', '2018-01-30 01:07:50'),
(10, 'update_user', '{\"status\":true,\"via\":\"admin\",\"identity\":\"paul.chisolm@gmail.com\",\"ip\":\"::1\"}', '2018-01-30 01:08:17'),
(11, 'logout', '{\"status\":true,\"id\":\"1\",\"identity\":\"admin@admin.com\",\"ip\":\"::1\"}', '2018-01-30 01:22:35'),
(12, 'login', '{\"status\":true,\"identity\":\"admin@admin.com\",\"ip\":\"::1\"}', '2018-01-30 01:23:01'),
(13, 'login', '{\"status\":true,\"identity\":\"admin@admin.com\",\"ip\":\"::1\"}', '2018-01-30 04:25:35'),
(14, 'login', '{\"status\":true,\"identity\":\"admin@admin.com\",\"ip\":\"::1\"}', '2018-01-30 23:42:05'),
(15, 'login', '{\"status\":false,\"message\":\"Incorrect Login\",\"identity\":\"paul.chisolm@gmail.com\",\"ip\":\"::1\"}', '2018-01-31 01:27:34'),
(16, 'login', '{\"status\":false,\"message\":\"Incorrect Login\",\"identity\":\"paul.chisolm@gmail.com\",\"ip\":\"::1\"}', '2018-01-31 01:28:01'),
(17, 'login', '{\"status\":false,\"message\":\"Incorrect Login\",\"identity\":\"paul.chisolm@gmail.com\",\"ip\":\"::1\"}', '2018-01-31 01:28:10'),
(18, 'update_user', '{\"status\":true,\"via\":\"admin\",\"identity\":\"paul.chisolm@gmail.com\",\"ip\":\"::1\"}', '2018-01-31 01:28:33'),
(19, 'login', '{\"status\":false,\"message\":\"Incorrect Login\",\"identity\":\"paul.chisolm@gmail.com\",\"ip\":\"::1\"}', '2018-01-31 01:28:50'),
(20, 'login', '{\"status\":false,\"message\":\"Incorrect Login\",\"identity\":\"paul.chisolm@gmail.com\",\"ip\":\"::1\"}', '2018-01-31 01:29:09'),
(21, 'register', '{\"status\":true,\"via\":\"admin\",\"identity\":\"pablo@pablo.com\",\"ip\":\"::1\"}', '2018-01-31 01:29:49'),
(22, 'login', '{\"status\":true,\"identity\":\"pablo@pablo.com\",\"ip\":\"::1\"}', '2018-01-31 01:30:14'),
(23, 'login', '{\"status\":true,\"identity\":\"admin@admin.com\",\"ip\":\"::1\"}', '2018-02-01 12:41:17'),
(24, 'login', '{\"status\":true,\"identity\":\"admin@admin.com\",\"ip\":\"::1\"}', '2018-02-01 19:35:26'),
(25, 'login', '{\"status\":false,\"message\":\"Incorrect Login\",\"identity\":\"sdmin@sdmin.com\",\"ip\":\"::1\"}', '2018-02-01 21:57:35'),
(26, 'login', '{\"status\":true,\"identity\":\"admin@admin.com\",\"ip\":\"::1\"}', '2018-02-01 21:57:53'),
(27, 'login', '{\"status\":true,\"identity\":\"admin@admin.com\",\"ip\":\"::1\"}', '2018-02-02 04:19:29'),
(28, 'login', '{\"status\":false,\"message\":\"Incorrect Login\",\"identity\":\"admin@admin.com\",\"ip\":\"::1\"}', '2018-02-02 04:51:43'),
(29, 'login', '{\"status\":true,\"identity\":\"admin@admin.com\",\"ip\":\"::1\"}', '2018-02-02 04:51:53'),
(30, 'login', '{\"status\":true,\"identity\":\"admin@admin.com\",\"ip\":\"::1\"}', '2018-02-02 12:32:28'),
(31, 'login', '{\"status\":true,\"identity\":\"admin@admin.com\",\"ip\":\"::1\"}', '2018-02-02 12:45:20'),
(32, 'login', '{\"status\":true,\"identity\":\"admin@admin.com\",\"ip\":\"::1\"}', '2018-02-02 13:54:49'),
(33, 'login', '{\"status\":true,\"identity\":\"admin@admin.com\",\"ip\":\"::1\"}', '2018-02-02 17:43:16'),
(34, 'login', '{\"status\":true,\"identity\":\"admin@admin.com\",\"ip\":\"::1\"}', '2018-02-02 18:39:17'),
(35, 'login', '{\"status\":true,\"identity\":\"admin@admin.com\",\"ip\":\"::1\"}', '2018-02-02 18:42:27'),
(36, 'login', '{\"status\":true,\"identity\":\"admin@admin.com\",\"ip\":\"::1\"}', '2018-02-02 18:52:28'),
(37, 'login', '{\"status\":true,\"identity\":\"admin@admin.com\",\"ip\":\"::1\"}', '2018-02-02 21:54:20'),
(38, 'login', '{\"status\":true,\"identity\":\"admin@admin.com\",\"ip\":\"::1\"}', '2018-02-02 21:55:18'),
(39, 'login', '{\"status\":true,\"identity\":\"admin@admin.com\",\"ip\":\"::1\"}', '2018-02-03 00:59:20'),
(40, 'login', '{\"status\":true,\"identity\":\"admin@admin.com\",\"ip\":\"::1\"}', '2018-02-03 01:02:46'),
(41, 'login', '{\"status\":true,\"identity\":\"admin@admin.com\",\"ip\":\"::1\"}', '2018-02-03 01:14:31'),
(42, 'login', '{\"status\":true,\"identity\":\"admin@admin.com\",\"ip\":\"::1\"}', '2018-02-03 01:43:51'),
(43, 'login', '{\"status\":true,\"identity\":\"admin@admin.com\",\"ip\":\"127.0.0.1\"}', '2018-02-03 13:05:41'),
(44, 'login', '{\"status\":true,\"identity\":\"admin@admin.com\",\"ip\":\"::1\"}', '2018-02-03 13:30:10'),
(45, 'login', '{\"status\":true,\"identity\":\"admin@admin.com\",\"ip\":\"::1\"}', '2018-02-03 20:32:58'),
(46, 'login', '{\"status\":true,\"identity\":\"admin@admin.com\",\"ip\":\"::1\"}', '2018-02-05 17:04:22'),
(47, 'login', '{\"status\":true,\"identity\":\"admin@admin.com\",\"ip\":\"::1\"}', '2018-02-05 20:29:43'),
(48, 'login', '{\"status\":true,\"identity\":\"admin@admin.com\",\"ip\":\"192.168.100.68\"}', '2018-02-06 14:28:10'),
(49, 'logout', '{\"status\":true,\"id\":\"1\",\"identity\":\"admin@admin.com\",\"ip\":\"192.168.100.68\"}', '2018-02-06 17:59:50'),
(50, 'login', '{\"status\":true,\"identity\":\"admin@admin.com\",\"ip\":\"192.168.100.68\"}', '2018-02-06 18:00:04'),
(51, 'logout', '{\"status\":true,\"id\":\"1\",\"identity\":\"admin@admin.com\",\"ip\":\"192.168.100.68\"}', '2018-02-06 18:40:32'),
(52, 'login', '{\"status\":true,\"identity\":\"admin@admin.com\",\"ip\":\"192.168.100.68\"}', '2018-02-06 18:42:05'),
(53, 'login', '{\"status\":true,\"identity\":\"admin@admin.com\",\"ip\":\"192.168.100.68\"}', '2018-02-06 18:43:19'),
(54, 'login', '{\"status\":true,\"identity\":\"admin@admin.com\",\"ip\":\"192.168.100.68\"}', '2018-02-06 22:02:03'),
(55, 'login', '{\"status\":true,\"identity\":\"admin@admin.com\",\"ip\":\"192.168.100.68\"}', '2018-02-07 05:00:35'),
(56, 'login', '{\"status\":true,\"identity\":\"admin@admin.com\",\"ip\":\"192.168.100.68\"}', '2018-02-07 12:26:05'),
(57, 'login', '{\"status\":true,\"identity\":\"admin@admin.com\",\"ip\":\"192.168.100.68\"}', '2018-02-07 21:57:36'),
(58, 'login', '{\"status\":true,\"identity\":\"admin@admin.com\",\"ip\":\"192.168.100.68\"}', '2018-02-08 10:36:43'),
(59, 'login', '{\"status\":true,\"identity\":\"admin@admin.com\",\"ip\":\"192.168.100.68\"}', '2018-02-09 11:38:56'),
(60, 'login', '{\"status\":true,\"identity\":\"admin@admin.com\",\"ip\":\"::1\"}', '2018-02-09 18:19:12'),
(61, 'login', '{\"status\":true,\"identity\":\"admin@admin.com\",\"ip\":\"192.168.100.74\"}', '2018-02-09 18:22:02'),
(62, 'login', '{\"status\":true,\"identity\":\"admin@admin.com\",\"ip\":\"192.168.100.68\"}', '2018-02-12 13:53:50'),
(63, 'login', '{\"status\":true,\"identity\":\"admin@admin.com\",\"ip\":\"192.168.100.68\"}', '2018-02-12 20:52:51'),
(64, 'login', '{\"status\":false,\"message\":\"Incorrect Login\",\"identity\":\"admin@admin.com\",\"ip\":\"::1\"}', '2018-02-13 19:18:51'),
(65, 'login', '{\"status\":true,\"identity\":\"admin@admin.com\",\"ip\":\"::1\"}', '2018-02-13 19:19:01'),
(66, 'login', '{\"status\":true,\"identity\":\"admin@admin.com\",\"ip\":\"192.168.100.68\"}', '2018-02-13 21:16:18'),
(67, 'logout', '{\"status\":true,\"id\":\"1\",\"identity\":\"admin@admin.com\",\"ip\":\"192.168.100.68\"}', '2018-02-13 22:24:59'),
(68, 'login', '{\"status\":true,\"identity\":\"admin@admin.com\",\"ip\":\"192.168.100.68\"}', '2018-02-13 22:38:34'),
(69, 'insert_group', '{\"status\":true,\"id\":4,\"name\":\"production\",\"ip\":\"192.168.100.68\"}', '2018-02-13 22:39:15'),
(70, 'update_user', '{\"status\":true,\"via\":\"admin\",\"identity\":\"paul.chisolm@gmail.com\",\"ip\":\"192.168.100.68\"}', '2018-02-13 22:43:08'),
(71, 'logout', '{\"status\":true,\"id\":\"1\",\"identity\":\"admin@admin.com\",\"ip\":\"192.168.100.68\"}', '2018-02-13 22:43:17'),
(72, 'login', '{\"status\":false,\"message\":\"Incorrect Login\",\"identity\":\"paul.chisolm@gmail.com\",\"ip\":\"192.168.100.68\"}', '2018-02-13 22:43:27'),
(73, 'login', '{\"status\":false,\"message\":\"Incorrect Login\",\"identity\":\"paul.chisolm@gmail.com\",\"ip\":\"192.168.100.68\"}', '2018-02-13 22:43:42'),
(74, 'login', '{\"status\":false,\"message\":\"Incorrect Login\",\"identity\":\"paul.chisolm@gmail.com\",\"ip\":\"192.168.100.68\"}', '2018-02-13 22:43:53'),
(75, 'login', '{\"status\":true,\"identity\":\"admin@admin.com\",\"ip\":\"192.168.100.68\"}', '2018-02-13 22:44:16'),
(76, 'update_user', '{\"status\":true,\"via\":\"admin\",\"identity\":\"p@gmail.com\",\"ip\":\"192.168.100.68\"}', '2018-02-13 22:47:06'),
(77, 'login', '{\"status\":false,\"message\":\"Incorrect Login\",\"identity\":\"p@gmail.com\",\"ip\":\"192.168.100.68\"}', '2018-02-13 22:48:22'),
(78, 'update_user', '{\"status\":false,\"via\":\"admin\",\"message\":\"Unable to Change Password\",\"identity\":\"p@gmail.com\",\"ip\":\"192.168.100.68\"}', '2018-02-13 22:48:53'),
(79, 'update_user', '{\"status\":true,\"via\":\"admin\",\"identity\":\"p@gmail.com\",\"ip\":\"192.168.100.68\"}', '2018-02-13 22:49:05'),
(80, 'login', '{\"status\":false,\"message\":\"Incorrect Login\",\"identity\":\"p@gmail.com\",\"ip\":\"192.168.100.68\"}', '2018-02-13 22:49:36'),
(81, 'register', '{\"status\":true,\"via\":\"admin\",\"identity\":\"prod@prod.com\",\"ip\":\"192.168.100.68\"}', '2018-02-13 22:51:03'),
(82, 'login', '{\"status\":true,\"identity\":\"prod@prod.com\",\"ip\":\"192.168.100.68\"}', '2018-02-13 22:51:28'),
(83, 'update_user', '{\"status\":true,\"via\":\"admin\",\"identity\":\"prod@prod.com\",\"ip\":\"192.168.100.68\"}', '2018-02-13 22:52:11'),
(84, 'logout', '{\"status\":true,\"id\":\"5\",\"identity\":\"prod@prod.com\",\"ip\":\"192.168.100.68\"}', '2018-02-13 22:52:17'),
(85, 'login', '{\"status\":false,\"message\":\"Incorrect Login\",\"identity\":\"piod@prod.com\",\"ip\":\"192.168.100.68\"}', '2018-02-13 22:52:39'),
(86, 'login', '{\"status\":true,\"identity\":\"prod@prod.com\",\"ip\":\"192.168.100.68\"}', '2018-02-13 22:53:00'),
(87, 'login', '{\"status\":true,\"identity\":\"admin@admin.com\",\"ip\":\"192.168.100.68\"}', '2018-02-14 13:18:29'),
(88, 'insert_group', '{\"status\":true,\"id\":5,\"name\":\"Delivery\",\"ip\":\"192.168.100.68\"}', '2018-02-14 13:35:19'),
(89, 'update_group', '{\"status\":true,\"id\":\"5\",\"name\":\"Delivery\",\"ip\":\"192.168.100.68\"}', '2018-02-14 13:36:28'),
(90, 'update_group', '{\"status\":true,\"id\":\"5\",\"name\":\"Delivery\",\"ip\":\"192.168.100.68\"}', '2018-02-14 13:36:38'),
(91, 'update_group', '{\"status\":true,\"id\":\"5\",\"name\":\"Delivery\",\"ip\":\"192.168.100.68\"}', '2018-02-14 13:37:06'),
(92, 'update_group', '{\"status\":true,\"id\":\"5\",\"name\":\"Delivery\",\"ip\":\"192.168.100.68\"}', '2018-02-14 13:37:08'),
(93, 'insert_group', '{\"status\":true,\"id\":6,\"name\":\"Confirmation Group\",\"ip\":\"192.168.100.68\"}', '2018-02-14 13:39:03'),
(94, 'login', '{\"status\":true,\"identity\":\"admin@admin.com\",\"ip\":\"192.168.100.68\"}', '2018-02-15 13:02:56'),
(95, 'login', '{\"status\":true,\"identity\":\"admin@admin.com\",\"ip\":\"192.168.100.68\"}', '2018-02-15 20:22:25'),
(96, 'login', '{\"status\":true,\"identity\":\"admin@admin.com\",\"ip\":\"192.168.100.68\"}', '2018-02-16 12:42:54'),
(97, 'logout', '{\"status\":true,\"id\":\"1\",\"identity\":\"admin@admin.com\",\"ip\":\"192.168.100.68\"}', '2018-02-16 13:54:19'),
(98, 'login', '{\"status\":true,\"identity\":\"admin@admin.com\",\"ip\":\"192.168.100.68\"}', '2018-02-16 14:04:08'),
(99, 'logout', '{\"status\":true,\"id\":\"1\",\"identity\":\"admin@admin.com\",\"ip\":\"192.168.100.68\"}', '2018-02-16 14:08:21'),
(100, 'login', '{\"status\":true,\"identity\":\"admin@admin.com\",\"ip\":\"192.168.100.68\"}', '2018-02-16 21:04:53'),
(101, 'update_user', '{\"status\":true,\"via\":\"admin\",\"identity\":\"admin@admin.com\",\"ip\":\"192.168.100.68\"}', '2018-02-16 21:08:44'),
(102, 'login', '{\"status\":true,\"identity\":\"prod@prod.com\",\"ip\":\"192.168.100.68\"}', '2018-02-16 21:27:42'),
(103, 'insert_group', '{\"status\":true,\"id\":7,\"name\":\"predelivery\",\"ip\":\"192.168.100.68\"}', '2018-02-16 21:49:26'),
(104, 'register', '{\"status\":true,\"via\":\"admin\",\"identity\":\"predelivery@predelivery.com\",\"ip\":\"192.168.100.68\"}', '2018-02-16 21:59:45'),
(105, 'update_user', '{\"status\":true,\"via\":\"admin\",\"identity\":\"predelivery@predelivery.com\",\"ip\":\"192.168.100.68\"}', '2018-02-16 22:00:02'),
(106, 'logout', '{\"status\":true,\"id\":\"5\",\"identity\":\"prod@prod.com\",\"ip\":\"192.168.100.68\"}', '2018-02-16 22:00:55'),
(107, 'login', '{\"status\":true,\"identity\":\"predelivery@predelivery.com\",\"ip\":\"192.168.100.68\"}', '2018-02-16 22:01:50'),
(108, 'update_group', '{\"status\":true,\"id\":\"3\",\"name\":\"mainadmin\",\"ip\":\"192.168.100.68\"}', '2018-02-16 23:32:00'),
(109, 'update_group', '{\"status\":true,\"id\":\"3\",\"name\":\"mainadmin\",\"ip\":\"192.168.100.68\"}', '2018-02-16 23:32:07'),
(110, 'update_group', '{\"status\":true,\"id\":\"3\",\"name\":\"mainadmin\",\"ip\":\"192.168.100.68\"}', '2018-02-16 23:32:40'),
(111, 'delete_group', '{\"status\":true,\"id\":\"3\",\"ip\":\"192.168.100.68\"}', '2018-02-16 23:32:57'),
(112, 'insert_group', '{\"status\":true,\"id\":8,\"name\":\"Mainadmin\",\"ip\":\"192.168.100.68\"}', '2018-02-16 23:34:56'),
(113, 'register', '{\"status\":true,\"via\":\"admin\",\"identity\":\"mainadmin@mainadmin.com\",\"ip\":\"192.168.100.68\"}', '2018-02-17 00:14:40'),
(114, 'logout', '{\"status\":true,\"id\":\"6\",\"identity\":\"predelivery@predelivery.com\",\"ip\":\"192.168.100.68\"}', '2018-02-17 00:14:57'),
(115, 'login', '{\"status\":true,\"identity\":\"mainadmin@mainadmin.com\",\"ip\":\"192.168.100.68\"}', '2018-02-17 00:15:29'),
(116, 'logout', '{\"status\":true,\"id\":\"7\",\"identity\":\"mainadmin@mainadmin.com\",\"ip\":\"192.168.100.68\"}', '2018-02-17 00:21:15'),
(117, 'login', '{\"status\":true,\"identity\":\"mainadmin@mainadmin.com\",\"ip\":\"192.168.100.68\"}', '2018-02-17 00:21:46'),
(118, 'login', '{\"status\":true,\"identity\":\"mainadmin@mainadmin.com\",\"ip\":\"::1\"}', '2018-02-17 07:18:50'),
(119, 'logout', '{\"status\":true,\"id\":\"7\",\"identity\":\"mainadmin@mainadmin.com\",\"ip\":\"::1\"}', '2018-02-17 08:55:32'),
(120, 'login', '{\"status\":true,\"identity\":\"mainadmin@mainadmin.com\",\"ip\":\"::1\"}', '2018-02-17 08:55:44'),
(121, 'login', '{\"status\":true,\"identity\":\"admin@admin.com\",\"ip\":\"::1\"}', '2018-02-17 09:17:00'),
(122, 'login', '{\"status\":true,\"identity\":\"mainadmin@mainadmin.com\",\"ip\":\"192.168.100.75\"}', '2018-02-17 09:21:43'),
(123, 'login', '{\"status\":true,\"identity\":\"admin@admin.com\",\"ip\":\"::1\"}', '2018-02-17 12:06:07'),
(124, 'logout', '{\"status\":true,\"id\":\"1\",\"identity\":\"admin@admin.com\",\"ip\":\"::1\"}', '2018-02-17 13:26:02'),
(125, 'login', '{\"status\":false,\"message\":\"Incorrect Login\",\"identity\":\"mainadmin@mainadmin.com\",\"ip\":\"::1\"}', '2018-02-17 13:30:01'),
(126, 'login', '{\"status\":true,\"identity\":\"mainadmin@mainadmin.com\",\"ip\":\"::1\"}', '2018-02-17 13:30:20'),
(127, 'login', '{\"status\":true,\"identity\":\"mainadmin@mainadmin.com\",\"ip\":\"::1\"}', '2018-02-17 13:44:04'),
(128, 'logout', '{\"status\":true,\"id\":\"7\",\"identity\":\"mainadmin@mainadmin.com\",\"ip\":\"::1\"}', '2018-02-17 13:52:02'),
(129, 'login', '{\"status\":true,\"identity\":\"prod@prod.com\",\"ip\":\"::1\"}', '2018-02-17 13:52:23'),
(130, 'logout', '{\"status\":true,\"id\":\"5\",\"identity\":\"prod@prod.com\",\"ip\":\"::1\"}', '2018-02-17 13:52:30'),
(131, 'login', '{\"status\":true,\"identity\":\"prod@prod.com\",\"ip\":\"::1\"}', '2018-02-17 13:53:22'),
(132, 'logout', '{\"status\":true,\"id\":null,\"identity\":null,\"ip\":\"192.168.1.30\"}', '2018-02-17 16:34:45'),
(133, 'login', '{\"status\":true,\"identity\":\"mainadmin@mainadmin.com\",\"ip\":\"192.168.1.30\"}', '2018-02-17 16:36:27'),
(134, 'logout', '{\"status\":true,\"id\":null,\"identity\":null,\"ip\":\"192.168.1.30\"}', '2018-02-17 16:45:05'),
(135, 'login', '{\"status\":false,\"message\":\"Incorrect Login\",\"identity\":\"prod@prod.com\",\"ip\":\"192.168.1.30\"}', '2018-02-17 16:45:26'),
(136, 'login', '{\"status\":true,\"identity\":\"prod@prod.com\",\"ip\":\"192.168.1.30\"}', '2018-02-17 16:45:37'),
(137, 'logout', '{\"status\":true,\"id\":\"7\",\"identity\":\"mainadmin@mainadmin.com\",\"ip\":\"192.168.1.30\"}', '2018-02-17 17:03:51'),
(138, 'login', '{\"status\":true,\"identity\":\"admin@admin.com\",\"ip\":\"192.168.1.30\"}', '2018-02-17 17:04:05'),
(139, 'login', '{\"status\":true,\"identity\":\"mainadmin@mainadmin.com\",\"ip\":\"192.168.100.68\"}', '2018-02-20 14:09:59'),
(140, 'login', '{\"status\":true,\"identity\":\"mainadmin@mainadmin.com\",\"ip\":\"192.168.100.68\"}', '2018-02-21 22:51:00'),
(141, 'login', '{\"status\":true,\"identity\":\"mainadmin@mainadmin.com\",\"ip\":\"192.168.100.68\"}', '2018-02-27 22:35:51'),
(142, 'login', '{\"status\":true,\"identity\":\"admin@admin.com\",\"ip\":\"192.168.100.68\"}', '2018-02-27 22:58:11'),
(143, 'login', '{\"status\":false,\"message\":\"Incorrect Login\",\"identity\":\"mainadmin@mainadmin.com\",\"ip\":\"192.168.100.68\"}', '2018-02-28 08:01:24'),
(144, 'login', '{\"status\":true,\"identity\":\"mainadmin@mainadmin.com\",\"ip\":\"192.168.100.68\"}', '2018-02-28 08:01:35'),
(145, 'register', '{\"status\":true,\"via\":\"admin\",\"identity\":\"delivery@delivery.com\",\"ip\":\"192.168.100.68\"}', '2018-02-28 08:05:30'),
(146, 'login', '{\"status\":true,\"identity\":\"admin@admin.com\",\"ip\":\"192.168.100.68\"}', '2018-02-28 08:07:56'),
(147, 'update_user', '{\"status\":true,\"via\":\"admin\",\"identity\":\"delivery@delivery.com\",\"ip\":\"192.168.100.68\"}', '2018-02-28 08:08:18'),
(148, 'login', '{\"status\":true,\"identity\":\"admin@admin.com\",\"ip\":\"192.168.100.68\"}', '2018-02-28 14:44:42'),
(149, 'insert_group', '{\"status\":true,\"id\":9,\"name\":\"Drivers\",\"ip\":\"192.168.100.68\"}', '2018-02-28 14:48:14'),
(150, 'insert_group', '{\"status\":true,\"id\":10,\"name\":\"Salesrep\",\"ip\":\"192.168.100.68\"}', '2018-02-28 14:48:51'),
(151, 'register', '{\"status\":true,\"via\":\"admin\",\"identity\":\"drivertim@drivertim.com\",\"ip\":\"192.168.100.68\"}', '2018-02-28 14:56:30'),
(152, 'update_user', '{\"status\":true,\"via\":\"admin\",\"identity\":\"drivertim@drivertim.com\",\"ip\":\"192.168.100.68\"}', '2018-02-28 14:58:50'),
(153, 'login', '{\"status\":true,\"identity\":\"drivertim@drivertim.com\",\"ip\":\"192.168.100.68\"}', '2018-02-28 15:01:43'),
(154, 'logout', '{\"status\":true,\"id\":\"9\",\"identity\":\"drivertim@drivertim.com\",\"ip\":\"192.168.100.68\"}', '2018-02-28 15:06:55'),
(155, 'login', '{\"status\":true,\"identity\":\"drivertim@drivertim.com\",\"ip\":\"192.168.100.68\"}', '2018-02-28 15:07:31'),
(156, 'register', '{\"status\":true,\"via\":\"admin\",\"identity\":\"driversmith@driversmith.com\",\"ip\":\"192.168.100.68\"}', '2018-02-28 15:08:55'),
(157, 'logout', '{\"status\":true,\"id\":\"9\",\"identity\":\"drivertim@drivertim.com\",\"ip\":\"192.168.100.68\"}', '2018-02-28 15:12:25'),
(158, 'login', '{\"status\":true,\"identity\":\"driversmith@driversmith.com\",\"ip\":\"192.168.100.68\"}', '2018-02-28 15:12:58'),
(159, 'register', '{\"status\":true,\"via\":\"admin\",\"identity\":\"salesrepsuzie@salesrepsuzie.com\",\"ip\":\"192.168.100.68\"}', '2018-02-28 15:29:41'),
(160, 'logout', '{\"status\":true,\"id\":\"10\",\"identity\":\"driversmith@driversmith.com\",\"ip\":\"192.168.100.68\"}', '2018-02-28 15:34:02'),
(161, 'login', '{\"status\":true,\"identity\":\"salesrepsuzie@salesrepsuzie.com\",\"ip\":\"192.168.100.68\"}', '2018-02-28 15:34:27'),
(162, 'logout', '{\"status\":true,\"id\":\"1\",\"identity\":\"admin@admin.com\",\"ip\":\"192.168.100.68\"}', '2018-02-28 15:57:24'),
(163, 'login', '{\"status\":true,\"identity\":\"salesrepsuzie@salesrepsuzie.com\",\"ip\":\"192.168.100.68\"}', '2018-02-28 15:57:46'),
(164, 'login', '{\"status\":true,\"identity\":\"salesrepsuzie@salesrepsuzie.com\",\"ip\":\"192.168.100.70\"}', '2018-02-28 16:00:27'),
(165, 'logout', '{\"status\":true,\"id\":\"11\",\"identity\":\"salesrepsuzie@salesrepsuzie.com\",\"ip\":\"192.168.100.70\"}', '2018-02-28 16:01:31'),
(166, 'login', '{\"status\":true,\"identity\":\"admin@admin.com\",\"ip\":\"192.168.100.70\"}', '2018-02-28 16:01:51'),
(167, 'logout', '{\"status\":true,\"id\":\"11\",\"identity\":\"salesrepsuzie@salesrepsuzie.com\",\"ip\":\"192.168.100.68\"}', '2018-02-28 17:21:52'),
(168, 'login', '{\"status\":true,\"identity\":\"admin@admin.com\",\"ip\":\"192.168.100.68\"}', '2018-02-28 17:22:02'),
(169, 'logout', '{\"status\":true,\"id\":\"1\",\"identity\":\"admin@admin.com\",\"ip\":\"192.168.100.68\"}', '2018-02-28 17:25:34'),
(170, 'login', '{\"status\":true,\"identity\":\"salesrepsuzie@salesrepsuzie.com\",\"ip\":\"192.168.100.68\"}', '2018-02-28 17:26:01'),
(171, 'logout', '{\"status\":true,\"id\":\"7\",\"identity\":\"mainadmin@mainadmin.com\",\"ip\":\"192.168.100.68\"}', '2018-02-28 17:32:24'),
(172, 'login', '{\"status\":true,\"identity\":\"admin@admin.com\",\"ip\":\"192.168.100.68\"}', '2018-02-28 17:32:36'),
(173, 'login', '{\"status\":true,\"identity\":\"mainadmin@mainadmin.com\",\"ip\":\"192.168.100.67\"}', '2018-03-01 12:07:17'),
(174, 'login', '{\"status\":true,\"identity\":\"admin@admin.com\",\"ip\":\"192.168.100.67\"}', '2018-03-01 17:08:03'),
(175, 'login', '{\"status\":true,\"identity\":\"mainadmin@mainadmin.com\",\"ip\":\"192.168.100.66\"}', '2018-03-02 23:13:31'),
(176, 'login', '{\"status\":true,\"identity\":\"mainadmin@mainadmin.com\",\"ip\":\"192.168.100.68\"}', '2018-03-02 23:32:28'),
(177, 'logout', '{\"status\":true,\"id\":null,\"identity\":null,\"ip\":\"192.168.100.68\"}', '2018-03-02 23:52:09'),
(178, 'login', '{\"status\":true,\"identity\":\"salesrepsuzie@salesrepsuzie.com\",\"ip\":\"192.168.100.68\"}', '2018-03-02 23:52:47'),
(179, 'login', '{\"status\":false,\"message\":\"Incorrect Login\",\"identity\":\"mainadmin@mainadmin.com\",\"ip\":\"192.168.100.66\"}', '2018-03-03 09:21:17'),
(180, 'login', '{\"status\":true,\"identity\":\"mainadmin@mainadmin.com\",\"ip\":\"192.168.100.66\"}', '2018-03-03 09:21:34'),
(181, 'login', '{\"status\":true,\"identity\":\"salesrepsuzie@salesrepsuzie.com\",\"ip\":\"192.168.100.66\"}', '2018-03-03 09:38:33'),
(182, 'logout', '{\"status\":true,\"id\":\"11\",\"identity\":\"salesrepsuzie@salesrepsuzie.com\",\"ip\":\"192.168.100.66\"}', '2018-03-03 11:44:48'),
(183, 'login', '{\"status\":true,\"identity\":\"salesrepsuzie@salesrepsuzie.com\",\"ip\":\"192.168.100.66\"}', '2018-03-03 11:45:03'),
(184, 'logout', '{\"status\":true,\"id\":\"7\",\"identity\":\"mainadmin@mainadmin.com\",\"ip\":\"192.168.100.66\"}', '2018-03-03 11:48:12'),
(185, 'login', '{\"status\":false,\"message\":\"Incorrect Login\",\"identity\":\"prod@prod.com\",\"ip\":\"192.168.100.66\"}', '2018-03-03 11:48:21'),
(186, 'login', '{\"status\":true,\"identity\":\"prod@prod.com\",\"ip\":\"192.168.100.66\"}', '2018-03-03 11:48:30'),
(187, 'logout', '{\"status\":true,\"id\":\"5\",\"identity\":\"prod@prod.com\",\"ip\":\"192.168.100.66\"}', '2018-03-03 11:49:09'),
(188, 'login', '{\"status\":true,\"identity\":\"predelivery@predelivery.com\",\"ip\":\"192.168.100.66\"}', '2018-03-03 11:49:36'),
(189, 'logout', '{\"status\":true,\"id\":\"6\",\"identity\":\"predelivery@predelivery.com\",\"ip\":\"192.168.100.66\"}', '2018-03-03 11:51:49'),
(190, 'login', '{\"status\":true,\"identity\":\"driversmith@driversmith.com\",\"ip\":\"192.168.100.66\"}', '2018-03-03 11:52:09'),
(191, 'logout', '{\"status\":true,\"id\":\"10\",\"identity\":\"driversmith@driversmith.com\",\"ip\":\"192.168.100.66\"}', '2018-03-03 11:58:25'),
(192, 'login', '{\"status\":true,\"identity\":\"mainadmin@mainadmin.com\",\"ip\":\"192.168.100.66\"}', '2018-03-03 11:58:37'),
(193, 'logout', '{\"status\":true,\"id\":\"7\",\"identity\":\"mainadmin@mainadmin.com\",\"ip\":\"192.168.100.66\"}', '2018-03-03 12:09:45'),
(194, 'login', '{\"status\":true,\"identity\":\"mainadmin@mainadmin.com\",\"ip\":\"192.168.100.66\"}', '2018-03-03 12:09:55'),
(195, 'logout', '{\"status\":true,\"id\":\"11\",\"identity\":\"salesrepsuzie@salesrepsuzie.com\",\"ip\":\"192.168.100.66\"}', '2018-03-03 12:16:15'),
(196, 'login', '{\"status\":true,\"identity\":\"mainadmin@mainadmin.com\",\"ip\":\"192.168.100.66\"}', '2018-03-03 12:16:30'),
(197, 'logout', '{\"status\":true,\"id\":\"7\",\"identity\":\"mainadmin@mainadmin.com\",\"ip\":\"192.168.100.66\"}', '2018-03-03 12:17:28'),
(198, 'login', '{\"status\":true,\"identity\":\"mainadmin@mainadmin.com\",\"ip\":\"192.168.100.66\"}', '2018-03-03 12:17:39'),
(199, 'login', '{\"status\":true,\"identity\":\"mainadmin@mainadmin.com\",\"ip\":\"192.168.100.66\"}', '2018-03-03 12:18:31'),
(200, 'login', '{\"status\":true,\"identity\":\"mainadmin@mainadmin.com\",\"ip\":\"192.168.100.66\"}', '2018-03-03 12:24:00'),
(201, 'logout', '{\"status\":true,\"id\":\"7\",\"identity\":\"mainadmin@mainadmin.com\",\"ip\":\"::1\"}', '2018-03-03 13:20:49'),
(202, 'login', '{\"status\":true,\"identity\":\"salesrepsuzie@salesrepsuzie.com\",\"ip\":\"::1\"}', '2018-03-03 13:22:42'),
(203, 'logout', '{\"status\":true,\"id\":\"11\",\"identity\":\"salesrepsuzie@salesrepsuzie.com\",\"ip\":\"::1\"}', '2018-03-03 13:31:51'),
(204, 'login', '{\"status\":true,\"identity\":\"prod@prod.com\",\"ip\":\"::1\"}', '2018-03-03 13:32:07'),
(205, 'logout', '{\"status\":true,\"id\":\"5\",\"identity\":\"prod@prod.com\",\"ip\":\"::1\"}', '2018-03-03 13:33:05'),
(206, 'login', '{\"status\":true,\"identity\":\"predelivery@predelivery.com\",\"ip\":\"::1\"}', '2018-03-03 13:33:28'),
(207, 'logout', '{\"status\":true,\"id\":\"6\",\"identity\":\"predelivery@predelivery.com\",\"ip\":\"::1\"}', '2018-03-03 13:54:06'),
(208, 'login', '{\"status\":true,\"identity\":\"driversmith@driversmith.com\",\"ip\":\"::1\"}', '2018-03-03 13:54:26'),
(209, 'logout', '{\"status\":true,\"id\":\"10\",\"identity\":\"driversmith@driversmith.com\",\"ip\":\"::1\"}', '2018-03-03 13:55:14'),
(210, 'login', '{\"status\":true,\"identity\":\"mainadmin@mainadmin.com\",\"ip\":\"::1\"}', '2018-03-03 13:55:38'),
(211, 'login', '{\"status\":true,\"identity\":\"mainadmin@mainadmin.com\",\"ip\":\"192.168.43.198\"}', '2018-03-08 00:15:49'),
(212, 'logout', '{\"status\":true,\"id\":\"7\",\"identity\":\"mainadmin@mainadmin.com\",\"ip\":\"192.168.43.198\"}', '2018-03-08 00:21:30'),
(213, 'login', '{\"status\":true,\"identity\":\"salesrepsuzie@salesrepsuzie.com\",\"ip\":\"192.168.43.198\"}', '2018-03-08 00:21:42'),
(214, 'logout', '{\"status\":true,\"id\":\"11\",\"identity\":\"salesrepsuzie@salesrepsuzie.com\",\"ip\":\"192.168.43.198\"}', '2018-03-08 00:25:15'),
(215, 'login', '{\"status\":false,\"message\":\"Incorrect Login\",\"identity\":\"mainadmin@mainadmin.com\",\"ip\":\"192.168.100.68\"}', '2018-03-17 18:40:18'),
(216, 'login', '{\"status\":true,\"identity\":\"mainadmin@mainadmin.com\",\"ip\":\"192.168.100.68\"}', '2018-03-17 18:40:29'),
(217, 'logout', '{\"status\":true,\"id\":\"7\",\"identity\":\"mainadmin@mainadmin.com\",\"ip\":\"192.168.100.68\"}', '2018-03-17 18:43:54'),
(218, 'login', '{\"status\":true,\"identity\":\"mainadmin@mainadmin.com\",\"ip\":\"192.168.100.68\"}', '2018-03-17 19:19:19'),
(219, 'login', '{\"status\":true,\"identity\":\"mainadmin@mainadmin.com\",\"ip\":\"192.168.100.68\"}', '2018-03-18 12:48:25'),
(220, 'login', '{\"status\":true,\"identity\":\"predelivery@predelivery.com\",\"ip\":\"192.168.100.68\"}', '2018-03-18 18:32:51'),
(221, 'login', '{\"status\":false,\"message\":\"Incorrect Login\",\"identity\":\"mainadmin@mainadmin.com\",\"ip\":\"192.168.100.68\"}', '2018-03-19 14:45:27'),
(222, 'login', '{\"status\":true,\"identity\":\"mainadmin@mainadmin.com\",\"ip\":\"192.168.100.68\"}', '2018-03-19 14:45:41'),
(223, 'login', '{\"status\":true,\"identity\":\"predelivery@predelivery.com\",\"ip\":\"192.168.100.68\"}', '2018-03-19 15:01:03'),
(224, 'login', '{\"status\":true,\"identity\":\"mainadmin@mainadmin.com\",\"ip\":\"192.168.100.68\"}', '2018-03-19 22:58:04'),
(225, 'logout', '{\"status\":true,\"id\":\"7\",\"identity\":\"mainadmin@mainadmin.com\",\"ip\":\"192.168.100.68\"}', '2018-03-19 23:51:37'),
(226, 'login', '{\"status\":true,\"identity\":\"mainadmin@mainadmin.com\",\"ip\":\"192.168.100.68\"}', '2018-03-20 15:10:16'),
(227, 'login', '{\"status\":true,\"identity\":\"predelivery@predelivery.com\",\"ip\":\"192.168.100.68\"}', '2018-03-20 15:27:27'),
(228, 'login', '{\"status\":true,\"identity\":\"mainadmin@mainadmin.com\",\"ip\":\"192.168.100.68\"}', '2018-03-20 17:22:20'),
(229, 'login', '{\"status\":true,\"identity\":\"mainadmin@mainadmin.com\",\"ip\":\"192.168.100.68\"}', '2018-03-20 21:16:52'),
(230, 'logout', '{\"status\":true,\"id\":\"7\",\"identity\":\"mainadmin@mainadmin.com\",\"ip\":\"192.168.100.68\"}', '2018-03-20 21:28:17'),
(231, 'login', '{\"status\":true,\"identity\":\"admin@admin.com\",\"ip\":\"192.168.100.68\"}', '2018-03-20 21:28:35'),
(232, 'login', '{\"status\":true,\"identity\":\"mainadmin@mainadmin.com\",\"ip\":\"192.168.100.68\"}', '2018-03-21 03:53:17'),
(233, 'login', '{\"status\":false,\"message\":\"Incorrect Login\",\"identity\":\"mainadmin@mainadmin.com\",\"ip\":\"192.168.100.68\"}', '2018-03-21 11:56:56'),
(234, 'login', '{\"status\":true,\"identity\":\"mainadmin@mainadmin.com\",\"ip\":\"192.168.100.68\"}', '2018-03-21 11:57:07'),
(235, 'register', '{\"status\":true,\"via\":\"admin\",\"identity\":\"lesiamurray@niciesja.com\",\"ip\":\"192.168.100.68\"}', '2018-03-21 17:54:51'),
(236, 'logout', '{\"status\":true,\"id\":\"7\",\"identity\":\"mainadmin@mainadmin.com\",\"ip\":\"192.168.100.68\"}', '2018-03-21 17:55:19'),
(237, 'login', '{\"status\":false,\"message\":\"Incorrect Login\",\"identity\":\"admin@admin.com\",\"ip\":\"192.168.100.68\"}', '2018-03-21 17:55:34'),
(238, 'login', '{\"status\":true,\"identity\":\"admin@admin.com\",\"ip\":\"192.168.100.68\"}', '2018-03-21 17:55:44'),
(239, 'update_user', '{\"status\":true,\"via\":\"admin\",\"identity\":\"lesiamurray@niciesja.com\",\"ip\":\"192.168.100.68\"}', '2018-03-21 17:56:35'),
(240, 'register', '{\"status\":true,\"via\":\"admin\",\"identity\":\"winstonclarke@niciesja.com\",\"ip\":\"192.168.100.68\"}', '2018-03-21 17:57:49'),
(241, 'update_user', '{\"status\":true,\"via\":\"admin\",\"identity\":\"winstonclarke@niciesja.com\",\"ip\":\"192.168.100.68\"}', '2018-03-21 17:57:59'),
(242, 'register', '{\"status\":true,\"via\":\"admin\",\"identity\":\"juniorwilliams@niciesja.com\",\"ip\":\"192.168.100.68\"}', '2018-03-21 18:01:33'),
(243, 'update_user', '{\"status\":true,\"via\":\"admin\",\"identity\":\"juniorwilliams@niciesja.com\",\"ip\":\"192.168.100.68\"}', '2018-03-21 18:01:45'),
(244, 'update_user', '{\"status\":true,\"via\":\"admin\",\"identity\":\"juniorwilliams@niciesja.com\",\"ip\":\"192.168.100.68\"}', '2018-03-21 18:01:47'),
(245, 'logout', '{\"status\":true,\"id\":null,\"identity\":null,\"ip\":\"192.168.100.68\"}', '2018-03-21 18:02:08'),
(246, 'login', '{\"status\":true,\"identity\":\"mainadmin@mainadmin.com\",\"ip\":\"192.168.100.68\"}', '2018-03-21 18:02:22'),
(247, 'logout', '{\"status\":true,\"id\":\"7\",\"identity\":\"mainadmin@mainadmin.com\",\"ip\":\"192.168.100.68\"}', '2018-03-21 18:19:46'),
(248, 'login', '{\"status\":true,\"identity\":\"lesiamurray@niciesja.com\",\"ip\":\"192.168.100.68\"}', '2018-03-21 18:19:55'),
(249, 'logout', '{\"status\":true,\"id\":\"1\",\"identity\":\"admin@admin.com\",\"ip\":\"192.168.100.68\"}', '2018-03-21 18:23:28'),
(250, 'login', '{\"status\":true,\"identity\":\"mainadmin@mainadmin.com\",\"ip\":\"192.168.100.68\"}', '2018-03-21 18:23:37'),
(251, 'logout', '{\"status\":true,\"id\":\"7\",\"identity\":\"mainadmin@mainadmin.com\",\"ip\":\"192.168.100.68\"}', '2018-03-21 18:27:17'),
(252, 'login', '{\"status\":true,\"identity\":\"admin@admin.com\",\"ip\":\"192.168.100.68\"}', '2018-03-21 18:27:32'),
(253, 'update_user', '{\"status\":true,\"via\":\"admin\",\"identity\":\"drivertim@drivertim.com\",\"ip\":\"192.168.100.68\"}', '2018-03-21 18:27:59'),
(254, 'update_user', '{\"status\":true,\"via\":\"admin\",\"identity\":\"driversmith@driversmith.com\",\"ip\":\"192.168.100.68\"}', '2018-03-21 18:28:31'),
(255, 'register', '{\"status\":true,\"via\":\"admin\",\"identity\":\"drivercarl@niciesja.com\",\"ip\":\"192.168.100.68\"}', '2018-03-21 18:29:35'),
(256, 'update_user', '{\"status\":true,\"via\":\"admin\",\"identity\":\"drivercarl@niciesja.com\",\"ip\":\"192.168.100.68\"}', '2018-03-21 18:29:47'),
(257, 'logout', '{\"status\":true,\"id\":\"1\",\"identity\":\"admin@admin.com\",\"ip\":\"192.168.100.68\"}', '2018-03-21 18:30:24'),
(258, 'login', '{\"status\":true,\"identity\":\"mainadmin@mainadmin.com\",\"ip\":\"192.168.100.68\"}', '2018-03-21 18:30:45'),
(259, 'login', '{\"status\":true,\"identity\":\"mainadmin@mainadmin.com\",\"ip\":\"192.168.43.198\"}', '2018-03-21 19:32:36'),
(260, 'login', '{\"status\":true,\"identity\":\"lesiamurray@niciesja.com\",\"ip\":\"192.168.43.198\"}', '2018-03-21 19:37:43'),
(261, 'login', '{\"status\":true,\"identity\":\"admin@admin.com\",\"ip\":\"192.168.100.70\"}', '2018-04-16 19:54:11'),
(262, 'logout', '{\"status\":true,\"id\":\"1\",\"identity\":\"admin@admin.com\",\"ip\":\"192.168.100.70\"}', '2018-04-16 19:55:34'),
(263, 'login', '{\"status\":false,\"message\":\"Incorrect Login\",\"identity\":\"mainadmin@mainadmin.com\",\"ip\":\"192.168.100.70\"}', '2018-04-16 19:55:43'),
(264, 'login', '{\"status\":true,\"identity\":\"mainadmin@mainadmin.com\",\"ip\":\"192.168.100.70\"}', '2018-04-16 19:56:06'),
(265, 'login', '{\"status\":false,\"message\":\"Incorrect Login\",\"identity\":\"mainadmin@mainadmin.com\",\"ip\":\"192.168.100.70\"}', '2018-04-16 22:03:43'),
(266, 'login', '{\"status\":true,\"identity\":\"mainadmin@mainadmin.com\",\"ip\":\"192.168.100.70\"}', '2018-04-16 22:04:03'),
(267, 'login', '{\"status\":true,\"identity\":\"mainadmin@mainadmin.com\",\"ip\":\"192.168.100.69\"}', '2018-04-17 17:56:51'),
(268, 'login', '{\"status\":true,\"identity\":\"mainadmin@mainadmin.com\",\"ip\":\"192.168.100.69\"}', '2018-04-17 21:27:00'),
(269, 'login', '{\"status\":true,\"identity\":\"mainadmin@mainadmin.com\",\"ip\":\"192.168.100.69\"}', '2018-04-18 12:43:51'),
(270, 'login', '{\"status\":true,\"identity\":\"mainadmin@mainadmin.com\",\"ip\":\"192.168.100.69\"}', '2018-04-18 14:56:43'),
(271, 'login', '{\"status\":true,\"identity\":\"mainadmin@mainadmin.com\",\"ip\":\"192.168.100.69\"}', '2018-04-18 21:18:01'),
(272, 'login', '{\"status\":true,\"identity\":\"mainadmin@mainadmin.com\",\"ip\":\"192.168.100.72\"}', '2018-04-20 14:43:50'),
(273, 'login', '{\"status\":true,\"identity\":\"mainadmin@mainadmin.com\",\"ip\":\"192.168.100.72\"}', '2018-04-20 22:14:50'),
(274, 'login', '{\"status\":true,\"identity\":\"mainadmin@mainadmin.com\",\"ip\":\"192.168.100.72\"}', '2018-04-21 16:53:48'),
(275, 'login', '{\"status\":true,\"identity\":\"mainadmin@mainadmin.com\",\"ip\":\"192.168.100.72\"}', '2018-04-23 12:51:27'),
(276, 'login', '{\"status\":true,\"identity\":\"mainadmin@mainadmin.com\",\"ip\":\"192.168.100.72\"}', '2018-04-23 18:37:32'),
(277, 'logout', '{\"status\":true,\"id\":\"7\",\"identity\":\"mainadmin@mainadmin.com\",\"ip\":\"192.168.100.72\"}', '2018-04-24 01:14:03'),
(278, 'login', '{\"status\":true,\"identity\":\"mainadmin@mainadmin.com\",\"ip\":\"192.168.100.72\"}', '2018-04-24 01:14:14'),
(279, 'login', '{\"status\":true,\"identity\":\"mainadmin@mainadmin.com\",\"ip\":\"192.168.100.68\"}', '2018-04-24 01:27:15'),
(280, 'login', '{\"status\":true,\"identity\":\"mainadmin@mainadmin.com\",\"ip\":\"192.168.100.72\"}', '2018-04-24 03:42:26'),
(281, 'login', '{\"status\":true,\"identity\":\"mainadmin@mainadmin.com\",\"ip\":\"192.168.100.72\"}', '2018-04-24 03:47:46'),
(282, 'login', '{\"status\":true,\"identity\":\"mainadmin@mainadmin.com\",\"ip\":\"192.168.100.72\"}', '2018-04-24 12:11:48'),
(283, 'login', '{\"status\":true,\"identity\":\"mainadmin@mainadmin.com\",\"ip\":\"192.168.100.72\"}', '2018-04-24 12:13:48'),
(284, 'login', '{\"status\":true,\"identity\":\"mainadmin@mainadmin.com\",\"ip\":\"192.168.100.72\"}', '2018-04-25 23:02:59'),
(285, 'login', '{\"status\":true,\"identity\":\"mainadmin@mainadmin.com\",\"ip\":\"192.168.100.72\"}', '2018-04-26 15:56:41'),
(286, 'login', '{\"status\":true,\"identity\":\"mainadmin@mainadmin.com\",\"ip\":\"192.168.100.72\"}', '2018-04-26 21:08:07'),
(287, 'login', '{\"status\":true,\"identity\":\"mainadmin@mainadmin.com\",\"ip\":\"192.168.100.72\"}', '2018-04-27 12:31:18'),
(288, 'login', '{\"status\":true,\"identity\":\"mainadmin@mainadmin.com\",\"ip\":\"192.168.100.72\"}', '2018-04-28 16:49:22'),
(289, 'login', '{\"status\":true,\"identity\":\"mainadmin@mainadmin.com\",\"ip\":\"192.168.100.72\"}', '2018-04-29 14:54:38'),
(290, 'login', '{\"status\":true,\"identity\":\"mainadmin@mainadmin.com\",\"ip\":\"192.168.100.72\"}', '2018-04-30 10:29:01'),
(291, 'login', '{\"status\":true,\"identity\":\"mainadmin@mainadmin.com\",\"ip\":\"192.168.100.72\"}', '2018-04-30 10:58:21'),
(292, 'login', '{\"status\":true,\"identity\":\"mainadmin@mainadmin.com\",\"ip\":\"192.168.100.72\"}', '2018-04-30 11:06:32'),
(293, 'login', '{\"status\":true,\"identity\":\"mainadmin@mainadmin.com\",\"ip\":\"::1\"}', '2018-04-30 16:08:17'),
(294, 'login', '{\"status\":true,\"identity\":\"mainadmin@mainadmin.com\",\"ip\":\"192.168.100.72\"}', '2018-05-01 12:19:15'),
(295, 'login', '{\"status\":false,\"message\":\"Incorrect Login\",\"identity\":\"mainadmin@mainadmin.com\",\"ip\":\"192.168.100.72\"}', '2018-05-02 22:43:36'),
(296, 'login', '{\"status\":true,\"identity\":\"mainadmin@mainadmin.com\",\"ip\":\"192.168.100.72\"}', '2018-05-02 22:43:56'),
(297, 'logout', '{\"status\":true,\"id\":null,\"identity\":null,\"ip\":\"192.168.100.72\"}', '2018-05-03 11:40:41'),
(298, 'login', '{\"status\":true,\"identity\":\"admin@admin.com\",\"ip\":\"192.168.100.72\"}', '2018-05-03 11:40:53'),
(299, 'register', '{\"status\":true,\"via\":\"admin\",\"identity\":\"johndoe@johndoe.com\",\"ip\":\"192.168.100.72\"}', '2018-05-03 12:00:26'),
(300, 'register', '{\"status\":true,\"via\":\"admin\",\"identity\":\"johnclark@johnclark.com\",\"ip\":\"192.168.100.72\"}', '2018-05-03 12:03:10'),
(301, 'update_user', '{\"status\":true,\"via\":\"admin\",\"identity\":\"johnclark@johnclark.com\",\"ip\":\"192.168.100.72\"}', '2018-05-03 12:40:16'),
(302, 'update_user', '{\"status\":true,\"via\":\"admin\",\"identity\":\"johnclark@johnclark.com\",\"ip\":\"192.168.100.72\"}', '2018-05-03 12:42:55'),
(303, 'update_user', '{\"status\":true,\"via\":\"admin\",\"identity\":\"johnclark@johnclark.com\",\"ip\":\"192.168.100.72\"}', '2018-05-03 12:44:12'),
(304, 'update_user', '{\"status\":true,\"via\":\"admin\",\"identity\":\"prod@prod.com\",\"ip\":\"192.168.100.72\"}', '2018-05-03 12:45:32'),
(305, 'logout', '{\"status\":true,\"id\":\"1\",\"identity\":\"admin@admin.com\",\"ip\":\"192.168.100.72\"}', '2018-05-03 12:46:25'),
(306, 'login', '{\"status\":true,\"identity\":\"mainadmin@mainadmin.com\",\"ip\":\"192.168.100.72\"}', '2018-05-03 12:46:46'),
(307, 'login', '{\"status\":true,\"identity\":\"prod@prod.com\",\"ip\":\"192.168.100.72\"}', '2018-05-03 12:51:57'),
(308, 'login', '{\"status\":true,\"identity\":\"prod@prod.com\",\"ip\":\"192.168.100.72\"}', '2018-05-03 15:33:18'),
(309, 'login', '{\"status\":true,\"identity\":\"mainadmin@mainadmin.com\",\"ip\":\"192.168.100.72\"}', '2018-05-03 15:33:35'),
(310, 'login', '{\"status\":true,\"identity\":\"mainadmin@mainadmin.com\",\"ip\":\"192.168.100.72\"}', '2018-05-04 15:59:46'),
(311, 'login', '{\"status\":true,\"identity\":\"mainadmin@mainadmin.com\",\"ip\":\"192.168.100.72\"}', '2018-05-05 18:29:29'),
(312, 'login', '{\"status\":true,\"identity\":\"mainadmin@mainadmin.com\",\"ip\":\"192.168.100.72\"}', '2018-05-06 13:01:03'),
(313, 'login', '{\"status\":true,\"identity\":\"mainadmin@mainadmin.com\",\"ip\":\"192.168.100.72\"}', '2018-05-06 16:39:06'),
(314, 'login', '{\"status\":true,\"identity\":\"mainadmin@mainadmin.com\",\"ip\":\"192.168.100.72\"}', '2018-05-06 20:57:04'),
(315, 'login', '{\"status\":true,\"identity\":\"mainadmin@mainadmin.com\",\"ip\":\"192.168.100.72\"}', '2018-05-10 15:26:16'),
(316, 'login', '{\"status\":true,\"identity\":\"mainadmin@mainadmin.com\",\"ip\":\"192.168.100.72\"}', '2018-05-11 12:27:32'),
(317, 'login', '{\"status\":true,\"identity\":\"mainadmin@mainadmin.com\",\"ip\":\"192.168.100.66\"}', '2018-05-15 21:14:13'),
(318, 'login', '{\"status\":true,\"identity\":\"mainadmin@mainadmin.com\",\"ip\":\"192.168.100.66\"}', '2018-05-16 15:13:31'),
(319, 'login', '{\"status\":true,\"identity\":\"mainadmin@mainadmin.com\",\"ip\":\"192.168.100.66\"}', '2018-05-18 17:48:56'),
(320, 'login', '{\"status\":true,\"identity\":\"mainadmin@mainadmin.com\",\"ip\":\"192.168.100.66\"}', '2018-05-18 22:16:33'),
(321, 'login', '{\"status\":false,\"message\":\"Incorrect Login\",\"identity\":\"mainadmin@mainadmin.com\",\"ip\":\"192.168.100.66\"}', '2018-05-19 16:11:03'),
(322, 'login', '{\"status\":true,\"identity\":\"mainadmin@mainadmin.com\",\"ip\":\"192.168.100.66\"}', '2018-05-19 16:11:15'),
(323, 'login', '{\"status\":true,\"identity\":\"mainadmin@mainadmin.com\",\"ip\":\"192.168.100.66\"}', '2018-05-20 14:09:55'),
(324, 'login', '{\"status\":true,\"identity\":\"mainadmin@mainadmin.com\",\"ip\":\"192.168.100.66\"}', '2018-05-20 21:12:52'),
(325, 'login', '{\"status\":true,\"identity\":\"mainadmin@mainadmin.com\",\"ip\":\"192.168.100.66\"}', '2018-05-21 16:57:05'),
(326, 'login', '{\"status\":true,\"identity\":\"mainadmin@mainadmin.com\",\"ip\":\"192.168.100.66\"}', '2018-05-22 01:43:48'),
(327, 'login', '{\"status\":true,\"identity\":\"mainadmin@mainadmin.com\",\"ip\":\"192.168.100.66\"}', '2018-05-23 13:13:50'),
(328, 'logout', '{\"status\":true,\"id\":\"7\",\"identity\":\"mainadmin@mainadmin.com\",\"ip\":\"192.168.100.66\"}', '2018-05-23 15:20:27'),
(329, 'login', '{\"status\":true,\"identity\":\"admin@admin.com\",\"ip\":\"192.168.100.66\"}', '2018-05-23 15:20:41'),
(330, 'logout', '{\"status\":true,\"id\":\"1\",\"identity\":\"admin@admin.com\",\"ip\":\"192.168.100.66\"}', '2018-05-23 15:46:25'),
(331, 'login', '{\"status\":true,\"identity\":\"mainadmin@mainadmin.com\",\"ip\":\"192.168.100.66\"}', '2018-05-23 15:46:37'),
(332, 'logout', '{\"status\":true,\"id\":\"7\",\"identity\":\"mainadmin@mainadmin.com\",\"ip\":\"192.168.100.66\"}', '2018-05-23 15:51:47'),
(333, 'login', '{\"status\":true,\"identity\":\"admin@admin.com\",\"ip\":\"192.168.100.66\"}', '2018-05-23 15:52:08'),
(334, 'update_user', '{\"status\":true,\"via\":\"admin\",\"identity\":\"johndoe@johndoe.com\",\"ip\":\"192.168.100.66\"}', '2018-05-23 15:53:10'),
(335, 'update_user', '{\"status\":true,\"via\":\"admin\",\"identity\":\"johndoe@johndoe.com\",\"ip\":\"192.168.100.66\"}', '2018-05-23 16:02:01'),
(336, 'logout', '{\"status\":true,\"id\":\"1\",\"identity\":\"admin@admin.com\",\"ip\":\"192.168.100.66\"}', '2018-05-23 16:06:14'),
(337, 'login', '{\"status\":false,\"message\":\"Incorrect Login\",\"identity\":\"myadmin@myadmin.com\",\"ip\":\"192.168.100.66\"}', '2018-05-23 16:07:59'),
(338, 'login', '{\"status\":true,\"identity\":\"mainadmin@mainadmin.com\",\"ip\":\"192.168.100.66\"}', '2018-05-23 16:08:39'),
(339, 'login', '{\"status\":true,\"identity\":\"lesiamurray@niciesja.com\",\"ip\":\"192.168.100.66\"}', '2018-05-23 16:16:22'),
(340, 'login', '{\"status\":true,\"identity\":\"mainadmin@mainadmin.com\",\"ip\":\"192.168.100.66\"}', '2018-05-23 19:35:30'),
(341, 'login', '{\"status\":true,\"identity\":\"lesiamurray@niciesja.com\",\"ip\":\"192.168.100.66\"}', '2018-05-23 19:37:24'),
(342, 'login', '{\"status\":false,\"message\":\"Incorrect Login\",\"identity\":\"mainadmin@mainadmin.com\",\"ip\":\"192.168.100.71\"}', '2018-06-17 14:58:06'),
(343, 'login', '{\"status\":false,\"message\":\"Incorrect Login\",\"identity\":\"mainadmin@mainadmin.com\",\"ip\":\"192.168.100.71\"}', '2018-06-17 14:58:27'),
(344, 'login', '{\"status\":false,\"message\":\"Incorrect Login\",\"identity\":\"admin@admin.com\",\"ip\":\"192.168.100.71\"}', '2018-06-17 14:58:42'),
(345, 'login', '{\"status\":false,\"message\":\"Incorrect Login\",\"identity\":\"admin@admin.com\",\"ip\":\"192.168.100.71\"}', '2018-06-17 15:00:01'),
(346, 'login', '{\"status\":false,\"message\":\"Incorrect Login\",\"identity\":\"admin@admin.com\",\"ip\":\"192.168.100.71\"}', '2018-06-17 15:00:21'),
(347, 'login', '{\"status\":false,\"message\":\"Incorrect Login\",\"identity\":\"admin@admin.com\",\"ip\":\"192.168.100.71\"}', '2018-06-17 15:08:16'),
(348, 'login', '{\"status\":false,\"message\":\"Incorrect Login\",\"identity\":\"admin@admin.com\",\"ip\":\"192.168.100.71\"}', '2018-06-17 15:08:40'),
(349, 'login', '{\"status\":false,\"message\":\"Incorrect Login\",\"identity\":\"admin@admin.com\",\"ip\":\"192.168.100.71\"}', '2018-06-17 15:08:51'),
(350, 'login', '{\"status\":true,\"identity\":\"admin@admin.com\",\"ip\":\"192.168.100.71\"}', '2018-06-17 15:13:28'),
(351, 'logout', '{\"status\":true,\"id\":\"1\",\"identity\":\"admin@admin.com\",\"ip\":\"192.168.100.71\"}', '2018-06-17 15:13:37'),
(352, 'login', '{\"status\":false,\"message\":\"Incorrect Login\",\"identity\":\"mainadmin@mainadmin.com\",\"ip\":\"192.168.100.71\"}', '2018-06-17 15:15:12'),
(353, 'login', '{\"status\":true,\"identity\":\"mainadmin@mainadmin.com\",\"ip\":\"192.168.100.71\"}', '2018-06-17 15:15:20'),
(354, 'logout', '{\"status\":true,\"id\":\"7\",\"identity\":\"mainadmin@mainadmin.com\",\"ip\":\"192.168.100.71\"}', '2018-06-17 15:30:30'),
(355, 'login', '{\"status\":true,\"identity\":\"admin@admin.com\",\"ip\":\"192.168.100.71\"}', '2018-06-17 15:32:08'),
(356, 'login', '{\"status\":true,\"identity\":\"mainadmin@mainadmin.com\",\"ip\":\"192.168.100.71\"}', '2018-06-17 15:33:41'),
(357, 'login', '{\"status\":false,\"message\":\"Incorrect Login\",\"identity\":\"admin@admin.com\",\"ip\":\"192.168.100.71\"}', '2018-06-17 20:14:51'),
(358, 'login', '{\"status\":true,\"identity\":\"mainadmin@mainadmin.com\",\"ip\":\"192.168.100.71\"}', '2018-06-17 20:15:02'),
(359, 'logout', '{\"status\":true,\"id\":null,\"identity\":null,\"ip\":\"192.168.100.71\"}', '2018-06-17 20:50:00'),
(360, 'login', '{\"status\":true,\"identity\":\"mainadmin@mainadmin.com\",\"ip\":\"192.168.100.71\"}', '2018-06-17 20:50:11'),
(361, 'logout', '{\"status\":true,\"id\":null,\"identity\":null,\"ip\":\"192.168.100.71\"}', '2018-06-18 12:39:09'),
(362, 'login', '{\"status\":true,\"identity\":\"mainadmin@mainadmin.com\",\"ip\":\"192.168.100.71\"}', '2018-06-18 12:39:21'),
(363, 'login', '{\"status\":true,\"identity\":\"prod@prod.com\",\"ip\":\"192.168.100.71\"}', '2018-06-18 13:51:42'),
(364, 'logout', '{\"status\":true,\"id\":\"7\",\"identity\":\"mainadmin@mainadmin.com\",\"ip\":\"192.168.100.71\"}', '2018-06-18 13:59:04'),
(365, 'login', '{\"status\":false,\"message\":\"Incorrect Login\",\"identity\":\"admin@admin.com\",\"ip\":\"192.168.100.71\"}', '2018-06-18 13:59:15'),
(366, 'login', '{\"status\":true,\"identity\":\"admin@admin.com\",\"ip\":\"192.168.100.71\"}', '2018-06-18 13:59:25'),
(367, 'logout', '{\"status\":true,\"id\":\"5\",\"identity\":\"prod@prod.com\",\"ip\":\"192.168.100.71\"}', '2018-06-18 14:02:00'),
(368, 'login', '{\"status\":true,\"identity\":\"johnclark@johnclark.com\",\"ip\":\"192.168.100.71\"}', '2018-06-18 14:02:09'),
(369, 'login', '{\"status\":true,\"identity\":\"mainadmin@mainadmin.com\",\"ip\":\"192.168.100.71\"}', '2018-06-18 23:16:12'),
(370, 'logout', '{\"status\":true,\"id\":\"7\",\"identity\":\"mainadmin@mainadmin.com\",\"ip\":\"192.168.100.71\"}', '2018-06-18 23:16:36'),
(371, 'login', '{\"status\":true,\"identity\":\"prod@prod.com\",\"ip\":\"192.168.100.71\"}', '2018-06-18 23:18:27'),
(372, 'login', '{\"status\":true,\"identity\":\"mainadmin@mainadmin.com\",\"ip\":\"192.168.100.71\"}', '2018-06-18 23:25:56'),
(373, 'login', '{\"status\":true,\"identity\":\"mainadmin@mainadmin.com\",\"ip\":\"192.168.100.71\"}', '2018-06-19 02:41:30'),
(374, 'login', '{\"status\":true,\"identity\":\"mainadmin@mainadmin.com\",\"ip\":\"192.168.100.71\"}', '2018-06-19 11:53:06'),
(375, 'login', '{\"status\":true,\"identity\":\"lesiamurray@niciesja.com\",\"ip\":\"192.168.100.71\"}', '2018-06-19 14:25:19'),
(376, 'logout', '{\"status\":true,\"id\":\"12\",\"identity\":\"lesiamurray@niciesja.com\",\"ip\":\"192.168.100.71\"}', '2018-06-19 15:01:40'),
(377, 'login', '{\"status\":true,\"identity\":\"drivercarl@niciesja.com\",\"ip\":\"192.168.100.71\"}', '2018-06-19 15:02:27'),
(378, 'logout', '{\"status\":true,\"id\":\"15\",\"identity\":\"drivercarl@niciesja.com\",\"ip\":\"192.168.100.71\"}', '2018-06-19 15:17:58'),
(379, 'login', '{\"status\":true,\"identity\":\"salesrepsuzie@salesrepsuzie.com\",\"ip\":\"192.168.100.71\"}', '2018-06-19 15:18:07'),
(380, 'logout', '{\"status\":true,\"id\":\"11\",\"identity\":\"salesrepsuzie@salesrepsuzie.com\",\"ip\":\"192.168.100.71\"}', '2018-06-19 16:18:49'),
(381, 'update_user', '{\"status\":true,\"via\":\"admin\",\"identity\":\"johndoe@johndoe.com\",\"ip\":\"192.168.100.71\"}', '2018-06-19 16:20:53'),
(382, 'update_user', '{\"status\":true,\"via\":\"admin\",\"identity\":\"johndoe@johndoe.com\",\"ip\":\"192.168.100.71\"}', '2018-06-19 16:21:23'),
(383, 'update_user', '{\"status\":true,\"via\":\"admin\",\"identity\":\"johnclark@johnclark.com\",\"ip\":\"192.168.100.71\"}', '2018-06-19 16:22:41'),
(384, 'login', '{\"status\":true,\"identity\":\"johnclark@johnclark.com\",\"ip\":\"192.168.100.71\"}', '2018-06-19 16:26:56'),
(385, 'login', '{\"status\":true,\"identity\":\"johnclark@johnclark.com\",\"ip\":\"192.168.100.71\"}', '2018-06-19 19:30:40'),
(386, 'logout', '{\"status\":true,\"id\":\"7\",\"identity\":\"mainadmin@mainadmin.com\",\"ip\":\"192.168.100.71\"}', '2018-06-19 19:37:50'),
(387, 'login', '{\"status\":true,\"identity\":\"admin@admin.com\",\"ip\":\"192.168.100.71\"}', '2018-06-19 19:38:03'),
(388, 'login', '{\"status\":true,\"identity\":\"mainadmin@mainadmin.com\",\"ip\":\"192.168.3.182\"}', '2018-06-19 20:28:27'),
(389, 'logout', '{\"status\":true,\"id\":\"7\",\"identity\":\"mainadmin@mainadmin.com\",\"ip\":\"192.168.3.182\"}', '2018-06-19 20:36:20');
INSERT INTO `logs` (`id`, `action`, `logs`, `createdAt`) VALUES
(390, 'login', '{\"status\":true,\"identity\":\"mainadmin@mainadmin.com\",\"ip\":\"192.168.3.182\"}', '2018-06-19 20:36:58'),
(391, 'login', '{\"status\":true,\"identity\":\"salesrepsuzie@salesrepsuzie.com\",\"ip\":\"192.168.3.182\"}', '2018-06-19 20:50:05'),
(392, 'logout', '{\"status\":true,\"id\":\"11\",\"identity\":\"salesrepsuzie@salesrepsuzie.com\",\"ip\":\"192.168.3.182\"}', '2018-06-19 21:00:02'),
(393, 'login', '{\"status\":true,\"identity\":\"johndoe@johndoe.com\",\"ip\":\"192.168.3.182\"}', '2018-06-19 21:00:11'),
(394, 'logout', '{\"status\":true,\"id\":\"16\",\"identity\":\"johndoe@johndoe.com\",\"ip\":\"192.168.3.182\"}', '2018-06-19 21:38:02'),
(395, 'login', '{\"status\":true,\"identity\":\"drivertim@drivertim.com\",\"ip\":\"192.168.3.182\"}', '2018-06-19 21:38:17'),
(396, 'login', '{\"status\":true,\"identity\":\"mainadmin@mainadmin.com\",\"ip\":\"192.168.100.71\"}', '2018-06-21 18:15:52'),
(397, 'logout', '{\"status\":true,\"id\":null,\"identity\":null,\"ip\":\"192.168.100.71\"}', '2018-06-21 18:21:03'),
(398, 'login', '{\"status\":true,\"identity\":\"mainadmin@mainadmin.com\",\"ip\":\"192.168.100.71\"}', '2018-06-21 18:21:18'),
(399, 'logout', '{\"status\":true,\"id\":\"7\",\"identity\":\"mainadmin@mainadmin.com\",\"ip\":\"192.168.100.71\"}', '2018-06-21 19:29:05'),
(400, 'login', '{\"status\":true,\"identity\":\"admin@admin.com\",\"ip\":\"192.168.100.71\"}', '2018-06-21 19:29:23'),
(401, 'logout', '{\"status\":true,\"id\":\"1\",\"identity\":\"admin@admin.com\",\"ip\":\"192.168.100.71\"}', '2018-06-21 19:30:04'),
(402, 'login', '{\"status\":true,\"identity\":\"mainadmin@mainadmin.com\",\"ip\":\"192.168.100.71\"}', '2018-06-21 19:30:21'),
(403, 'logout', '{\"status\":true,\"id\":\"7\",\"identity\":\"mainadmin@mainadmin.com\",\"ip\":\"192.168.100.71\"}', '2018-06-21 19:40:05'),
(404, 'login', '{\"status\":true,\"identity\":\"salesrepsuzie@salesrepsuzie.com\",\"ip\":\"192.168.100.71\"}', '2018-06-21 19:40:14'),
(405, 'logout', '{\"status\":true,\"id\":null,\"identity\":null,\"ip\":\"192.168.43.198\"}', '2018-06-21 20:22:24'),
(406, 'login', '{\"status\":true,\"identity\":\"mainadmin@mainadmin.com\",\"ip\":\"192.168.43.198\"}', '2018-06-21 20:23:23'),
(407, 'logout', '{\"status\":true,\"id\":\"7\",\"identity\":\"mainadmin@mainadmin.com\",\"ip\":\"192.168.43.198\"}', '2018-06-21 20:23:27'),
(408, 'login', '{\"status\":true,\"identity\":\"mainadmin@mainadmin.com\",\"ip\":\"192.168.43.198\"}', '2018-06-21 20:30:23'),
(409, 'logout', '{\"status\":true,\"id\":\"7\",\"identity\":\"mainadmin@mainadmin.com\",\"ip\":\"192.168.43.198\"}', '2018-06-21 20:47:12'),
(410, 'login', '{\"status\":true,\"identity\":\"salesrepsuzie@salesrepsuzie.com\",\"ip\":\"192.168.43.198\"}', '2018-06-21 20:47:31'),
(411, 'logout', '{\"status\":true,\"id\":\"11\",\"identity\":\"salesrepsuzie@salesrepsuzie.com\",\"ip\":\"192.168.43.198\"}', '2018-06-21 20:50:21'),
(412, 'login', '{\"status\":true,\"identity\":\"mainadmin@mainadmin.com\",\"ip\":\"192.168.43.198\"}', '2018-06-21 20:51:04'),
(413, 'logout', '{\"status\":true,\"id\":\"7\",\"identity\":\"mainadmin@mainadmin.com\",\"ip\":\"192.168.43.198\"}', '2018-06-21 20:52:46'),
(414, 'login', '{\"status\":true,\"identity\":\"johndoe@johndoe.com\",\"ip\":\"192.168.43.198\"}', '2018-06-21 20:52:55'),
(415, 'logout', '{\"status\":true,\"id\":\"16\",\"identity\":\"johndoe@johndoe.com\",\"ip\":\"192.168.43.198\"}', '2018-06-21 21:07:19'),
(416, 'login', '{\"status\":true,\"identity\":\"mainadmin@mainadmin.com\",\"ip\":\"192.168.43.198\"}', '2018-06-21 21:07:36'),
(417, 'logout', '{\"status\":true,\"id\":\"7\",\"identity\":\"mainadmin@mainadmin.com\",\"ip\":\"192.168.43.198\"}', '2018-06-21 21:11:06'),
(418, 'login', '{\"status\":true,\"identity\":\"predelivery@predelivery.com\",\"ip\":\"192.168.43.198\"}', '2018-06-21 21:11:18'),
(419, 'logout', '{\"status\":true,\"id\":\"6\",\"identity\":\"predelivery@predelivery.com\",\"ip\":\"192.168.43.198\"}', '2018-06-21 21:23:58'),
(420, 'login', '{\"status\":true,\"identity\":\"driversmith@driversmith.com\",\"ip\":\"192.168.43.198\"}', '2018-06-21 21:24:11'),
(421, 'logout', '{\"status\":true,\"id\":null,\"identity\":null,\"ip\":\"192.168.100.71\"}', '2018-06-30 18:40:16'),
(422, 'login', '{\"status\":true,\"identity\":\"admin@admin.com\",\"ip\":\"192.168.100.71\"}', '2018-06-30 18:41:57'),
(423, 'logout', '{\"status\":true,\"id\":\"1\",\"identity\":\"admin@admin.com\",\"ip\":\"192.168.100.71\"}', '2018-06-30 18:47:39'),
(424, 'login', '{\"status\":true,\"identity\":\"mainadmin@mainadmin.com\",\"ip\":\"192.168.100.71\"}', '2018-06-30 18:48:01'),
(425, 'logout', '{\"status\":true,\"id\":null,\"identity\":null,\"ip\":\"192.168.100.71\"}', '2018-07-02 21:10:07'),
(426, 'login', '{\"status\":false,\"message\":\"Incorrect Login\",\"identity\":\"admin@admin.com\",\"ip\":\"192.168.100.71\"}', '2018-07-02 21:10:26'),
(427, 'login', '{\"status\":true,\"identity\":\"mainadmin@mainadmin.com\",\"ip\":\"192.168.100.71\"}', '2018-07-02 21:11:28'),
(428, 'logout', '{\"status\":true,\"id\":null,\"identity\":null,\"ip\":\"192.168.100.71\"}', '2018-07-03 12:52:31'),
(429, 'login', '{\"status\":true,\"identity\":\"mainadmin@mainadmin.com\",\"ip\":\"192.168.100.71\"}', '2018-07-03 12:52:53'),
(430, 'logout', '{\"status\":true,\"id\":null,\"identity\":null,\"ip\":\"192.168.100.71\"}', '2018-07-03 22:01:27'),
(431, 'login', '{\"status\":true,\"identity\":\"mainadmin@mainadmin.com\",\"ip\":\"192.168.100.71\"}', '2018-07-03 22:01:38'),
(432, 'logout', '{\"status\":true,\"id\":null,\"identity\":null,\"ip\":\"192.168.100.71\"}', '2018-07-04 12:38:31'),
(433, 'login', '{\"status\":true,\"identity\":\"mainadmin@mainadmin.com\",\"ip\":\"192.168.100.71\"}', '2018-07-04 12:38:57'),
(434, 'login', '{\"status\":true,\"identity\":\"mainadmin@mainadmin.com\",\"ip\":\"192.168.100.68\"}', '2018-07-05 00:52:09'),
(435, 'logout', '{\"status\":true,\"id\":null,\"identity\":null,\"ip\":\"192.168.100.68\"}', '2018-07-05 01:01:43'),
(436, 'login', '{\"status\":true,\"identity\":\"lesiamurray@niciesja.com\",\"ip\":\"192.168.100.68\"}', '2018-07-05 01:02:08'),
(437, 'logout', '{\"status\":true,\"id\":null,\"identity\":null,\"ip\":\"::1\"}', '2018-07-05 02:57:57'),
(438, 'login', '{\"status\":true,\"identity\":\"mainadmin@mainadmin.com\",\"ip\":\"::1\"}', '2018-07-05 02:58:15'),
(439, 'logout', '{\"status\":true,\"id\":null,\"identity\":null,\"ip\":\"::1\"}', '2018-07-05 11:53:13'),
(440, 'login', '{\"status\":true,\"identity\":\"mainadmin@mainadmin.com\",\"ip\":\"::1\"}', '2018-07-05 11:53:34'),
(441, 'logout', '{\"status\":true,\"id\":null,\"identity\":null,\"ip\":\"::1\"}', '2018-07-05 12:28:19'),
(442, 'login', '{\"status\":false,\"message\":\"Incorrect Login\",\"identity\":\"salesrepsuzie@salesrepsuzie.com\",\"ip\":\"::1\"}', '2018-07-05 12:28:43'),
(443, 'login', '{\"status\":true,\"identity\":\"salesrepsuzie@salesrepsuzie.com\",\"ip\":\"::1\"}', '2018-07-05 12:28:58'),
(444, 'logout', '{\"status\":true,\"id\":null,\"identity\":null,\"ip\":\"::1\"}', '2018-07-05 12:43:10'),
(445, 'login', '{\"status\":true,\"identity\":\"mainadmin@mainadmin.com\",\"ip\":\"::1\"}', '2018-07-05 12:43:28'),
(446, 'login', '{\"status\":true,\"identity\":\"salesrepsuzie@salesrepsuzie.com\",\"ip\":\"::1\"}', '2018-07-05 13:20:27'),
(447, 'login', '{\"status\":true,\"identity\":\"mainadmin@mainadmin.com\",\"ip\":\"::1\"}', '2018-07-05 17:26:43'),
(448, 'logout', '{\"status\":true,\"id\":\"7\",\"identity\":\"mainadmin@mainadmin.com\",\"ip\":\"::1\"}', '2018-07-05 17:26:50'),
(449, 'login', '{\"status\":true,\"identity\":\"mainadmin@mainadmin.com\",\"ip\":\"::1\"}', '2018-07-05 17:27:22'),
(450, 'login', '{\"status\":true,\"identity\":\"salesrepsuzie@salesrepsuzie.com\",\"ip\":\"::1\"}', '2018-07-05 17:28:36'),
(451, 'logout', '{\"status\":true,\"id\":\"7\",\"identity\":\"mainadmin@mainadmin.com\",\"ip\":\"::1\"}', '2018-07-05 19:02:38'),
(452, 'logout', '{\"status\":true,\"id\":\"11\",\"identity\":\"salesrepsuzie@salesrepsuzie.com\",\"ip\":\"::1\"}', '2018-07-05 19:02:51'),
(453, 'login', '{\"status\":true,\"identity\":\"prod@prod.com\",\"ip\":\"::1\"}', '2018-07-05 19:03:08'),
(454, 'logout', '{\"status\":true,\"id\":\"5\",\"identity\":\"prod@prod.com\",\"ip\":\"::1\"}', '2018-07-05 19:06:12'),
(455, 'login', '{\"status\":true,\"identity\":\"mainadmin@mainadmin.com\",\"ip\":\"::1\"}', '2018-07-05 19:06:30'),
(456, 'login', '{\"status\":true,\"identity\":\"predelivery@predelivery.com\",\"ip\":\"::1\"}', '2018-07-05 19:19:42'),
(457, 'login', '{\"status\":true,\"identity\":\"mainadmin@mainadmin.com\",\"ip\":\"::1\"}', '2018-07-06 23:14:27'),
(458, 'logout', '{\"status\":true,\"id\":\"7\",\"identity\":\"mainadmin@mainadmin.com\",\"ip\":\"::1\"}', '2018-07-06 23:52:53'),
(459, 'login', '{\"status\":true,\"identity\":\"mainadmin@mainadmin.com\",\"ip\":\"::1\"}', '2018-07-06 23:53:05'),
(460, 'logout', '{\"status\":true,\"id\":\"7\",\"identity\":\"mainadmin@mainadmin.com\",\"ip\":\"::1\"}', '2018-07-06 23:55:31'),
(461, 'login', '{\"status\":true,\"identity\":\"salesrepsuzie@salesrepsuzie.com\",\"ip\":\"::1\"}', '2018-07-06 23:55:43'),
(462, 'login', '{\"status\":true,\"identity\":\"mainadmin@mainadmin.com\",\"ip\":\"::1\"}', '2018-07-07 00:38:27'),
(463, 'logout', '{\"status\":true,\"id\":\"7\",\"identity\":\"mainadmin@mainadmin.com\",\"ip\":\"::1\"}', '2018-07-07 00:38:33'),
(464, 'login', '{\"status\":true,\"identity\":\"salesrepsuzie@salesrepsuzie.com\",\"ip\":\"::1\"}', '2018-07-07 00:38:46'),
(465, 'login', '{\"status\":true,\"identity\":\"salesrepsuzie@salesrepsuzie.com\",\"ip\":\"::1\"}', '2018-07-07 11:29:51'),
(466, 'login', '{\"status\":true,\"identity\":\"salesrepsuzie@salesrepsuzie.com\",\"ip\":\"::1\"}', '2018-07-07 11:59:31'),
(467, 'login', '{\"status\":true,\"identity\":\"salesrepsuzie@salesrepsuzie.com\",\"ip\":\"::1\"}', '2018-07-07 21:43:07'),
(468, 'login', '{\"status\":true,\"identity\":\"mainadmin@mainadmin.com\",\"ip\":\"::1\"}', '2018-07-08 11:29:38'),
(469, 'logout', '{\"status\":true,\"id\":\"7\",\"identity\":\"mainadmin@mainadmin.com\",\"ip\":\"::1\"}', '2018-07-08 11:29:59'),
(470, 'login', '{\"status\":true,\"identity\":\"salesrepsuzie@salesrepsuzie.com\",\"ip\":\"::1\"}', '2018-07-08 11:30:14'),
(471, 'login', '{\"status\":true,\"identity\":\"salesrepsuzie@salesrepsuzie.com\",\"ip\":\"::1\"}', '2018-07-08 16:45:12'),
(472, 'login', '{\"status\":true,\"identity\":\"salesrepsuzie@salesrepsuzie.com\",\"ip\":\"::1\"}', '2018-07-09 12:10:38'),
(473, 'login', '{\"status\":true,\"identity\":\"salesrepsuzie@salesrepsuzie.com\",\"ip\":\"::1\"}', '2018-07-09 14:34:37'),
(474, 'login', '{\"status\":true,\"identity\":\"salesrepsuzie@salesrepsuzie.com\",\"ip\":\"::1\"}', '2018-07-09 23:01:42'),
(475, 'login', '{\"status\":true,\"identity\":\"mainadmin@mainadmin.com\",\"ip\":\"::1\"}', '2018-07-10 00:01:03'),
(476, 'logout', '{\"status\":true,\"id\":null,\"identity\":null,\"ip\":\"::1\"}', '2018-07-10 11:29:38'),
(477, 'login', '{\"status\":true,\"identity\":\"mainadmin@mainadmin.com\",\"ip\":\"::1\"}', '2018-07-10 11:29:55'),
(478, 'logout', '{\"status\":true,\"id\":\"7\",\"identity\":\"mainadmin@mainadmin.com\",\"ip\":\"::1\"}', '2018-07-10 11:33:03'),
(479, 'logout', '{\"status\":true,\"id\":null,\"identity\":null,\"ip\":\"::1\"}', '2018-07-10 15:13:19'),
(480, 'logout', '{\"status\":true,\"id\":null,\"identity\":null,\"ip\":\"::1\"}', '2018-07-10 22:01:32'),
(481, 'login', '{\"status\":true,\"identity\":\"admin@admin.com\",\"ip\":\"::1\"}', '2018-07-10 22:01:49'),
(482, 'login', '{\"status\":true,\"identity\":\"admin@admin.com\",\"ip\":\"::1\"}', '2018-07-15 18:58:48'),
(483, 'logout', '{\"status\":true,\"id\":\"1\",\"identity\":\"admin@admin.com\",\"ip\":\"::1\"}', '2018-07-15 18:59:42'),
(484, 'login', '{\"status\":true,\"identity\":\"mainadmin@mainadmin.com\",\"ip\":\"::1\"}', '2018-07-15 19:00:00'),
(485, 'logout', '{\"status\":true,\"id\":\"7\",\"identity\":\"mainadmin@mainadmin.com\",\"ip\":\"::1\"}', '2018-07-15 19:01:48'),
(486, 'login', '{\"status\":true,\"identity\":\"salesrepsuzie@salesrepsuzie.com\",\"ip\":\"::1\"}', '2018-07-15 19:02:15'),
(487, 'login', '{\"status\":true,\"identity\":\"salesrepsuzie@salesrepsuzie.com\",\"ip\":\"::1\"}', '2018-07-15 19:28:57'),
(488, 'login', '{\"status\":true,\"identity\":\"Salesrepsuzie@Salesrepsuzie.com\",\"ip\":\"::1\"}', '2018-07-15 20:11:41'),
(489, 'login', '{\"status\":true,\"identity\":\"salesrepsuzie@salesrepsuzie.com\",\"ip\":\"::1\"}', '2018-07-15 20:28:36'),
(490, 'login', '{\"status\":true,\"identity\":\"salesrepsuzie@salesrepsuzie.com\",\"ip\":\"::1\"}', '2018-07-15 20:30:28'),
(491, 'logout', '{\"status\":true,\"id\":\"11\",\"identity\":\"salesrepsuzie@salesrepsuzie.com\",\"ip\":\"::1\"}', '2018-07-15 20:37:48'),
(492, 'login', '{\"status\":true,\"identity\":\"mainadmin@mainadmin.com\",\"ip\":\"::1\"}', '2018-07-15 20:38:24'),
(493, 'login', '{\"status\":true,\"identity\":\"salesrepsuzie@salesrepsuzie.com\",\"ip\":\"::1\"}', '2018-07-15 21:07:54'),
(494, 'login', '{\"status\":true,\"identity\":\"mainadmin@mainadmin.com\",\"ip\":\"::1\"}', '2018-07-16 10:49:51'),
(495, 'logout', '{\"status\":true,\"id\":\"7\",\"identity\":\"mainadmin@mainadmin.com\",\"ip\":\"::1\"}', '2018-07-16 11:22:40'),
(496, 'login', '{\"status\":true,\"identity\":\"admin@admin.com\",\"ip\":\"::1\"}', '2018-07-16 11:22:54'),
(497, 'logout', '{\"status\":true,\"id\":\"1\",\"identity\":\"admin@admin.com\",\"ip\":\"::1\"}', '2018-07-16 11:25:19'),
(498, 'login', '{\"status\":true,\"identity\":\"mainadmin@mainadmin.com\",\"ip\":\"::1\"}', '2018-07-16 11:25:30'),
(499, 'logout', '{\"status\":true,\"id\":\"7\",\"identity\":\"mainadmin@mainadmin.com\",\"ip\":\"::1\"}', '2018-07-16 12:47:35'),
(500, 'login', '{\"status\":true,\"identity\":\"salesrepsuzie@salesrepsuzie.com\",\"ip\":\"::1\"}', '2018-07-16 12:47:41'),
(501, 'login', '{\"status\":true,\"identity\":\"mainadmin@mainadmin.com\",\"ip\":\"::1\"}', '2018-07-16 17:56:09'),
(502, 'logout', '{\"status\":true,\"id\":\"7\",\"identity\":\"mainadmin@mainadmin.com\",\"ip\":\"::1\"}', '2018-07-16 18:00:21'),
(503, 'login', '{\"status\":true,\"identity\":\"salesrepsuzie@salesrepsuzie.com\",\"ip\":\"::1\"}', '2018-07-16 18:00:39'),
(504, 'logout', '{\"status\":true,\"id\":\"11\",\"identity\":\"salesrepsuzie@salesrepsuzie.com\",\"ip\":\"::1\"}', '2018-07-16 18:33:54'),
(505, 'login', '{\"status\":true,\"identity\":\"mainadmin@mainadmin.com\",\"ip\":\"::1\"}', '2018-07-16 18:34:06'),
(506, 'logout', '{\"status\":true,\"id\":\"7\",\"identity\":\"mainadmin@mainadmin.com\",\"ip\":\"::1\"}', '2018-07-16 18:35:18'),
(507, 'login', '{\"status\":true,\"identity\":\"admin@admin.com\",\"ip\":\"::1\"}', '2018-07-16 18:35:27'),
(508, 'logout', '{\"status\":true,\"id\":\"1\",\"identity\":\"admin@admin.com\",\"ip\":\"::1\"}', '2018-07-16 18:36:13'),
(509, 'logout', '{\"status\":true,\"id\":null,\"identity\":null,\"ip\":\"::1\"}', '2018-07-16 18:41:03'),
(510, 'login', '{\"status\":true,\"identity\":\"mainadmin@mainadmin.com\",\"ip\":\"::1\"}', '2018-07-16 18:42:01'),
(511, 'login', '{\"status\":true,\"identity\":\"salesrepsuzie@salesrepsuzie.com\",\"ip\":\"::1\"}', '2018-07-16 18:44:28'),
(512, 'login', '{\"status\":true,\"identity\":\"mainadmin@mainadmin.com\",\"ip\":\"::1\"}', '2018-07-16 19:11:47'),
(513, 'update_user', '{\"status\":true,\"via\":\"admin\",\"identity\":\"james@mainevent.com\",\"ip\":\"::1\"}', '2018-07-16 19:16:34'),
(514, 'logout', '{\"status\":true,\"id\":\"11\",\"identity\":\"james@mainevent.com\",\"ip\":\"::1\"}', '2018-07-16 19:16:51'),
(515, 'login', '{\"status\":true,\"identity\":\"james@mainevent.com\",\"ip\":\"::1\"}', '2018-07-16 19:17:05'),
(516, 'logout', '{\"status\":true,\"id\":\"7\",\"identity\":\"mainadmin@mainadmin.com\",\"ip\":\"::1\"}', '2018-07-16 19:35:37'),
(517, 'login', '{\"status\":true,\"identity\":\"mainadmin@mainadmin.com\",\"ip\":\"::1\"}', '2018-07-16 19:35:53'),
(518, 'logout', '{\"status\":true,\"id\":\"7\",\"identity\":\"mainadmin@mainadmin.com\",\"ip\":\"::1\"}', '2018-07-16 19:39:29'),
(519, 'login', '{\"status\":true,\"identity\":\"admin@admin.com\",\"ip\":\"::1\"}', '2018-07-16 19:39:42'),
(520, 'logout', '{\"status\":true,\"id\":\"1\",\"identity\":\"admin@admin.com\",\"ip\":\"::1\"}', '2018-07-16 19:42:28'),
(521, 'login', '{\"status\":true,\"identity\":\"mainadmin@mainadmin.com\",\"ip\":\"::1\"}', '2018-07-16 19:42:42'),
(522, 'logout', '{\"status\":true,\"id\":\"7\",\"identity\":\"mainadmin@mainadmin.com\",\"ip\":\"::1\"}', '2018-07-16 19:53:30'),
(523, 'login', '{\"status\":true,\"identity\":\"admin@admin.com\",\"ip\":\"::1\"}', '2018-07-16 19:53:46'),
(524, 'login', '{\"status\":true,\"identity\":\"mainadmin@mainadmin.com\",\"ip\":\"::1\"}', '2018-08-08 12:20:30'),
(525, 'login', '{\"status\":true,\"identity\":\"admin@admin.com\",\"ip\":\"::1\"}', '2018-08-15 16:58:20'),
(526, 'logout', '{\"status\":true,\"id\":\"1\",\"identity\":\"admin@admin.com\",\"ip\":\"::1\"}', '2018-08-15 16:58:40'),
(527, 'login', '{\"status\":true,\"identity\":\"mainadmin@mainadmin.com\",\"ip\":\"::1\"}', '2018-08-15 16:58:58'),
(528, 'login', '{\"status\":true,\"identity\":\"mainadmin@mainadmin.com\",\"ip\":\"::1\"}', '2018-08-16 12:21:24'),
(529, 'login', '{\"status\":true,\"identity\":\"admin@admin.com\",\"ip\":\"::1\"}', '2018-08-16 12:35:41'),
(530, 'login', '{\"status\":true,\"identity\":\"admin@admin.com\",\"ip\":\"::1\"}', '2018-08-16 15:34:31'),
(531, 'login', '{\"status\":true,\"identity\":\"mainadmin@mainadmin.com\",\"ip\":\"::1\"}', '2018-08-16 19:36:43'),
(532, 'login', '{\"status\":true,\"identity\":\"mainadmin@mainadmin.com\",\"ip\":\"::1\"}', '2018-08-16 21:35:47'),
(533, 'login', '{\"status\":true,\"identity\":\"admin@admin.com\",\"ip\":\"::1\"}', '2018-08-16 21:46:24'),
(534, 'login', '{\"status\":true,\"identity\":\"mainadmin@mainadmin.com\",\"ip\":\"::1\"}', '2018-08-17 04:15:42'),
(535, 'logout', '{\"status\":true,\"id\":null,\"identity\":null,\"ip\":\"::1\"}', '2018-08-17 15:09:10'),
(536, 'login', '{\"status\":true,\"identity\":\"mainadmin@mainadmin.com\",\"ip\":\"::1\"}', '2018-08-17 15:10:03'),
(537, 'login', '{\"status\":true,\"identity\":\"mainadmin@mainadmin.com\",\"ip\":\"::1\"}', '2018-08-17 17:18:09'),
(538, 'logout', '{\"status\":true,\"id\":null,\"identity\":null,\"ip\":\"::1\"}', '2018-08-17 19:11:37'),
(539, 'login', '{\"status\":true,\"identity\":\"mainadmin@mainadmin.com\",\"ip\":\"::1\"}', '2018-08-17 19:11:56'),
(540, 'login', '{\"status\":true,\"identity\":\"mainadmin@mainadmin.com\",\"ip\":\"::1\"}', '2018-08-17 20:05:16'),
(541, 'logout', '{\"status\":true,\"id\":null,\"identity\":null,\"ip\":\"::1\"}', '2018-08-18 13:43:38'),
(542, 'login', '{\"status\":true,\"identity\":\"mainadmin@mainadmin.com\",\"ip\":\"::1\"}', '2018-08-18 13:43:51'),
(543, 'login', '{\"status\":true,\"identity\":\"mainadmin@mainadmin.com\",\"ip\":\"::1\"}', '2018-08-18 20:14:33'),
(544, 'logout', '{\"status\":true,\"id\":null,\"identity\":null,\"ip\":\"::1\"}', '2018-08-19 14:34:58'),
(545, 'login', '{\"status\":true,\"identity\":\"mainadmin@mainadmin.com\",\"ip\":\"::1\"}', '2018-08-19 14:35:25'),
(546, 'logout', '{\"status\":true,\"id\":null,\"identity\":null,\"ip\":\"::1\"}', '2018-08-19 23:23:32'),
(547, 'login', '{\"status\":true,\"identity\":\"mainadmin@mainadmin.com\",\"ip\":\"::1\"}', '2018-08-19 23:24:02'),
(548, 'logout', '{\"status\":true,\"id\":null,\"identity\":null,\"ip\":\"::1\"}', '2018-08-20 05:05:25'),
(549, 'login', '{\"status\":true,\"identity\":\"mainadmin@mainadmin.com\",\"ip\":\"::1\"}', '2018-08-20 05:05:37'),
(550, 'logout', '{\"status\":true,\"id\":null,\"identity\":null,\"ip\":\"::1\"}', '2018-08-20 12:43:15'),
(551, 'login', '{\"status\":true,\"identity\":\"mainadmin@mainadmin.com\",\"ip\":\"::1\"}', '2018-08-20 12:44:12'),
(552, 'login', '{\"status\":true,\"identity\":\"mainadmin@mainadmin.com\",\"ip\":\"::1\"}', '2018-08-21 10:27:20'),
(553, 'login', '{\"status\":true,\"identity\":\"mainadmin@mainadmin.com\",\"ip\":\"::1\"}', '2018-08-23 21:52:34'),
(554, 'login', '{\"status\":true,\"identity\":\"mainadmin@mainadmin.com\",\"ip\":\"::1\"}', '2018-08-24 00:58:07'),
(555, 'login', '{\"status\":true,\"identity\":\"mainadmin@mainadmin.com\",\"ip\":\"::1\"}', '2018-08-24 17:33:17'),
(556, 'login', '{\"status\":true,\"identity\":\"mainadmin@mainadmin.com\",\"ip\":\"::1\"}', '2018-08-24 20:23:42'),
(557, 'logout', '{\"status\":true,\"id\":\"7\",\"identity\":\"mainadmin@mainadmin.com\",\"ip\":\"::1\"}', '2018-08-24 20:53:05'),
(558, 'login', '{\"status\":true,\"identity\":\"admin@admin.com\",\"ip\":\"::1\"}', '2018-08-24 20:53:27'),
(559, 'login', '{\"status\":true,\"identity\":\"mainadmin@mainadmin.com\",\"ip\":\"::1\"}', '2018-08-24 22:27:47'),
(560, 'login', '{\"status\":true,\"identity\":\"mainadmin@mainadmin.com\",\"ip\":\"::1\"}', '2018-08-25 17:15:35'),
(561, 'logout', '{\"status\":true,\"id\":null,\"identity\":null,\"ip\":\"::1\"}', '2018-08-25 20:24:34'),
(562, 'login', '{\"status\":true,\"identity\":\"mainadmin@mainadmin.com\",\"ip\":\"::1\"}', '2018-08-25 20:24:45'),
(563, 'login', '{\"status\":true,\"identity\":\"mainadmin@mainadmin.com\",\"ip\":\"::1\"}', '2018-08-26 00:59:40'),
(564, 'logout', '{\"status\":true,\"id\":null,\"identity\":null,\"ip\":\"::1\"}', '2018-08-26 18:01:52'),
(565, 'login', '{\"status\":true,\"identity\":\"mainadmin@mainadmin.com\",\"ip\":\"::1\"}', '2018-08-26 18:02:07'),
(566, 'logout', '{\"status\":true,\"id\":null,\"identity\":null,\"ip\":\"::1\"}', '2018-08-27 13:26:52'),
(567, 'login', '{\"status\":true,\"identity\":\"mainadmin@mainadmin.com\",\"ip\":\"::1\"}', '2018-08-27 13:27:05'),
(568, 'logout', '{\"status\":true,\"id\":null,\"identity\":null,\"ip\":\"::1\"}', '2018-08-27 17:31:34'),
(569, 'login', '{\"status\":true,\"identity\":\"mainadmin@mainadmin.com\",\"ip\":\"::1\"}', '2018-08-27 17:31:47'),
(570, 'login', '{\"status\":true,\"identity\":\"mainadmin@mainadmin.com\",\"ip\":\"::1\"}', '2018-08-27 21:18:47'),
(571, 'login', '{\"status\":true,\"identity\":\"mainadmin@mainadmin.com\",\"ip\":\"::1\"}', '2018-08-28 15:09:38'),
(572, 'login', '{\"status\":true,\"identity\":\"mainadmin@mainadmin.com\",\"ip\":\"::1\"}', '2018-08-28 22:08:44'),
(573, 'login', '{\"status\":true,\"identity\":\"mainadmin@mainadmin.com\",\"ip\":\"::1\"}', '2018-08-29 11:04:36'),
(574, 'logout', '{\"status\":true,\"id\":null,\"identity\":null,\"ip\":\"::1\"}', '2018-08-29 21:38:07'),
(575, 'login', '{\"status\":true,\"identity\":\"mainadmin@mainadmin.com\",\"ip\":\"::1\"}', '2018-08-29 21:38:24'),
(576, 'logout', '{\"status\":true,\"id\":null,\"identity\":null,\"ip\":\"::1\"}', '2018-08-30 03:41:48'),
(577, 'login', '{\"status\":true,\"identity\":\"mainadmin@mainadmin.com\",\"ip\":\"::1\"}', '2018-08-30 03:41:58'),
(578, 'login', '{\"status\":true,\"identity\":\"mainadmin@mainadmin.com\",\"ip\":\"::1\"}', '2018-08-30 10:49:49'),
(579, 'login', '{\"status\":true,\"identity\":\"mainadmin@mainadmin.com\",\"ip\":\"::1\"}', '2018-08-30 17:24:53'),
(580, 'update_user', '{\"status\":true,\"via\":\"admin\",\"identity\":\"mainadmin@mainadmin.com\",\"ip\":\"::1\"}', '2018-08-30 21:27:07'),
(581, 'logout', '{\"status\":true,\"id\":\"7\",\"identity\":\"mainadmin@mainadmin.com\",\"ip\":\"::1\"}', '2018-08-30 21:27:24'),
(582, 'login', '{\"status\":true,\"identity\":\"mainadmin@mainadmin.com\",\"ip\":\"::1\"}', '2018-08-30 21:29:16'),
(583, 'logout', '{\"status\":true,\"id\":\"7\",\"identity\":\"mainadmin@mainadmin.com\",\"ip\":\"::1\"}', '2018-08-30 21:33:51'),
(584, 'login', '{\"status\":true,\"identity\":\"james@mainevent.com\",\"ip\":\"::1\"}', '2018-08-30 21:34:08'),
(585, 'login', '{\"status\":true,\"identity\":\"mainadmin@mainadmin.com\",\"ip\":\"::1\"}', '2018-08-31 12:01:43'),
(586, 'login', '{\"status\":true,\"identity\":\"mainadmin@mainadmin.com\",\"ip\":\"::1\"}', '2018-08-31 17:04:05'),
(587, 'login', '{\"status\":true,\"identity\":\"mainadmin@mainadmin.com\",\"ip\":\"::1\"}', '2018-09-01 00:18:30'),
(588, 'logout', '{\"status\":true,\"id\":null,\"identity\":null,\"ip\":\"::1\"}', '2018-09-01 15:28:57'),
(589, 'login', '{\"status\":true,\"identity\":\"mainadmin@mainadmin.com\",\"ip\":\"::1\"}', '2018-09-01 15:29:08'),
(590, 'login', '{\"status\":true,\"identity\":\"mainadmin@mainadmin.com\",\"ip\":\"::1\"}', '2018-09-01 21:57:33'),
(591, 'login', '{\"status\":true,\"identity\":\"mainadmin@mainadmin.com\",\"ip\":\"::1\"}', '2018-09-02 18:05:24'),
(592, 'login', '{\"status\":true,\"identity\":\"mainadmin@mainadmin.com\",\"ip\":\"::1\"}', '2018-09-03 12:22:17'),
(593, 'login', '{\"status\":true,\"identity\":\"mainadmin@mainadmin.com\",\"ip\":\"::1\"}', '2018-09-03 14:51:16'),
(594, 'login', '{\"status\":true,\"identity\":\"mainadmin@mainadmin.com\",\"ip\":\"::1\"}', '2018-09-03 17:04:14'),
(595, 'login', '{\"status\":true,\"identity\":\"mainadmin@mainadmin.com\",\"ip\":\"::1\"}', '2018-09-03 22:04:35'),
(596, 'login', '{\"status\":true,\"identity\":\"mainadmin@mainadmin.com\",\"ip\":\"::1\"}', '2018-09-04 11:41:02'),
(597, 'login', '{\"status\":true,\"identity\":\"mainadmin@mainadmin.com\",\"ip\":\"::1\"}', '2018-09-04 17:39:19'),
(598, 'login', '{\"status\":true,\"identity\":\"mainadmin@mainadmin.com\",\"ip\":\"::1\"}', '2018-09-04 19:16:28'),
(599, 'login', '{\"status\":true,\"identity\":\"mainadmin@mainadmin.com\",\"ip\":\"::1\"}', '2018-09-04 23:08:24'),
(600, 'login', '{\"status\":true,\"identity\":\"mainadmin@mainadmin.com\",\"ip\":\"::1\"}', '2018-09-05 11:32:42'),
(601, 'login', '{\"status\":true,\"identity\":\"mainadmin@mainadmin.com\",\"ip\":\"::1\"}', '2018-09-05 15:28:54'),
(602, 'logout', '{\"status\":true,\"id\":\"7\",\"identity\":\"mainadmin@mainadmin.com\",\"ip\":\"::1\"}', '2018-09-05 17:04:07'),
(603, 'login', '{\"status\":true,\"identity\":\"mainadmin@mainadmin.com\",\"ip\":\"::1\"}', '2018-09-05 17:04:20'),
(604, 'logout', '{\"status\":true,\"id\":\"7\",\"identity\":\"mainadmin@mainadmin.com\",\"ip\":\"::1\"}', '2018-09-05 17:04:29'),
(605, 'login', '{\"status\":true,\"identity\":\"admin@admin.com\",\"ip\":\"::1\"}', '2018-09-05 17:04:53'),
(606, 'register', '{\"status\":true,\"via\":\"admin\",\"identity\":\"nishe.clarke@maineventjamaica.com\",\"ip\":\"::1\"}', '2018-09-05 17:15:03'),
(607, 'register', '{\"status\":true,\"via\":\"admin\",\"identity\":\"lancelot.edwards@maineventjamaica.com\",\"ip\":\"::1\"}', '2018-09-05 17:16:06'),
(608, 'logout', '{\"status\":true,\"id\":\"1\",\"identity\":\"admin@admin.com\",\"ip\":\"::1\"}', '2018-09-05 17:16:25'),
(609, 'login', '{\"status\":true,\"identity\":\"mainadmin@mainadmin.com\",\"ip\":\"::1\"}', '2018-09-05 17:16:39'),
(610, 'logout', '{\"status\":true,\"id\":\"7\",\"identity\":\"mainadmin@mainadmin.com\",\"ip\":\"::1\"}', '2018-09-05 17:19:03'),
(611, 'login', '{\"status\":false,\"message\":\"Incorrect Login\",\"identity\":\"admin@admin.com\",\"ip\":\"::1\"}', '2018-09-05 17:19:13'),
(612, 'login', '{\"status\":true,\"identity\":\"admin@admin.com\",\"ip\":\"::1\"}', '2018-09-05 17:19:25'),
(613, 'logout', '{\"status\":true,\"id\":\"1\",\"identity\":\"admin@admin.com\",\"ip\":\"::1\"}', '2018-09-05 17:20:02'),
(614, 'login', '{\"status\":true,\"identity\":\"mainadmin@mainadmin.com\",\"ip\":\"104.244.230.34\"}', '2018-09-05 17:28:45'),
(615, 'logout', '{\"status\":true,\"id\":null,\"identity\":null,\"ip\":\"104.244.230.34\"}', '2018-09-05 17:45:55'),
(616, 'login', '{\"status\":true,\"identity\":\"mainadmin@mainadmin.com\",\"ip\":\"104.244.230.34\"}', '2018-09-05 17:46:16'),
(617, 'logout', '{\"status\":true,\"id\":\"7\",\"identity\":\"mainadmin@mainadmin.com\",\"ip\":\"104.244.230.34\"}', '2018-09-05 19:27:32'),
(618, 'login', '{\"status\":true,\"identity\":\"admin@admin.com\",\"ip\":\"104.244.230.34\"}', '2018-09-05 19:27:52'),
(619, 'logout', '{\"status\":true,\"id\":\"1\",\"identity\":\"admin@admin.com\",\"ip\":\"104.244.230.34\"}', '2018-09-05 19:28:31'),
(620, 'login', '{\"status\":true,\"identity\":\"mainadmin@mainadmin.com\",\"ip\":\"104.244.230.34\"}', '2018-09-05 19:28:52'),
(621, 'logout', '{\"status\":true,\"id\":\"7\",\"identity\":\"mainadmin@mainadmin.com\",\"ip\":\"104.244.230.34\"}', '2018-09-05 19:30:53'),
(622, 'login', '{\"status\":true,\"identity\":\"admin@admin.com\",\"ip\":\"104.244.230.34\"}', '2018-09-05 19:31:07'),
(623, 'update_user', '{\"status\":true,\"via\":\"admin\",\"identity\":\"niche.clarke@maineventjamaica.com\",\"ip\":\"104.244.230.34\"}', '2018-09-05 19:33:59'),
(624, 'logout', '{\"status\":true,\"id\":\"1\",\"identity\":\"admin@admin.com\",\"ip\":\"104.244.230.34\"}', '2018-09-05 19:37:52'),
(625, 'login', '{\"status\":true,\"identity\":\"mainadmin@mainadmin.com\",\"ip\":\"104.244.230.34\"}', '2018-09-05 19:38:07'),
(626, 'logout', '{\"status\":true,\"id\":\"7\",\"identity\":\"mainadmin@mainadmin.com\",\"ip\":\"104.244.230.34\"}', '2018-09-05 19:44:42'),
(627, 'login', '{\"status\":true,\"identity\":\"niche.clarke@maineventjamaica.com\",\"ip\":\"104.244.230.34\"}', '2018-09-05 19:47:06'),
(628, 'login', '{\"status\":true,\"identity\":\"niche.clarke@maineventjamaica.com\",\"ip\":\"63.143.113.114\"}', '2018-09-05 19:52:07'),
(629, 'login', '{\"status\":true,\"identity\":\"niche.clarke@maineventjamaica.com\",\"ip\":\"63.143.113.114\"}', '2018-09-06 15:46:30'),
(630, 'login', '{\"status\":true,\"identity\":\"admin@admin.com\",\"ip\":\"104.244.229.183\"}', '2018-09-08 13:42:32'),
(631, 'update_user', '{\"status\":true,\"via\":\"admin\",\"identity\":\"lancelot.edwards@maineventjamaica.com\",\"ip\":\"104.244.229.183\"}', '2018-09-08 13:43:40'),
(632, 'logout', '{\"status\":true,\"id\":\"1\",\"identity\":\"admin@admin.com\",\"ip\":\"104.244.229.183\"}', '2018-09-08 13:43:58'),
(633, 'login', '{\"status\":true,\"identity\":\"lancelot.edwards@maineventjamaica.com\",\"ip\":\"104.244.229.183\"}', '2018-09-08 13:44:09'),
(634, 'logout', '{\"status\":true,\"id\":\"19\",\"identity\":\"lancelot.edwards@maineventjamaica.com\",\"ip\":\"104.244.229.183\"}', '2018-09-08 13:44:31'),
(635, 'login', '{\"status\":true,\"identity\":\"niche.clarke@maineventjamaica.com\",\"ip\":\"104.244.227.10\"}', '2018-09-08 13:52:23'),
(636, 'login', '{\"status\":false,\"message\":\"Incorrect Login\",\"identity\":\"lancelot.edwards@maineventjamaica.com\",\"ip\":\"96.43.180.151\"}', '2018-09-08 15:06:13'),
(637, 'login', '{\"status\":false,\"message\":\"Incorrect Login\",\"identity\":\"lancelot.edwards@maineventjamaica.com\",\"ip\":\"96.43.180.151\"}', '2018-09-08 15:06:51'),
(638, 'login', '{\"status\":false,\"message\":\"Incorrect Login\",\"identity\":\"lancelot.edwards@maineventjamaica.com\",\"ip\":\"96.43.180.151\"}', '2018-09-08 15:10:50'),
(639, 'login', '{\"status\":true,\"identity\":\"lancelot.edwards@maineventjamaica.com\",\"ip\":\"96.43.180.151\"}', '2018-09-08 15:11:42'),
(640, 'login', '{\"status\":true,\"identity\":\"lancelot.edwards@maineventjamaica.com\",\"ip\":\"96.43.180.230\"}', '2018-09-09 11:44:56'),
(641, 'login', '{\"status\":true,\"identity\":\"admin@admin.com\",\"ip\":\"104.244.230.156\"}', '2018-09-10 11:53:04'),
(642, 'logout', '{\"status\":true,\"id\":\"1\",\"identity\":\"admin@admin.com\",\"ip\":\"104.244.229.183\"}', '2018-09-10 12:44:02'),
(643, 'login', '{\"status\":true,\"identity\":\"mainadmin@mainadmin.com\",\"ip\":\"104.244.229.183\"}', '2018-09-10 12:44:21'),
(644, 'login', '{\"status\":true,\"identity\":\"lancelot.edwards@maineventjamaica.com\",\"ip\":\"63.143.113.114\"}', '2018-09-10 13:41:25'),
(645, 'login', '{\"status\":true,\"identity\":\"niche.clarke@maineventjamaica.com\",\"ip\":\"63.143.114.251\"}', '2018-09-10 18:04:50'),
(646, 'login', '{\"status\":true,\"identity\":\"lancelot.edwards@maineventjamaica.com\",\"ip\":\"63.143.113.114\"}', '2018-09-10 20:11:58'),
(647, 'login', '{\"status\":true,\"identity\":\"mainadmin@mainadmin.com\",\"ip\":\"104.244.227.110\"}', '2018-09-10 21:33:36'),
(648, 'login', '{\"status\":true,\"identity\":\"lancelot.edwards@maineventjamaica.com\",\"ip\":\"63.143.113.114\"}', '2018-09-11 13:48:00'),
(649, 'login', '{\"status\":true,\"identity\":\"lancelot.edwards@maineventjamaica.com\",\"ip\":\"96.43.180.166\"}', '2018-09-11 16:10:58'),
(650, 'login', '{\"status\":true,\"identity\":\"mainadmin@mainadmin.com\",\"ip\":\"104.244.227.202\"}', '2018-09-11 18:18:01'),
(651, 'login', '{\"status\":true,\"identity\":\"mainadmin@mainadmin.com\",\"ip\":\"104.244.227.202\"}', '2018-09-11 22:29:50'),
(652, 'login', '{\"status\":true,\"identity\":\"mainadmin@mainadmin.com\",\"ip\":\"104.244.229.183\"}', '2018-09-12 15:33:56'),
(653, 'login', '{\"status\":true,\"identity\":\"mainadmin@mainadmin.com\",\"ip\":\"104.244.229.183\"}', '2018-09-13 12:46:29'),
(654, 'login', '{\"status\":true,\"identity\":\"mainadmin@mainadmin.com\",\"ip\":\"104.244.230.205\"}', '2018-09-13 17:40:19'),
(655, 'login', '{\"status\":true,\"identity\":\"lancelot.edwards@maineventjamaica.com\",\"ip\":\"96.43.180.231\"}', '2018-09-13 22:51:06'),
(656, 'login', '{\"status\":true,\"identity\":\"lancelot.edwards@maineventjamaica.com\",\"ip\":\"96.43.180.190\"}', '2018-09-14 10:57:35'),
(657, 'login', '{\"status\":true,\"identity\":\"lancelot.edwards@maineventjamaica.com\",\"ip\":\"165.225.32.51\"}', '2018-09-17 12:52:49'),
(658, 'login', '{\"status\":true,\"identity\":\"lancelot.edwards@maineventjamaica.com\",\"ip\":\"165.225.32.51\"}', '2018-09-18 13:00:02'),
(659, 'login', '{\"status\":true,\"identity\":\"niche.clarke@maineventjamaica.com\",\"ip\":\"63.143.113.114\"}', '2018-09-18 13:19:32'),
(660, 'login', '{\"status\":true,\"identity\":\"admin@admin.com\",\"ip\":\"104.244.230.147\"}', '2018-09-19 12:04:46'),
(661, 'login', '{\"status\":true,\"identity\":\"mainadmin@mainadmin.com\",\"ip\":\"104.244.230.147\"}', '2018-09-19 12:07:36'),
(662, 'login', '{\"status\":true,\"identity\":\"lancelot.edwards@maineventjamaica.com\",\"ip\":\"165.225.32.51\"}', '2018-09-19 12:48:24'),
(663, 'login', '{\"status\":true,\"identity\":\"lancelot.edwards@maineventjamaica.com\",\"ip\":\"165.225.32.51\"}', '2018-09-19 16:47:23'),
(664, 'login', '{\"status\":true,\"identity\":\"lancelot.edwards@maineventjamaica.com\",\"ip\":\"165.225.32.51\"}', '2018-09-19 19:35:55'),
(665, 'login', '{\"status\":true,\"identity\":\"lancelot.edwards@maineventjamaica.com\",\"ip\":\"96.43.180.214\"}', '2018-09-20 00:24:38'),
(666, 'login', '{\"status\":true,\"identity\":\"lancelot.edwards@maineventjamaica.com\",\"ip\":\"165.225.32.51\"}', '2018-09-20 14:38:06'),
(667, 'login', '{\"status\":true,\"identity\":\"lancelot.edwards@maineventjamaica.com\",\"ip\":\"165.225.32.51\"}', '2018-09-20 14:38:06'),
(668, 'login', '{\"status\":true,\"identity\":\"lancelot.edwards@maineventjamaica.com\",\"ip\":\"165.225.32.51\"}', '2018-09-20 20:53:26'),
(669, 'login', '{\"status\":true,\"identity\":\"lancelot.edwards@maineventjamaica.com\",\"ip\":\"165.225.32.51\"}', '2018-09-21 13:12:44'),
(670, 'login', '{\"status\":true,\"identity\":\"lancelot.edwards@maineventjamaica.com\",\"ip\":\"165.225.32.51\"}', '2018-09-24 13:04:18'),
(671, 'login', '{\"status\":true,\"identity\":\"lancelot.edwards@maineventjamaica.com\",\"ip\":\"63.143.113.114\"}', '2018-09-24 17:45:05'),
(672, 'login', '{\"status\":true,\"identity\":\"niche.clarke@maineventjamaica.com\",\"ip\":\"63.143.113.114\"}', '2018-09-24 17:58:30'),
(673, 'login', '{\"status\":true,\"identity\":\"niche.clarke@maineventjamaica.com\",\"ip\":\"165.225.32.65\"}', '2018-09-24 18:11:50'),
(674, 'login', '{\"status\":true,\"identity\":\"lancelot.edwards@maineventjamaica.com\",\"ip\":\"63.143.113.114\"}', '2018-09-25 15:58:23'),
(675, 'login', '{\"status\":true,\"identity\":\"lancelot.edwards@maineventjamaica.com\",\"ip\":\"63.143.113.114\"}', '2018-09-25 21:03:22'),
(676, 'login', '{\"status\":true,\"identity\":\"mainadmin@mainadmin.com\",\"ip\":\"63.143.117.18\"}', '2018-09-25 21:44:54'),
(677, 'login', '{\"status\":true,\"identity\":\"lancelot.edwards@maineventjamaica.com\",\"ip\":\"165.225.32.51\"}', '2018-09-26 13:15:05'),
(678, 'login', '{\"status\":true,\"identity\":\"niche.clarke@maineventjamaica.com\",\"ip\":\"209.236.42.7\"}', '2018-09-26 15:03:36'),
(679, 'login', '{\"status\":true,\"identity\":\"niche.clarke@maineventjamaica.com\",\"ip\":\"63.143.113.114\"}', '2018-09-28 13:30:40'),
(680, 'login', '{\"status\":true,\"identity\":\"mainadmin@mainadmin.com\",\"ip\":\"104.244.230.193\"}', '2018-09-29 22:10:19'),
(681, 'login', '{\"status\":true,\"identity\":\"niche.clarke@maineventjamaica.com\",\"ip\":\"104.244.230.212\"}', '2018-09-30 20:45:37'),
(682, 'login', '{\"status\":true,\"identity\":\"niche.clarke@maineventjamaica.com\",\"ip\":\"63.143.113.114\"}', '2018-10-01 13:23:01'),
(683, 'login', '{\"status\":true,\"identity\":\"niche.clarke@maineventjamaica.com\",\"ip\":\"165.225.32.65\"}', '2018-10-01 16:48:51'),
(684, 'login', '{\"status\":true,\"identity\":\"lancelot.edwards@maineventjamaica.com\",\"ip\":\"63.143.113.114\"}', '2018-10-01 18:29:03'),
(685, 'login', '{\"status\":true,\"identity\":\"lancelot.edwards@maineventjamaica.com\",\"ip\":\"63.143.113.114\"}', '2018-10-02 13:30:33'),
(686, 'login', '{\"status\":true,\"identity\":\"niche.clarke@maineventjamaica.com\",\"ip\":\"63.143.113.114\"}', '2018-10-02 14:02:27'),
(687, 'login', '{\"status\":true,\"identity\":\"mainadmin@mainadmin.com\",\"ip\":\"104.244.227.75\"}', '2018-10-02 14:43:06'),
(688, 'login', '{\"status\":true,\"identity\":\"lancelot.edwards@maineventjamaica.com\",\"ip\":\"165.225.32.51\"}', '2018-10-03 18:17:19'),
(689, 'login', '{\"status\":true,\"identity\":\"lancelot.edwards@maineventjamaica.com\",\"ip\":\"165.225.32.51\"}', '2018-10-04 13:12:05'),
(690, 'login', '{\"status\":true,\"identity\":\"lancelot.edwards@maineventjamaica.com\",\"ip\":\"165.225.32.51\"}', '2018-10-04 16:55:17'),
(691, 'login', '{\"status\":true,\"identity\":\"lancelot.edwards@maineventjamaica.com\",\"ip\":\"63.143.113.114\"}', '2018-10-05 18:54:08'),
(692, 'login', '{\"status\":true,\"identity\":\"lancelot.edwards@maineventjamaica.com\",\"ip\":\"212.249.50.207\"}', '2018-10-08 13:55:44'),
(693, 'login', '{\"status\":true,\"identity\":\"lancelot.edwards@maineventjamaica.com\",\"ip\":\"165.225.32.51\"}', '2018-10-09 13:37:17'),
(694, 'login', '{\"status\":true,\"identity\":\"niche.clarke@maineventjamaica.com\",\"ip\":\"63.143.113.114\"}', '2018-10-09 17:28:51'),
(695, 'login', '{\"status\":true,\"identity\":\"mainadmin@mainadmin.com\",\"ip\":\"::1\"}', '2018-10-10 16:04:03'),
(696, 'login', '{\"status\":true,\"identity\":\"mainadmin@mainadmin.com\",\"ip\":\"::1\"}', '2018-10-10 18:59:03'),
(697, 'login', '{\"status\":false,\"message\":\"Incorrect Login\",\"identity\":\"mainadmin@mainadmin.com\",\"ip\":\"::1\"}', '2018-10-18 15:55:34'),
(698, 'login', '{\"status\":false,\"message\":\"Incorrect Login\",\"identity\":\"mainadmin@mainadmin.com\",\"ip\":\"::1\"}', '2018-10-18 15:55:53'),
(699, 'login', '{\"status\":true,\"identity\":\"mainadmin@mainadmin.com\",\"ip\":\"::1\"}', '2018-10-18 15:56:10'),
(700, 'login', '{\"status\":true,\"identity\":\"mainadmin@mainadmin.com\",\"ip\":\"::1\"}', '2018-11-05 16:49:13'),
(701, 'login', '{\"status\":true,\"identity\":\"mainadmin@mainadmin.com\",\"ip\":\"::1\"}', '2018-11-07 16:34:22'),
(702, 'logout', '{\"status\":true,\"id\":\"7\",\"identity\":\"mainadmin@mainadmin.com\",\"ip\":\"::1\"}', '2018-11-07 17:07:43'),
(703, 'login', '{\"status\":true,\"identity\":\"admin@admin.com\",\"ip\":\"::1\"}', '2018-11-07 17:08:06'),
(704, 'insert_group', '{\"status\":true,\"id\":11,\"name\":\"basicuser\",\"ip\":\"::1\"}', '2018-11-07 17:09:28'),
(705, 'logout', '{\"status\":true,\"id\":\"1\",\"identity\":\"admin@admin.com\",\"ip\":\"::1\"}', '2018-11-07 17:33:00'),
(706, 'login', '{\"status\":true,\"identity\":\"mainadmin@mainadmin.com\",\"ip\":\"::1\"}', '2018-11-07 17:33:22'),
(707, 'logout', '{\"status\":true,\"id\":\"7\",\"identity\":\"mainadmin@mainadmin.com\",\"ip\":\"::1\"}', '2018-11-07 18:02:03'),
(708, 'login', '{\"status\":true,\"identity\":\"admin@admin.com\",\"ip\":\"::1\"}', '2018-11-07 18:02:56'),
(709, 'register', '{\"status\":true,\"via\":\"admin\",\"identity\":\"basicuser@basicuser.com\",\"ip\":\"::1\"}', '2018-11-07 18:05:58'),
(710, 'logout', '{\"status\":true,\"id\":\"1\",\"identity\":\"admin@admin.com\",\"ip\":\"::1\"}', '2018-11-07 18:11:22'),
(711, 'login', '{\"status\":true,\"identity\":\"basicuser@basicuser.com\",\"ip\":\"::1\"}', '2018-11-07 18:11:43'),
(712, 'login', '{\"status\":true,\"identity\":\"basicuser@basicuser.com\",\"ip\":\"::1\"}', '2018-11-07 22:26:22'),
(713, 'login', '{\"status\":true,\"identity\":\"basicuser@basicuser.com\",\"ip\":\"::1\"}', '2018-11-08 10:38:07'),
(714, 'logout', '{\"status\":true,\"id\":\"20\",\"identity\":\"basicuser@basicuser.com\",\"ip\":\"::1\"}', '2018-11-08 12:37:12'),
(715, 'login', '{\"status\":true,\"identity\":\"basicuser@basicuser.com\",\"ip\":\"::1\"}', '2018-11-08 12:37:30'),
(716, 'logout', '{\"status\":true,\"id\":\"20\",\"identity\":\"basicuser@basicuser.com\",\"ip\":\"::1\"}', '2018-11-08 12:37:57'),
(717, 'login', '{\"status\":true,\"identity\":\"basicuser@basicuser.com\",\"ip\":\"::1\"}', '2018-11-08 12:39:41'),
(718, 'logout', '{\"status\":true,\"id\":\"20\",\"identity\":\"basicuser@basicuser.com\",\"ip\":\"::1\"}', '2018-11-08 12:40:12'),
(719, 'login', '{\"status\":true,\"identity\":\"basicuser@basicuser.com\",\"ip\":\"::1\"}', '2018-11-08 12:40:46'),
(720, 'logout', '{\"status\":true,\"id\":\"20\",\"identity\":\"basicuser@basicuser.com\",\"ip\":\"::1\"}', '2018-11-08 12:40:56'),
(721, 'login', '{\"status\":true,\"identity\":\"admin@admin.com\",\"ip\":\"::1\"}', '2018-11-08 12:41:07'),
(722, 'register', '{\"status\":true,\"via\":\"admin\",\"identity\":\"user@campari.com\",\"ip\":\"::1\"}', '2018-11-08 12:42:13'),
(723, 'logout', '{\"status\":true,\"id\":\"1\",\"identity\":\"admin@admin.com\",\"ip\":\"::1\"}', '2018-11-08 12:42:19'),
(724, 'login', '{\"status\":true,\"identity\":\"user@campari.com\",\"ip\":\"::1\"}', '2018-11-08 12:42:33'),
(725, 'logout', '{\"status\":true,\"id\":\"21\",\"identity\":\"user@campari.com\",\"ip\":\"::1\"}', '2018-11-08 12:53:51'),
(726, 'login', '{\"status\":true,\"identity\":\"user@campari.com\",\"ip\":\"::1\"}', '2018-11-08 12:54:09'),
(727, 'logout', '{\"status\":true,\"id\":\"21\",\"identity\":\"user@campari.com\",\"ip\":\"::1\"}', '2018-11-08 13:47:47'),
(728, 'login', '{\"status\":false,\"message\":\"Incorrect Login\",\"identity\":\"mainadmin@mainadmin.com\",\"ip\":\"::1\"}', '2018-11-08 13:47:58'),
(729, 'login', '{\"status\":true,\"identity\":\"admin@admin.com\",\"ip\":\"::1\"}', '2018-11-08 13:48:10'),
(730, 'logout', '{\"status\":true,\"id\":\"1\",\"identity\":\"admin@admin.com\",\"ip\":\"::1\"}', '2018-11-08 13:55:12'),
(731, 'login', '{\"status\":true,\"identity\":\"user@campari.com\",\"ip\":\"::1\"}', '2018-11-08 13:55:29');

-- --------------------------------------------------------

--
-- Table structure for table `menu`
--

CREATE TABLE `menu` (
  `id_menu` int(11) NOT NULL,
  `sort` int(11) NOT NULL DEFAULT '99',
  `level` int(11) NOT NULL,
  `parent_id` int(11) NOT NULL DEFAULT '0',
  `icon` varchar(125) NOT NULL,
  `label` varchar(25) NOT NULL,
  `link` varchar(125) NOT NULL,
  `id` varchar(25) NOT NULL DEFAULT '#',
  `id_menu_type` int(11) NOT NULL
) ENGINE=InnoDB DEFAULT CHARSET=utf8;

--
-- Dumping data for table `menu`
--

INSERT INTO `menu` (`id_menu`, `sort`, `level`, `parent_id`, `icon`, `label`, `link`, `id`, `id_menu_type`) VALUES
(1, 0, 1, 0, '', 'MAIN NAVIGATION', '', '#', 1),
(3, 1, 2, 1, 'dashboard', 'Dashboard', 'myigniter/dashboard', '#', 1),
(4, 2, 2, 1, 'table', 'CRUD Generator', 'myigniter/crud_builder', '', 1),
(5, 4, 2, 1, 'user', 'Users', '#', '', 1),
(6, 5, 3, 5, 'circle-o', 'Users', 'myigniter/users', '#', 1),
(7, 6, 3, 5, 'circle-o', 'Groups', 'myigniter/groups', '#', 1),
(8, 7, 2, 1, 'bars', 'Menu', 'myigniter/menu/side-menu', 'navMenu', 1),
(19, 0, 1, 0, '', 'Home', '', '', 2),
(20, 1, 1, 0, '', 'About', 'page/about', '', 2),
(21, 3, 2, 1, 'file-o', 'Page Generator', 'myigniter/page_builder', '', 1),
(29, 4, 1, 0, '', 'Dashboard', 'myigniter/dashboard', '', 2),
(31, 2, 1, 0, '', 'Hello World', 'example', '', 2),
(33, 3, 1, 0, '', 'Get Started', 'documentation', '', 2),
(40, 16, 1, 0, '', 'MODULES', '', '', 1),
(42, 0, 1, 0, 'bullhorn', 'Orders', '', '', 3),
(43, 1, 1, 0, 'bullhorn', '', '', '', 3),
(44, 9, 2, 1, 'bullseye', 'Orders', 'orders/crud/', '', 1),
(45, 8, 2, 1, 'calculator', 'Product', 'orders/product', '', 1),
(46, 17, 1, 0, 'building-o', 'PRODUCTION NAVIGATION', '', '', 1),
(47, 19, 1, 0, 'building-o', 'PRE DELIVERY NAVIGATION', '', '', 1),
(48, 10, 2, 1, 'male', 'Companies', 'Customer/crudCustomer', '', 1),
(49, 0, 2, 49, 'bullseye', 'Orders', '/orders/crud/', '', 4),
(50, 11, 2, 1, 'exchange', 'Order Status', 'orders/orderstatus', '', 1),
(51, 18, 2, 46, 'fax', 'Orders For Production', 'orders/production/productionorder', '', 1),
(52, 20, 2, 47, 'cubes', 'Orders Ready For Delivery', 'orders/predelivery/predeliveryorder', '', 1),
(53, 21, 1, 0, '', 'DELIVERY NAVIGATION', '', '', 1),
(54, 22, 2, 53, 'truck', 'Orders Out For Delivery', 'orders/delivery/deliveryorder', '', 1),
(55, 23, 1, 0, '', 'ADMIN NAVIGATION', '', '', 1),
(56, 25, 2, 55, 'certificate', 'POS Orders', 'orders/crud/', '', 1),
(57, 26, 2, 55, 'building-o', 'POS Products', 'orders/product', '', 1),
(58, 29, 2, 55, 'users', 'Events/Location', 'customer/crudCustomer', '', 1),
(59, 30, 2, 55, 'child', 'Users', 'myigniter/users', '', 1),
(60, 31, 2, 55, '', 'ORDER STATUS', '', '', 1),
(61, 33, 3, 60, 'fax', 'Product Stock Amt', 'orders/production/mainadminproductionorder', '', 1),
(62, 34, 3, 60, 'cubes', 'Orders Ready For Delivery', 'orders/predelivery/predeliveryorder', '', 1),
(63, 35, 3, 60, 'truck', 'Orders Out For Delivery', 'orders/delivery/deliveryorder', '', 1),
(64, 24, 2, 55, 'dashboard', 'Dashboard', 'orders/maindash', '', 1),
(65, 32, 3, 60, 'cart-plus', 'Order Confirmation', 'orders/orderconfirmation', '', 1),
(66, 12, 2, 1, 'envelope', 'Parishes', 'orders/parishes', '', 1),
(67, 13, 1, 0, '', 'SALES REP NAVIGATION', '', '', 1),
(68, 14, 2, 67, 'dashboard', 'Dashboard', 'orders/salesrep/maindash', '', 1),
(69, 15, 2, 67, 'plus-square', 'Add Orders', 'orders/salesrep/crud/add', '', 1),
(70, 36, 2, 55, 'gear', 'Settings', '', '', 1),
(71, 37, 3, 70, '', 'All Stock Amendments ', 'orders/production/allproductlog', '', 1),
(72, 38, 3, 70, '', 'Pending Stock Amendments', 'orders/production/productlog', '', 1),
(73, 39, 3, 70, '', 'Warehouse Location', 'orders/factory', '', 1),
(74, 27, 2, 55, 'anchor', 'Fixed Assets', 'orders/fixedproduct', '', 1),
(75, 28, 2, 55, 'bullseye', 'Fixed Asset Order', 'fixedassetorder/crud', '', 1),
(76, 40, 1, 0, '', 'MAIN NAVIGATION', '', '', 1),
(77, 41, 2, 76, 'dashboard', 'Dashoboard', 'basicuser/maindash', '', 1),
(78, 42, 2, 76, 'bullseye', 'Add POS Order', 'basicuser/orderconfirmation/add', '', 1),
(79, 43, 2, 76, 'cubes', 'Add Fixed Asset Order', 'basicuser/fixedassetorder/crud/add', '', 1);

-- --------------------------------------------------------

--
-- Table structure for table `menu_type`
--

CREATE TABLE `menu_type` (
  `id_menu_type` int(11) NOT NULL,
  `type` varchar(125) NOT NULL
) ENGINE=InnoDB DEFAULT CHARSET=utf8;

--
-- Dumping data for table `menu_type`
--

INSERT INTO `menu_type` (`id_menu_type`, `type`) VALUES
(1, 'Side menu'),
(2, 'Top menu'),
(3, 'top'),
(4, 'Production Menu');

-- --------------------------------------------------------

--
-- Table structure for table `migrations`
--

CREATE TABLE `migrations` (
  `module` varchar(20) NOT NULL,
  `version` int(3) NOT NULL
) ENGINE=InnoDB DEFAULT CHARSET=utf8;

--
-- Dumping data for table `migrations`
--

INSERT INTO `migrations` (`module`, `version`) VALUES
('CI_core', 4);

-- --------------------------------------------------------

--
-- Table structure for table `orderlog`
--

CREATE TABLE `orderlog` (
  `orderlogid` int(255) NOT NULL,
  `orderid` int(255) NOT NULL,
  `orderlogtype` int(255) NOT NULL,
  `customerid` int(255) NOT NULL,
  `orderloguserid` int(255) NOT NULL,
  `orderdate` date NOT NULL,
  `notes` varchar(255) NOT NULL,
  `ordertimestamp` timestamp(6) NOT NULL DEFAULT CURRENT_TIMESTAMP(6) ON UPDATE CURRENT_TIMESTAMP(6)
) ENGINE=InnoDB DEFAULT CHARSET=latin1;

--
-- Dumping data for table `orderlog`
--

INSERT INTO `orderlog` (`orderlogid`, `orderid`, `orderlogtype`, `customerid`, `orderloguserid`, `orderdate`, `notes`, `ordertimestamp`) VALUES
(1, 1, 1, 9, 18, '2018-09-04', '', '2018-09-11 18:34:10.446141'),
(2, 1, 2, 9, 18, '2018-09-04', '', '2018-09-11 18:44:24.347170'),
(3, 1, 2, 9, 18, '2018-09-04', '', '2018-09-11 19:44:56.553378'),
(4, 2, 1, 22, 18, '2018-09-10', '', '2018-09-13 19:30:01.619454'),
(5, 2, 2, 22, 18, '2018-09-10', '', '2018-09-13 19:40:00.509998'),
(6, 2, 2, 22, 18, '2018-09-10', '', '2018-09-13 19:41:39.221087'),
(7, 2, 2, 22, 18, '2018-09-10', '', '2018-09-13 19:41:53.745967'),
(8, 3, 1, 24, 18, '2018-09-03', '', '2018-09-13 21:18:19.300048'),
(9, 3, 2, 24, 18, '2018-09-03', '', '2018-09-13 21:18:36.943445'),
(10, 4, 1, 24, 18, '2018-09-04', '', '2018-09-13 21:52:20.616459'),
(11, 4, 2, 24, 18, '2018-09-04', '', '2018-09-13 21:53:25.940415'),
(12, 18, 1, 25, 18, '2018-09-17', '', '2018-09-19 14:16:36.816478'),
(13, 18, 2, 25, 18, '2018-09-17', '', '2018-09-19 14:17:02.388578'),
(14, 23, 1, 26, 18, '2018-09-17', '', '2018-09-19 15:00:11.248905'),
(15, 23, 2, 26, 18, '2018-09-17', '', '2018-09-19 15:02:41.885369'),
(16, 24, 1, 26, 18, '2018-09-17', '', '2018-09-19 15:45:24.619306'),
(17, 24, 2, 26, 18, '2018-09-17', '', '2018-09-19 16:39:33.573643'),
(18, 24, 2, 26, 18, '2018-09-17', '', '2018-09-19 16:52:20.538678'),
(19, 24, 2, 26, 18, '2018-09-17', '', '2018-09-19 16:52:58.751696'),
(20, 24, 2, 26, 18, '2018-09-17', '', '2018-09-19 16:55:10.179214'),
(21, 24, 2, 26, 18, '2018-09-17', '', '2018-09-19 16:55:49.761325'),
(22, 24, 2, 26, 18, '2018-09-17', '', '2018-09-19 16:56:12.483864'),
(23, 24, 2, 26, 18, '2018-09-17', '', '2018-09-19 16:56:33.804532'),
(24, 24, 2, 26, 18, '2018-09-17', '', '2018-09-19 16:56:56.483874'),
(25, 24, 2, 26, 18, '2018-09-17', '', '2018-09-19 16:57:19.222544'),
(26, 24, 2, 26, 18, '2018-09-17', '', '2018-09-19 16:57:50.154880'),
(27, 24, 2, 26, 18, '2018-09-17', '', '2018-09-19 16:58:15.449794'),
(28, 24, 2, 26, 18, '2018-09-17', '', '2018-09-19 16:58:43.405805'),
(29, 24, 2, 26, 18, '2018-09-17', '', '2018-09-19 16:59:13.709740'),
(30, 24, 2, 26, 18, '2018-09-17', '', '2018-09-19 16:59:48.021196'),
(31, 24, 2, 26, 18, '2018-09-17', '', '2018-09-19 17:00:10.305082'),
(32, 24, 2, 26, 18, '2018-09-17', '', '2018-09-19 17:00:33.116347'),
(33, 24, 2, 26, 18, '2018-09-17', '', '2018-09-19 17:00:51.160187'),
(34, 24, 2, 26, 18, '2018-09-17', '', '2018-09-19 17:01:19.690039'),
(35, 24, 2, 26, 18, '2018-09-17', '', '2018-09-19 17:01:42.519170'),
(36, 24, 2, 26, 18, '2018-09-17', '', '2018-09-19 17:12:48.738483'),
(37, 24, 2, 26, 18, '2018-09-17', '', '2018-09-19 17:13:19.241015'),
(38, 24, 2, 26, 18, '2018-09-17', '', '2018-09-19 17:15:05.254518'),
(39, 24, 2, 26, 18, '2018-09-17', '', '2018-09-20 15:42:10.721828'),
(40, 24, 2, 26, 18, '2018-09-17', '', '2018-09-20 15:50:14.920761'),
(41, 24, 2, 26, 18, '2018-09-17', '', '2018-09-20 15:50:41.991913'),
(42, 24, 2, 26, 18, '2018-09-17', '', '2018-09-20 15:52:32.945914'),
(43, 24, 2, 26, 18, '2018-09-17', '', '2018-09-20 15:53:11.211023'),
(44, 24, 2, 26, 18, '2018-09-17', '', '2018-09-21 14:27:25.536382'),
(45, 24, 2, 26, 18, '2018-09-17', 'TO BE DISTRIBUTED BETWEEN THREE TEAMS ', '2018-09-21 14:29:24.589155'),
(46, 25, 1, 29, 18, '2018-09-14', 'ESCOBAR BIRTHDAY CELEBRATION', '2018-09-24 14:05:25.995830'),
(47, 25, 2, 29, 18, '2018-09-14', 'ESCOBAR BIRTHDAY CELEBRATION', '2018-09-24 14:06:47.411050'),
(48, 25, 2, 29, 18, '2018-09-14', 'ESCOBAR BIRTHDAY CELEBRATION', '2018-09-24 14:07:22.121287'),
(49, 26, 1, 29, 18, '2018-09-14', 'CAROL', '2018-09-24 14:25:17.045978'),
(50, 26, 2, 29, 18, '2018-09-14', 'CAROL', '2018-09-24 14:26:28.871592'),
(51, 26, 2, 29, 18, '2018-09-14', 'CAROL', '2018-09-24 14:28:44.083096'),
(52, 26, 2, 29, 18, '2018-09-14', 'CAROL', '2018-09-24 14:29:18.583367'),
(53, 26, 2, 29, 18, '2018-09-14', 'CAROL', '2018-09-24 14:29:27.704847'),
(54, 27, 1, 29, 18, '2018-09-11', 'LEVILE BROOMFIELD', '2018-09-24 14:32:11.431053'),
(55, 27, 2, 29, 18, '2018-09-11', 'LEVILE BROOMFIELD', '2018-09-24 14:33:09.314348'),
(56, 27, 2, 29, 18, '2018-09-11', 'LEVILE BROOMFIELD', '2018-09-24 14:33:38.309096'),
(57, 27, 2, 29, 18, '2018-09-11', 'LEVILE BROOMFIELD', '2018-09-24 14:34:00.051825'),
(58, 27, 2, 29, 18, '2018-09-11', 'LEVILE BROOMFIELD', '2018-09-24 14:36:10.688053'),
(59, 27, 2, 29, 18, '2018-09-11', 'LEVILE BROOMFIELD', '2018-09-24 14:47:27.971946'),
(60, 27, 2, 29, 18, '2018-09-11', 'LEVILE BROOMFIELD', '2018-09-24 14:49:51.216453'),
(61, 27, 2, 29, 18, '2018-09-11', 'LEVILE BROOMFIELD', '2018-09-24 14:50:02.433524'),
(62, 28, 1, 29, 18, '2018-09-14', 'PUMP UP WHOLESALE', '2018-09-24 14:52:47.745858'),
(63, 28, 2, 29, 18, '2018-09-14', 'PUMP UP WHOLESALE', '2018-09-24 14:54:43.248106'),
(64, 31, 1, 29, 18, '2018-09-13', 'JARETT SAMUELS', '2018-09-24 18:17:45.618167'),
(65, 31, 2, 29, 18, '2018-09-13', 'JARETT SAMUELS', '2018-09-24 18:18:34.975005'),
(66, 31, 2, 29, 18, '2018-09-13', 'JARETT SAMUELS', '2018-09-24 18:19:34.386926'),
(67, 32, 1, 30, 18, '2018-09-12', '', '2018-09-24 18:32:04.181973'),
(68, 33, 1, 24, 18, '2018-09-11', '', '2018-09-24 18:43:22.853935'),
(69, 33, 2, 24, 18, '2018-09-11', '', '2018-09-24 18:43:38.738271'),
(70, 32, 2, 30, 18, '2018-09-12', '', '2018-09-24 18:44:02.696938'),
(71, 34, 1, 11, 18, '2018-09-11', '', '2018-09-24 18:48:59.724290'),
(72, 34, 2, 11, 18, '2018-09-11', '', '2018-09-24 19:07:13.773090'),
(73, 34, 2, 11, 18, '2018-09-11', '', '2018-09-24 19:12:50.712039'),
(74, 34, 2, 11, 18, '2018-09-11', '', '2018-09-24 19:13:08.247314'),
(75, 34, 2, 11, 18, '2018-09-11', '', '2018-09-24 19:14:07.573234'),
(76, 34, 2, 11, 18, '2018-09-11', '', '2018-09-24 19:15:28.724742'),
(77, 34, 2, 11, 18, '2018-09-11', '', '2018-09-24 19:16:11.149454'),
(78, 34, 2, 11, 18, '2018-09-11', '', '2018-09-24 19:16:38.308479'),
(79, 34, 2, 11, 18, '2018-09-11', '', '2018-09-24 19:17:21.501446'),
(80, 34, 2, 11, 18, '2018-09-11', '', '2018-09-24 19:18:06.822782'),
(81, 34, 2, 11, 18, '2018-09-11', '', '2018-09-24 19:21:14.243886'),
(82, 34, 2, 11, 18, '2018-09-11', '', '2018-09-24 19:21:47.555028'),
(83, 34, 2, 11, 18, '2018-09-11', '', '2018-09-24 19:22:03.211348'),
(84, 34, 2, 11, 18, '2018-09-11', '', '2018-09-24 19:22:03.758543'),
(85, 35, 1, 38, 18, '2018-09-11', '', '2018-09-24 19:32:40.700117'),
(86, 35, 2, 38, 18, '2018-09-11', '', '2018-09-24 19:33:50.524774'),
(87, 35, 2, 38, 18, '2018-09-11', '', '2018-09-24 19:34:15.402284'),
(88, 35, 2, 38, 18, '2018-09-11', '', '2018-09-24 19:34:41.416065'),
(89, 35, 2, 38, 18, '2018-09-11', '', '2018-09-24 19:35:20.765058'),
(90, 35, 2, 38, 18, '2018-09-11', '', '2018-09-24 19:35:59.322919'),
(91, 35, 2, 38, 18, '2018-09-11', '', '2018-09-24 19:36:45.690344'),
(92, 35, 2, 38, 18, '2018-09-11', '', '2018-09-24 19:38:32.139030'),
(93, 35, 2, 38, 18, '2018-09-11', '', '2018-09-24 19:38:56.435786'),
(94, 35, 2, 38, 18, '2018-09-11', '', '2018-09-24 19:39:14.160101'),
(95, 35, 2, 38, 18, '2018-09-11', 'ANDREA CHUNG', '2018-09-24 19:39:34.133330'),
(96, 35, 2, 38, 18, '2018-09-11', 'ANDREA CHUNG', '2018-09-24 19:39:41.439803'),
(97, 36, 1, 39, 18, '2018-09-10', '', '2018-09-24 19:45:28.178838'),
(98, 36, 2, 39, 18, '2018-09-10', '', '2018-09-24 19:46:00.929074'),
(99, 36, 2, 39, 18, '2018-09-10', '', '2018-09-24 19:46:19.740465'),
(100, 36, 2, 39, 18, '2018-09-10', '', '2018-09-24 19:46:38.759975'),
(101, 36, 2, 39, 18, '2018-09-10', '', '2018-09-24 19:46:41.049765'),
(102, 36, 2, 39, 18, '2018-09-10', '', '2018-09-24 19:46:50.768496'),
(103, 37, 1, 20, 18, '2018-09-10', '', '2018-09-24 19:49:44.092938'),
(104, 37, 2, 20, 18, '2018-09-10', '', '2018-09-24 19:50:39.665574'),
(105, 37, 2, 20, 18, '2018-09-10', '', '2018-09-24 19:50:41.760224'),
(106, 38, 1, 21, 18, '2018-09-10', '', '2018-09-24 20:06:13.949020'),
(107, 38, 2, 21, 18, '2018-09-10', '', '2018-09-24 20:23:38.283384'),
(108, 38, 2, 21, 18, '2018-09-10', '', '2018-09-24 20:44:57.351567'),
(109, 38, 2, 21, 18, '2018-09-10', '', '2018-09-24 20:45:30.289579'),
(110, 38, 2, 21, 18, '2018-09-10', '', '2018-09-24 20:46:08.781937'),
(111, 38, 2, 21, 18, '2018-09-10', '', '2018-09-24 20:47:01.838543'),
(112, 38, 2, 21, 18, '2018-09-10', '', '2018-09-24 20:59:54.625187'),
(113, 39, 1, 20, 18, '2018-09-07', '', '2018-09-24 21:01:52.208563'),
(114, 39, 2, 20, 18, '2018-09-07', '', '2018-09-24 21:02:27.811843'),
(115, 39, 2, 20, 18, '2018-09-07', '', '2018-09-24 21:02:38.736124'),
(116, 40, 1, 18, 18, '2018-09-06', '', '2018-09-24 21:03:31.069673'),
(117, 40, 2, 18, 18, '2018-09-06', '', '2018-09-24 21:03:44.849548'),
(118, 41, 1, 32, 18, '2018-09-18', '', '2018-09-24 21:05:15.200812'),
(119, 41, 2, 32, 18, '2018-09-18', '', '2018-09-24 21:05:48.712653'),
(120, 41, 2, 32, 18, '2018-09-18', '', '2018-09-24 21:06:28.149312'),
(121, 41, 2, 32, 18, '2018-09-18', '', '2018-09-24 21:06:54.199327'),
(122, 41, 2, 32, 18, '2018-09-18', '', '2018-09-24 21:07:15.697821'),
(123, 41, 2, 32, 18, '2018-09-18', '', '2018-09-24 21:08:09.757426'),
(124, 41, 2, 32, 18, '2018-09-18', '', '2018-09-24 21:11:03.749947'),
(125, 41, 2, 32, 18, '2018-09-18', '', '2018-09-24 21:11:06.965781'),
(126, 41, 2, 32, 18, '2018-09-18', '', '2018-09-24 21:13:16.384059'),
(127, 41, 2, 32, 18, '2018-09-18', '', '2018-09-24 21:13:37.441329'),
(128, 41, 2, 32, 18, '2018-09-18', '', '2018-09-24 21:13:58.852883'),
(129, 41, 2, 32, 18, '2018-09-18', '', '2018-09-24 21:14:47.546122'),
(130, 41, 2, 32, 18, '2018-09-18', '', '2018-09-24 21:16:20.599308'),
(131, 41, 2, 32, 18, '2018-09-18', '', '2018-09-24 21:16:43.563077'),
(132, 41, 2, 32, 18, '2018-09-18', '', '2018-09-24 21:18:08.275984'),
(133, 41, 2, 32, 18, '2018-09-18', '', '2018-09-24 21:19:34.225108'),
(134, 41, 2, 32, 18, '2018-09-18', '', '2018-09-24 21:19:55.692375'),
(135, 41, 2, 32, 18, '2018-09-18', '', '2018-09-24 21:23:50.827919'),
(136, 41, 2, 32, 18, '2018-09-18', '', '2018-09-24 21:23:57.760850'),
(137, 42, 1, 17, 18, '2018-09-06', '', '2018-09-24 21:25:58.538052'),
(138, 42, 2, 17, 18, '2018-09-06', '', '2018-09-24 21:32:58.499987'),
(139, 43, 1, 14, 18, '2018-09-05', '', '2018-09-24 21:34:28.342125'),
(140, 43, 2, 14, 18, '2018-09-05', '', '2018-09-24 21:34:43.271237'),
(141, 44, 1, 29, 18, '2018-09-05', '', '2018-09-24 21:36:06.046534'),
(142, 44, 2, 29, 18, '2018-09-05', 'GLEN BUCKMASTER', '2018-09-24 21:36:31.270580'),
(143, 44, 2, 29, 18, '2018-09-05', 'GLEN BUCKMASTER', '2018-09-24 21:37:40.937319'),
(144, 45, 1, 40, 18, '2018-09-04', '', '2018-09-24 21:45:23.381119'),
(145, 45, 2, 40, 18, '2018-09-04', '', '2018-09-24 21:45:59.492872'),
(146, 46, 1, 11, 18, '2018-09-04', '', '2018-09-24 21:50:29.449439'),
(147, 46, 2, 11, 18, '2018-09-04', '', '2018-09-24 21:52:28.041838'),
(148, 46, 2, 11, 18, '2018-09-04', '', '2018-09-24 21:52:48.201897'),
(149, 46, 2, 11, 18, '2018-09-04', '', '2018-09-24 21:53:13.567003'),
(150, 46, 2, 11, 18, '2018-09-04', '', '2018-09-24 21:54:08.302352'),
(151, 46, 2, 11, 18, '2018-09-04', '', '2018-09-24 21:54:21.590908'),
(152, 46, 2, 11, 18, '2018-09-04', '', '2018-09-24 21:54:22.691344'),
(153, 47, 1, 10, 18, '2018-09-04', '', '2018-09-25 13:46:29.700932'),
(154, 47, 2, 10, 18, '2018-09-04', '', '2018-09-25 13:48:02.798700'),
(155, 47, 2, 10, 18, '2018-09-04', '', '2018-09-25 13:48:18.677117'),
(156, 47, 2, 10, 18, '2018-09-04', '', '2018-09-25 13:48:37.561428'),
(157, 48, 1, 9, 18, '2018-09-04', '', '2018-09-25 13:50:34.821355'),
(158, 48, 2, 9, 18, '2018-09-04', '', '2018-09-25 13:52:09.797199'),
(159, 48, 2, 9, 18, '2018-09-04', '', '2018-09-25 13:55:00.506380'),
(160, 48, 2, 9, 18, '2018-09-04', '', '2018-09-25 13:55:12.147636'),
(161, 48, 2, 9, 18, '2018-09-04', '', '2018-09-25 13:55:13.914557'),
(162, 49, 1, 42, 18, '2018-09-17', '', '2018-09-25 15:20:13.615583'),
(163, 49, 2, 42, 18, '2018-09-17', '', '2018-09-25 15:20:39.162238'),
(164, 50, 1, 26, 18, '2018-09-17', '', '2018-09-25 15:21:25.844511'),
(165, 51, 1, 43, 18, '2018-09-18', '', '2018-09-25 15:31:17.842667'),
(166, 51, 2, 43, 18, '2018-09-18', '', '2018-09-25 15:35:24.723132'),
(167, 51, 2, 43, 18, '2018-09-18', '', '2018-09-25 15:35:55.418197'),
(168, 51, 2, 43, 18, '2018-09-18', 'FROM EXPORT\nCOLBECK  GLASSES\nCOLBECK DOMINOS', '2018-09-25 15:38:05.570406'),
(169, 50, 2, 26, 18, '2018-09-17', '', '2018-09-25 15:39:11.243487'),
(170, 52, 1, 44, 18, '2018-09-18', '', '2018-09-25 15:55:45.583621'),
(171, 52, 2, 44, 18, '2018-09-18', '', '2018-09-25 15:56:15.742151'),
(172, 52, 2, 44, 18, '2018-09-18', '', '2018-09-25 15:58:13.159511'),
(173, 52, 2, 44, 18, '2018-09-18', '', '2018-09-25 16:01:50.651446'),
(174, 52, 2, 44, 18, '2018-09-18', '', '2018-09-25 16:05:00.422751'),
(175, 52, 2, 44, 18, '2018-09-18', '', '2018-09-25 16:07:48.380986'),
(176, 52, 2, 44, 18, '2018-09-18', '', '2018-09-25 16:08:02.273810'),
(177, 52, 2, 44, 18, '2018-09-18', '', '2018-09-25 16:08:20.011504'),
(178, 52, 2, 44, 18, '2018-09-18', '', '2018-09-25 16:08:42.191117'),
(179, 52, 2, 44, 18, '2018-09-18', '', '2018-09-25 16:09:14.400506'),
(180, 52, 2, 44, 18, '2018-09-18', '', '2018-09-25 16:10:07.764902'),
(181, 52, 2, 44, 18, '2018-09-18', '', '2018-09-25 16:10:29.181933'),
(182, 52, 2, 44, 18, '2018-09-18', '', '2018-09-25 16:11:18.128596'),
(183, 52, 2, 44, 18, '2018-09-18', '', '2018-09-25 16:12:04.842508'),
(184, 52, 2, 44, 18, '2018-09-18', '', '2018-09-25 16:12:30.623302'),
(185, 52, 2, 44, 18, '2018-09-18', '', '2018-09-25 16:13:03.867805'),
(186, 53, 1, 45, 18, '2018-09-18', '', '2018-09-25 16:19:10.792087'),
(187, 54, 1, 24, 18, '2018-09-18', '', '2018-09-25 16:19:54.593552'),
(188, 55, 1, 46, 18, '2018-09-19', '', '2018-09-25 16:22:36.484597'),
(189, 55, 2, 46, 18, '2018-09-19', '', '2018-09-25 16:25:15.740730'),
(190, 55, 2, 46, 18, '2018-09-19', '', '2018-09-25 16:25:28.314668'),
(191, 55, 2, 46, 18, '2018-09-19', '', '2018-09-25 16:25:33.015190'),
(192, 56, 1, 47, 18, '2018-09-19', '', '2018-09-25 16:26:11.717648'),
(193, 57, 1, 48, 18, '2018-09-19', '', '2018-09-25 16:27:46.026775'),
(194, 58, 1, 50, 18, '2018-09-19', '', '2018-09-25 16:31:03.553853'),
(195, 59, 1, 51, 18, '2018-09-19', '', '2018-09-25 16:32:30.799757'),
(196, 60, 1, 47, 18, '2018-09-20', '', '2018-09-25 16:35:24.325483'),
(197, 61, 1, 25, 18, '2018-09-20', '', '2018-09-25 16:36:29.057907'),
(198, 62, 1, 52, 18, '2018-09-20', '', '2018-09-25 16:40:47.669984'),
(199, 63, 1, 25, 18, '2018-09-20', '', '2018-09-25 17:02:10.973192'),
(200, 63, 2, 29, 18, '2018-09-20', 'MARK TELFARE', '2018-09-25 17:06:29.140599'),
(201, 63, 2, 29, 18, '2018-09-20', 'MARK TELFARE', '2018-09-25 17:06:53.674832'),
(202, 63, 2, 29, 18, '2018-09-20', 'MARK TELFARE', '2018-09-25 17:07:17.036823'),
(203, 63, 2, 29, 18, '2018-09-20', 'MARK TELFARE', '2018-09-25 17:08:16.388210'),
(204, 63, 2, 29, 18, '2018-09-20', 'MARK TELFARE', '2018-09-25 17:09:03.874263'),
(205, 63, 2, 29, 18, '2018-09-20', 'MARK TELFARE', '2018-09-25 17:11:52.616008'),
(206, 63, 2, 29, 18, '2018-09-20', 'MARK TELFARE', '2018-09-25 17:13:03.153131'),
(207, 63, 2, 29, 18, '2018-09-20', 'MARK TELFARE', '2018-09-25 17:13:31.730106'),
(208, 63, 2, 29, 18, '2018-09-20', 'MARK TELFARE', '2018-09-25 17:17:18.852441'),
(209, 63, 2, 29, 18, '2018-09-20', 'MARK TELFARE', '2018-09-25 17:17:26.238072'),
(210, 62, 2, 52, 18, '2018-09-20', '', '2018-09-25 17:22:19.375898'),
(211, 62, 2, 52, 18, '2018-09-20', '', '2018-09-25 17:22:21.855484'),
(212, 61, 2, 25, 18, '2018-09-20', '', '2018-09-25 17:22:30.376594'),
(213, 60, 2, 47, 18, '2018-09-20', '', '2018-09-25 17:22:38.047343'),
(214, 59, 2, 51, 18, '2018-09-19', '', '2018-09-25 17:22:47.578612'),
(215, 58, 2, 50, 18, '2018-09-19', '', '2018-09-25 17:22:54.993631'),
(216, 57, 2, 48, 18, '2018-09-19', '', '2018-09-25 17:23:01.131689'),
(217, 56, 2, 47, 18, '2018-09-19', '', '2018-09-25 17:23:07.494650'),
(218, 55, 2, 46, 18, '2018-09-19', '', '2018-09-25 17:23:14.361127'),
(219, 54, 2, 24, 18, '2018-09-18', '', '2018-09-25 17:23:20.829048'),
(220, 53, 2, 45, 18, '2018-09-18', '', '2018-09-25 17:23:27.621866'),
(221, 64, 1, 53, 18, '2018-09-20', '', '2018-09-25 17:26:10.020135'),
(222, 65, 1, 54, 18, '2018-09-20', '', '2018-09-25 17:28:25.055876'),
(223, 64, 2, 53, 18, '2018-09-20', '', '2018-09-25 17:28:46.947046'),
(224, 64, 2, 53, 18, '2018-09-20', '', '2018-09-25 17:29:01.003802'),
(225, 64, 2, 53, 18, '2018-09-20', '', '2018-09-25 17:29:07.088213'),
(226, 66, 1, 25, 18, '2018-09-21', '', '2018-09-25 17:36:31.773266'),
(227, 66, 2, 25, 18, '2018-09-21', '', '2018-09-25 17:37:47.432858'),
(228, 66, 2, 25, 18, '2018-09-21', '', '2018-09-25 17:39:13.063109'),
(229, 67, 1, 55, 18, '2018-09-24', '', '2018-09-25 17:41:16.749989'),
(230, 67, 2, 55, 18, '2018-09-24', '', '2018-09-25 17:46:13.524572'),
(231, 66, 2, 25, 18, '2018-09-21', '', '2018-09-25 17:46:19.568089'),
(232, 66, 2, 25, 18, '2018-09-21', '', '2018-09-25 17:46:27.875291'),
(233, 65, 2, 54, 18, '2018-09-20', '', '2018-09-25 17:46:37.063583'),
(234, 65, 2, 54, 18, '2018-09-20', '', '2018-09-25 17:46:39.112072'),
(235, 68, 1, 56, 18, '2018-09-24', '', '2018-09-25 17:47:43.015802'),
(236, 68, 2, 56, 18, '2018-09-24', '', '2018-09-25 17:54:29.012873'),
(237, 68, 2, 56, 18, '2018-09-24', '', '2018-09-25 17:57:38.223836'),
(238, 68, 2, 56, 18, '2018-09-24', '', '2018-09-25 17:58:41.602887'),
(239, 68, 2, 56, 18, '2018-09-24', '', '2018-09-25 18:00:37.868545'),
(240, 68, 2, 56, 18, '2018-09-24', '', '2018-09-25 18:02:29.180751'),
(241, 68, 2, 56, 18, '2018-09-24', '', '2018-09-25 18:03:34.212803'),
(242, 68, 2, 56, 18, '2018-09-24', '', '2018-09-25 18:04:37.338614'),
(243, 68, 2, 56, 18, '2018-09-24', '', '2018-09-25 18:06:28.240345'),
(244, 68, 2, 56, 18, '2018-09-24', '', '2018-09-25 18:09:14.808597'),
(245, 68, 2, 56, 18, '2018-09-24', '', '2018-09-25 18:10:38.664182'),
(246, 68, 2, 56, 18, '2018-09-24', '', '2018-09-25 18:11:27.421055'),
(247, 68, 2, 56, 18, '2018-09-24', '', '2018-09-25 18:12:19.088949'),
(248, 68, 2, 56, 18, '2018-09-24', '', '2018-09-25 18:20:58.427475'),
(249, 68, 2, 56, 18, '2018-09-24', '', '2018-09-25 18:29:49.789437'),
(250, 68, 2, 56, 18, '2018-09-24', '', '2018-09-25 18:30:32.460869'),
(251, 68, 2, 56, 18, '2018-09-24', '', '2018-09-25 18:34:32.622279'),
(252, 68, 2, 56, 18, '2018-09-24', '', '2018-09-25 18:39:29.004477'),
(253, 68, 2, 56, 18, '2018-09-24', '', '2018-09-25 18:51:57.544571'),
(254, 68, 2, 56, 18, '2018-09-24', '', '2018-09-25 18:52:41.554060'),
(255, 68, 2, 56, 18, '2018-09-24', '', '2018-09-25 18:53:29.854316'),
(256, 68, 2, 56, 18, '2018-09-24', '', '2018-09-25 18:54:08.649537'),
(257, 68, 2, 56, 18, '2018-09-24', '', '2018-09-25 18:54:47.887887'),
(258, 68, 2, 56, 18, '2018-09-24', '', '2018-09-25 18:55:51.897996'),
(259, 68, 2, 56, 18, '2018-09-24', '', '2018-09-25 18:57:39.889803'),
(260, 68, 2, 56, 18, '2018-09-24', '', '2018-09-25 18:58:33.137261'),
(261, 68, 2, 56, 18, '2018-09-24', '', '2018-09-25 18:59:07.512921'),
(262, 68, 2, 56, 18, '2018-09-24', '', '2018-09-25 18:59:33.821968'),
(263, 68, 2, 56, 18, '2018-09-24', '', '2018-09-25 19:00:35.086121'),
(264, 68, 2, 56, 18, '2018-09-24', '', '2018-09-25 19:01:51.918583'),
(265, 68, 2, 56, 18, '2018-09-24', '', '2018-09-25 19:02:38.512805'),
(266, 68, 2, 56, 18, '2018-09-24', '', '2018-09-25 19:03:42.262120'),
(267, 68, 2, 56, 18, '2018-09-24', '', '2018-09-25 19:04:39.242389'),
(268, 68, 2, 56, 18, '2018-09-24', '', '2018-09-25 19:08:14.166018'),
(269, 68, 2, 56, 18, '2018-09-24', '', '2018-09-25 19:09:52.916780'),
(270, 69, 1, 36, 18, '2018-10-26', '', '2018-10-01 16:55:06.069422'),
(271, 69, 2, 36, 18, '2018-10-26', '', '2018-10-01 16:59:15.395187'),
(272, 69, 2, 36, 18, '2018-10-26', '', '2018-10-01 16:59:43.735319'),
(273, 69, 2, 36, 18, '2018-10-26', '', '2018-10-01 17:00:45.343890'),
(274, 70, 1, 57, 18, '2018-09-26', '', '2018-10-01 17:13:27.652824'),
(275, 70, 2, 57, 18, '2018-09-26', '', '2018-10-01 17:16:32.836161'),
(276, 71, 1, 58, 18, '2018-09-26', '', '2018-10-01 17:44:30.637456'),
(277, 71, 2, 58, 18, '2018-09-26', '', '2018-10-01 17:48:59.277515'),
(278, 71, 2, 58, 18, '2018-09-26', '', '2018-10-01 17:49:06.609777'),
(279, 72, 1, 59, 18, '2018-09-26', '', '2018-10-01 17:59:23.435843'),
(280, 73, 1, 44, 18, '2018-09-26', '', '2018-10-01 18:02:21.313964'),
(281, 72, 2, 59, 18, '2018-09-26', '', '2018-10-01 18:05:14.796509'),
(282, 72, 2, 59, 18, '2018-09-26', '', '2018-10-01 18:05:26.350957'),
(283, 73, 2, 44, 18, '2018-09-26', '', '2018-10-01 18:06:57.479574'),
(284, 73, 2, 44, 18, '2018-09-26', '', '2018-10-01 18:07:00.642600'),
(285, 74, 1, 60, 18, '2018-09-26', '', '2018-10-01 18:10:01.990005'),
(286, 74, 2, 60, 18, '2018-09-26', '', '2018-10-01 18:14:50.046140'),
(287, 74, 2, 60, 18, '2018-09-26', '', '2018-10-01 18:14:54.029416'),
(288, 74, 2, 60, 18, '2018-09-26', '', '2018-10-01 18:15:30.511115'),
(289, 74, 2, 60, 18, '2018-09-26', '', '2018-10-01 18:15:32.280817'),
(290, 75, 1, 62, 18, '2018-09-26', '', '2018-10-01 18:18:52.485908'),
(291, 75, 2, 62, 18, '2018-09-26', '', '2018-10-01 18:22:01.500289'),
(292, 75, 2, 62, 18, '2018-09-26', '', '2018-10-01 18:22:03.159627'),
(293, 76, 1, 65, 18, '2018-10-26', '', '2018-10-01 18:31:21.864613'),
(294, 77, 1, 66, 18, '2018-09-27', '', '2018-10-01 18:33:11.436359'),
(295, 78, 1, 58, 18, '2018-10-27', '', '2018-10-01 18:34:32.704111'),
(296, 79, 1, 17, 18, '2018-09-27', '', '2018-10-01 18:35:43.379610'),
(297, 80, 1, 63, 18, '2018-09-27', '', '2018-10-01 18:38:29.487676'),
(298, 81, 1, 32, 18, '2018-09-28', '', '2018-10-01 18:39:16.705780'),
(299, 84, 1, 68, 18, '2018-09-28', '', '2018-10-01 19:09:07.632879'),
(300, 85, 1, 72, 18, '2018-09-28', '', '2018-10-01 19:14:33.107739'),
(301, 86, 1, 70, 18, '2018-09-28', '', '2018-10-01 19:15:17.719838'),
(302, 87, 1, 69, 18, '2018-09-28', '', '2018-10-01 19:18:17.754860'),
(303, 88, 1, 17, 18, '2018-10-18', '', '2018-10-02 17:50:39.275976'),
(304, 89, 1, 73, 18, '2018-09-28', '', '2018-10-02 18:31:17.324885'),
(305, 90, 1, 55, 18, '2018-10-02', 'Patrick Campbell\n\nwith 12 domino tables', '2018-10-02 21:20:41.942402'),
(306, 91, 1, 76, 18, '2018-10-01', '', '2018-10-02 21:22:22.691481'),
(307, 69, 2, 36, 18, '2018-10-26', '', '2018-10-02 21:25:10.805699'),
(308, 70, 2, 57, 18, '2018-09-26', '', '2018-10-02 21:25:25.490428'),
(309, 71, 2, 58, 18, '2018-09-26', '', '2018-10-02 21:25:37.286056'),
(310, 72, 2, 59, 18, '2018-09-26', '', '2018-10-02 21:25:50.759217'),
(311, 73, 2, 44, 18, '2018-09-26', '', '2018-10-02 21:26:02.971953'),
(312, 73, 2, 44, 18, '2018-09-26', '', '2018-10-02 21:26:12.619882'),
(313, 74, 2, 60, 18, '2018-09-26', '', '2018-10-02 21:26:26.972051'),
(314, 75, 2, 62, 18, '2018-09-26', '', '2018-10-02 21:26:45.030040'),
(315, 76, 2, 65, 18, '2018-10-26', '', '2018-10-02 21:26:55.543468'),
(316, 77, 2, 66, 18, '2018-09-27', '', '2018-10-02 21:27:06.212370'),
(317, 78, 2, 58, 18, '2018-10-27', '', '2018-10-02 21:27:14.704716'),
(318, 79, 2, 17, 18, '2018-09-27', '', '2018-10-02 21:27:25.728759'),
(319, 80, 2, 63, 18, '2018-09-27', '', '2018-10-02 21:27:35.847709'),
(320, 81, 2, 32, 18, '2018-09-28', '', '2018-10-02 21:27:44.964115'),
(321, 84, 2, 68, 18, '2018-09-28', '', '2018-10-02 21:27:56.826115'),
(322, 85, 2, 72, 18, '2018-09-28', '', '2018-10-02 21:28:06.043615'),
(323, 86, 2, 70, 18, '2018-09-28', '', '2018-10-02 21:28:19.823034'),
(324, 87, 2, 69, 18, '2018-09-28', '', '2018-10-02 21:28:32.790068'),
(325, 87, 2, 69, 18, '2018-09-28', '', '2018-10-02 21:28:40.067245'),
(326, 89, 2, 73, 18, '2018-09-28', '', '2018-10-02 21:29:01.745655'),
(327, 88, 2, 17, 18, '2018-10-18', '', '2018-10-02 21:29:19.991545'),
(328, 89, 2, 73, 18, '2018-09-28', '', '2018-10-02 21:29:29.868387'),
(329, 90, 2, 55, 18, '2018-10-02', 'Patrick Campbell\n\nwith 12 domino tables', '2018-10-02 21:29:38.430722'),
(330, 91, 2, 76, 18, '2018-10-01', '', '2018-10-02 21:29:49.233750'),
(331, 92, 1, 55, 18, '2018-10-04', 'Tamara Brown', '2018-10-04 21:29:54.114445'),
(332, 93, 1, 17, 18, '2018-10-04', '', '2018-10-04 21:33:02.031417'),
(333, 94, 1, 55, 18, '2018-10-03', 'Jerome Brown', '2018-10-04 21:36:04.337981'),
(334, 95, 1, 39, 18, '2018-10-03', '', '2018-10-04 21:40:48.528457'),
(335, 96, 1, 71, 18, '2018-10-03', '', '2018-10-04 21:51:52.672455'),
(336, 97, 1, 25, 19, '2018-10-09', 'Beach Rave Event', '2018-10-09 15:32:59.628990'),
(337, 97, 2, 25, 19, '2018-10-09', 'Beach Rave Event', '2018-10-09 15:34:41.206570'),
(338, 94, 2, 55, 19, '2018-10-03', 'Jerome Brown', '2018-10-09 16:32:13.383900'),
(339, 97, 2, 78, 19, '2018-10-09', 'Main Event Team to collect items', '2018-10-09 17:15:51.291086'),
(340, 97, 2, 78, 19, '2018-10-09', 'Main Event Team to collect items', '2018-10-09 17:20:01.045136'),
(341, 98, 1, 30, 20, '2018-11-21', 'no new notes', '2018-11-07 18:59:20.110224'),
(342, 99, 1, 63, 20, '2018-11-15', 'dfdfdf', '2018-11-08 10:52:23.912394'),
(343, 100, 1, 30, 20, '2018-11-23', 'no new notes', '2018-11-08 12:24:27.927261'),
(344, 101, 1, 63, 21, '2018-11-22', 'no new notes', '2018-11-08 13:40:42.930373'),
(345, 101, 2, 63, 21, '2018-11-22', 'no new notes', '2018-11-08 13:43:18.214739');

-- --------------------------------------------------------

--
-- Table structure for table `orderlogproductdetails`
--

CREATE TABLE `orderlogproductdetails` (
  `orderlogproductdetailsid` int(255) NOT NULL,
  `orderlogid` int(255) NOT NULL,
  `orderid` int(255) NOT NULL,
  `productid` int(255) NOT NULL,
  `productname` int(255) NOT NULL,
  `quantity` int(255) NOT NULL,
  `locationid` int(255) NOT NULL,
  `locationname` varchar(255) NOT NULL,
  `price` float(7,2) NOT NULL,
  `orderlogproducttimestamp` timestamp(6) NOT NULL DEFAULT CURRENT_TIMESTAMP(6) ON UPDATE CURRENT_TIMESTAMP(6)
) ENGINE=InnoDB DEFAULT CHARSET=latin1;

--
-- Dumping data for table `orderlogproductdetails`
--

INSERT INTO `orderlogproductdetails` (`orderlogproductdetailsid`, `orderlogid`, `orderid`, `productid`, `productname`, `quantity`, `locationid`, `locationname`, `price`, `orderlogproducttimestamp`) VALUES
(1, 1, 1, 312, 0, 2, 3, 'location 3', 0.00, '2018-09-11 18:34:10.447994'),
(2, 2, 1, 312, 0, 2, 3, 'location 3', 0.00, '2018-09-11 18:44:24.348431'),
(3, 3, 1, 312, 0, 2, 3, 'location 3', 0.00, '2018-09-11 19:44:56.554695');

-- --------------------------------------------------------

--
-- Table structure for table `orderproduct`
--

CREATE TABLE `orderproduct` (
  `Mainorderproductid` int(255) NOT NULL,
  `orderproductid` int(255) NOT NULL,
  `productid` int(255) NOT NULL,
  `quantity` int(255) NOT NULL
) ENGINE=InnoDB DEFAULT CHARSET=latin1;

-- --------------------------------------------------------

--
-- Table structure for table `orders`
--

CREATE TABLE `orders` (
  `orderid` int(255) NOT NULL,
  `orderstatusid` int(255) NOT NULL,
  `Orderdate` date NOT NULL,
  `OrderDeliveryDate` date NOT NULL,
  `OrderCompletionDate` date NOT NULL,
  `paymentoptionid` int(255) NOT NULL,
  `id` int(255) NOT NULL,
  `customerid` int(255) NOT NULL,
  `driverid` int(255) NOT NULL,
  `orderdelivery` int(255) NOT NULL,
  `Notes` longtext NOT NULL,
  `ordertotal` float(8,2) NOT NULL
) ENGINE=InnoDB DEFAULT CHARSET=latin1 ROW_FORMAT=COMPACT;

--
-- Dumping data for table `orders`
--

INSERT INTO `orders` (`orderid`, `orderstatusid`, `Orderdate`, `OrderDeliveryDate`, `OrderCompletionDate`, `paymentoptionid`, `id`, `customerid`, `driverid`, `orderdelivery`, `Notes`, `ordertotal`) VALUES
(69, 2, '0000-00-00', '2018-10-26', '0000-00-00', 0, 0, 36, 0, 0, '', 0.00),
(70, 2, '0000-00-00', '2018-09-26', '0000-00-00', 0, 0, 57, 0, 0, '', 0.00),
(71, 2, '0000-00-00', '2018-09-26', '0000-00-00', 0, 0, 58, 0, 0, '', 0.00),
(72, 2, '0000-00-00', '2018-09-26', '0000-00-00', 0, 0, 59, 0, 0, '', 0.00),
(73, 2, '0000-00-00', '2018-09-26', '0000-00-00', 0, 0, 44, 0, 0, '', 0.00),
(74, 2, '0000-00-00', '2018-09-26', '0000-00-00', 0, 0, 60, 0, 0, '', 0.00),
(75, 2, '0000-00-00', '2018-09-26', '0000-00-00', 0, 0, 62, 0, 0, '', 0.00),
(76, 2, '0000-00-00', '2018-10-26', '0000-00-00', 0, 0, 65, 0, 0, '', 0.00),
(77, 2, '0000-00-00', '2018-09-27', '0000-00-00', 0, 0, 66, 0, 0, '', 0.00),
(78, 2, '0000-00-00', '2018-10-27', '0000-00-00', 0, 0, 58, 0, 0, '', 0.00),
(79, 2, '0000-00-00', '2018-09-27', '0000-00-00', 0, 0, 17, 0, 0, '', 0.00),
(80, 2, '0000-00-00', '2018-09-27', '0000-00-00', 0, 0, 63, 0, 0, '', 0.00),
(81, 2, '0000-00-00', '2018-09-28', '0000-00-00', 0, 0, 32, 0, 0, '', 0.00),
(84, 2, '0000-00-00', '2018-09-28', '0000-00-00', 0, 0, 68, 0, 0, '', 0.00),
(85, 2, '0000-00-00', '2018-09-28', '0000-00-00', 0, 0, 72, 0, 0, '', 0.00),
(86, 2, '0000-00-00', '2018-09-28', '0000-00-00', 0, 0, 70, 0, 0, '', 0.00),
(87, 2, '0000-00-00', '2018-09-28', '0000-00-00', 0, 0, 69, 0, 0, '', 0.00),
(88, 2, '0000-00-00', '2018-10-18', '0000-00-00', 0, 0, 17, 0, 0, '', 0.00),
(89, 2, '0000-00-00', '2018-09-28', '0000-00-00', 0, 0, 73, 0, 0, '', 0.00),
(90, 2, '0000-00-00', '2018-10-02', '0000-00-00', 0, 0, 55, 0, 0, 'Patrick Campbell\n\nwith 12 domino tables', 0.00),
(91, 2, '0000-00-00', '2018-10-01', '0000-00-00', 0, 0, 76, 0, 0, '', 0.00),
(92, 1, '0000-00-00', '2018-10-04', '0000-00-00', 0, 0, 55, 0, 0, 'Tamara Brown', 0.00),
(93, 1, '0000-00-00', '2018-10-04', '0000-00-00', 0, 0, 17, 0, 0, '', 0.00),
(94, 1, '0000-00-00', '2018-10-03', '0000-00-00', 0, 0, 55, 0, 0, 'Jerome Brown', 0.00),
(95, 1, '0000-00-00', '2018-10-03', '0000-00-00', 0, 0, 39, 0, 0, '', 0.00),
(96, 1, '0000-00-00', '2018-10-03', '0000-00-00', 0, 0, 71, 0, 0, '', 0.00),
(97, 1, '0000-00-00', '2018-10-09', '0000-00-00', 0, 0, 78, 0, 0, 'Main Event Team to collect items', 0.00),
(98, 1, '0000-00-00', '2018-11-21', '0000-00-00', 0, 0, 30, 0, 0, 'no new notes', 0.00),
(99, 1, '0000-00-00', '2018-11-15', '0000-00-00', 0, 0, 63, 0, 0, 'dfdfdf', 0.00),
(100, 1, '0000-00-00', '2018-11-23', '0000-00-00', 0, 0, 30, 0, 0, 'no new notes', 0.00),
(101, 1, '0000-00-00', '2018-11-22', '0000-00-00', 0, 0, 63, 0, 0, 'no new notes', 0.00);

-- --------------------------------------------------------

--
-- Table structure for table `orderstatus`
--

CREATE TABLE `orderstatus` (
  `orderstatusid` int(255) NOT NULL,
  `orderstatusname` varchar(255) NOT NULL
) ENGINE=InnoDB DEFAULT CHARSET=latin1;

--
-- Dumping data for table `orderstatus`
--

INSERT INTO `orderstatus` (`orderstatusid`, `orderstatusname`) VALUES
(1, 'Awaiting Confirmation'),
(2, 'Order Checked Out'),
(3, 'Returns From Order'),
(4, 'Out For Delivery'),
(5, 'Completed'),
(6, 'Cancelled'),
(7, 'On Hold');

-- --------------------------------------------------------

--
-- Table structure for table `page`
--

CREATE TABLE `page` (
  `id_page` int(11) NOT NULL,
  `title` varchar(150) NOT NULL,
  `featured_image` varchar(255) NOT NULL,
  `slug` varchar(150) NOT NULL,
  `template` varchar(125) NOT NULL,
  `breadcrumb` text NOT NULL,
  `content` text NOT NULL,
  `keyword` varchar(255) NOT NULL,
  `description` text NOT NULL,
  `view` varchar(150) NOT NULL DEFAULT 'default'
) ENGINE=InnoDB DEFAULT CHARSET=utf8;

--
-- Dumping data for table `page`
--

INSERT INTO `page` (`id_page`, `title`, `featured_image`, `slug`, `template`, `breadcrumb`, `content`, `keyword`, `description`, `view`) VALUES
(1, 'About', '', 'about', 'frontend', '[{\"label\":\"About\",\"link\":\"\"}]', '<p>Lorem ipsum Aliquip exercitation incididunt in ex eiusmod velit et aliqua minim dolore dolore dolor amet eu occaecat in anim et ea voluptate proident Ut Duis fugiat do minim Ut qui cupidatat in laborum consequat Ut do adipisicing in in. asdasd</p>\\r\\n', '', '', 'default'),
(2, 'Home', '', 'home', 'frontend', '[{\"label\":\"Home\",\"link\":\"\"}]', '<p>this is custom page can be found in <span class=\"marker\">view/page</span></p>\\r\\n', 'myIgniter', 'myIgniter is custom framework based Codeigniter 3 with combine Grocery CRUD,AdminLTE,Ion auth,Gulp,and Bower. myIgniter for web developer who want to speed up their projects.', 'home'),
(3, 'Simple Backend', '', 'simple-backend', 'backend', '[{\"label\":\"Simple Backend\",\"link\":\"\"}]', '<p>This is simple example Page Builder for backend.</p>\\r\\n', '', '', 'callout'),
(4, 'test page', '', 'testpage', 'backend', '[{\"label\":\"testpage\",\"link\":\"testpage\"}]', 'test\r\n', '', '', 'callout');

-- --------------------------------------------------------

--
-- Table structure for table `parish`
--

CREATE TABLE `parish` (
  `parishid` int(255) NOT NULL,
  `parishname` varchar(255) NOT NULL
) ENGINE=InnoDB DEFAULT CHARSET=latin1;

--
-- Dumping data for table `parish`
--

INSERT INTO `parish` (`parishid`, `parishname`) VALUES
(1, 'Hanover'),
(2, 'St Elizabeth'),
(3, 'St James'),
(4, 'Trelawny'),
(5, 'Westmoreland'),
(6, 'Clarendon'),
(7, 'Manchester'),
(8, 'St Ann'),
(9, 'St Mary'),
(10, 'St Catherine-Portmore'),
(11, 'Kingston-Uptown'),
(12, 'Portland'),
(13, 'St Andrew'),
(14, 'St Thomas'),
(15, 'St Catherine-Spanishtown'),
(16, 'St Catherine-Linstead'),
(17, 'St Catherine-OldHarbour'),
(18, 'Kingston-Downtown');

-- --------------------------------------------------------

--
-- Table structure for table `paymentoption`
--

CREATE TABLE `paymentoption` (
  `paymentoptionid` int(255) NOT NULL,
  `paymentoption` varchar(255) NOT NULL
) ENGINE=InnoDB DEFAULT CHARSET=latin1;

--
-- Dumping data for table `paymentoption`
--

INSERT INTO `paymentoption` (`paymentoptionid`, `paymentoption`) VALUES
(1, 'Cash On Delivery'),
(2, 'Credit'),
(3, 'Card');

-- --------------------------------------------------------

--
-- Table structure for table `product`
--

CREATE TABLE `product` (
  `productid` int(255) NOT NULL,
  `productphoto` varchar(255) NOT NULL,
  `productname` varchar(255) NOT NULL,
  `cost` float(7,2) NOT NULL,
  `unitcost` float(7,2) NOT NULL,
  `stock` varchar(255) NOT NULL,
  `stock_amount` int(255) NOT NULL,
  `wholesalecost` float(7,2) NOT NULL DEFAULT '0.00',
  `wholesalequantity` int(11) NOT NULL DEFAULT '0',
  `minimum_quantity` int(255) NOT NULL,
  `factoryid` int(255) NOT NULL
) ENGINE=InnoDB DEFAULT CHARSET=utf8;

--
-- Dumping data for table `product`
--

INSERT INTO `product` (`productid`, `productphoto`, `productname`, `cost`, `unitcost`, `stock`, `stock_amount`, `wholesalecost`, `wholesalequantity`, `minimum_quantity`, `factoryid`) VALUES
(853, '', 'APOTHIC ICE BUCKET', 0.00, 0.00, '', 1, 0.00, 0, 0, 0),
(854, '', 'APP ESTATE HARD PLASTIC ROCK GLASS 10OZ', 0.00, 0.00, '', 28780, 0.00, 0, 0, 0),
(855, '', 'APP SPECIAL TALL TUMBLERS WITH STRAW', 0.00, 0.00, '', 100, 0.00, 0, 0, 0),
(856, '', 'APPLETON ESTATE SERVING TRAY', 0.00, 0.00, '', 110, 0.00, 0, 0, 0),
(857, '', 'APPLETON ESTATE T-SHIRT', 0.00, 0.00, '', 8, 0.00, 0, 0, 0),
(858, '', 'APPLETON ESTATE BLEU TUMBLER WITH STRAW', 0.00, 0.00, '', 647, 0.00, 0, 0, 0),
(859, '', 'APPLETON ESTATE FEATHER BANNER', 0.00, 0.00, '', 23, 0.00, 0, 0, 0),
(860, '', 'APPLETON ESTATE BANNER', 0.00, 0.00, '', 3, 0.00, 0, 0, 0),
(861, '', 'APPLETON ESTSTE TRIANGLE BANNER', 0.00, 0.00, '', 6, 0.00, 0, 0, 0),
(862, '', 'APPLETON ESTATE BUNTING', 0.00, 0.00, '', 35, 0.00, 0, 0, 0),
(863, '', 'APPLETON ESTATE CARAFE', 0.00, 0.00, '', 188, 0.00, 0, 0, 0),
(864, '', 'APPLETON ESTATE ACRYLIC ICE BUCKET', 0.00, 0.00, '', 58, 0.00, 0, 0, 0),
(865, '', 'APPLETON ESTATE ACRYLIC ICE BUCKET ( CHILLIN)', 0.00, 0.00, '', 168, 0.00, 0, 0, 0),
(866, '', 'APPLETON ESTATE GLORIFIER', 0.00, 0.00, '', 40, 0.00, 0, 0, 0),
(867, '', 'APPLETON ESTATE MASON JAR', 0.00, 0.00, '', 5720, 0.00, 0, 0, 0),
(868, '', 'APPLETON ESTATE MIXING SPOON (1 PC)', 0.00, 0.00, '', 200, 0.00, 0, 0, 0),
(869, '', 'APPLETON ESTATE ORGANZA BAGS', 0.00, 0.00, '', 0, 0.00, 0, 0, 0),
(870, '', 'APPLETON ESTATE PENNANT FLAGS (WHITE)', 0.00, 0.00, '', 275, 0.00, 0, 0, 0),
(871, '', 'APPLETON ESTATE ICE BUCKET ( BLACK & STAINLESS STEEL)', 0.00, 0.00, '', 2136, 0.00, 0, 0, 0),
(873, '', 'APPLETON ESTATE SIGNATURE BLEND POSTER', 0.00, 0.00, '', 0, 0.00, 0, 0, 0),
(874, '', 'APPLETON ESTATE POSTER', 0.00, 0.00, '', 620, 0.00, 0, 0, 0),
(875, '', 'APPLETON ESTSTE ACRYLIC JUICE CUP', 0.00, 0.00, '', 30360, 0.00, 0, 0, 0),
(876, '', 'APPLETON ESTATE ROCK GLASS', 0.00, 0.00, '', 7776, 0.00, 0, 0, 0),
(877, '', 'APPLETON ESTATE RETRACTABLE BANNER', 0.00, 0.00, '', 4, 0.00, 0, 0, 0),
(878, '', 'APPLETON ESTATE RUBBER RAIL MAT', 0.00, 0.00, '', 935, 0.00, 0, 0, 0),
(879, '', 'APPLETON ESTSTE SNAP FRAME', 0.00, 0.00, '', 8, 0.00, 0, 0, 0),
(880, '', 'APPLETON ESTATE SHAKER (1 PC)', 0.00, 0.00, '', 211, 0.00, 0, 0, 0),
(881, '', 'APPLETON ESTATE STRAW HOLDER', 0.00, 0.00, '', 33, 0.00, 0, 0, 0),
(882, '', 'APPLETON ESTATE SQUARE BAR MAT', 0.00, 0.00, '', 106, 0.00, 0, 0, 0),
(883, '', 'APPLETON ESTATE TACKER SIGN', 0.00, 0.00, '', 70, 0.00, 0, 0, 0),
(884, '', 'APPLETON ESTATE VIGNE 31CL GLASS', 0.00, 0.00, '', 3000, 0.00, 0, 0, 0),
(885, '', 'APPLETON ESTATE TIP APRON', 0.00, 0.00, '', 746, 0.00, 0, 0, 0),
(886, '', 'APPLETON GENESIS BANNER', 0.00, 0.00, '', 2, 0.00, 0, 0, 0),
(887, '', 'APPLETON GENESIS BANNER (FEATHER)', 0.00, 0.00, '', 4, 0.00, 0, 0, 0),
(888, '', 'APPLETON RESERVE RETRACTABLE BANNER', 0.00, 0.00, '', 4, 0.00, 0, 0, 0),
(889, '', 'APPLETON SHAKERS (1 pz)', 0.00, 0.00, '', 211, 0.00, 0, 0, 0),
(890, '', 'APPLETON SPECIAL CUPS (10)OZ', 0.00, 0.00, '', 0, 0.00, 0, 0, 0),
(891, '', 'APPLETON SPECIAL FOAM COOLER', 0.00, 0.00, '', 3, 0.00, 0, 0, 0),
(893, '', 'APPLETON SPECIAL SHOT GLASS', 0.00, 0.00, '', 94, 0.00, 0, 0, 0),
(894, '', 'APPLETON VX RETRACTABLE BANNER', 0.00, 0.00, '', 5, 0.00, 0, 0, 0),
(895, '', 'APRON CAMPARI 2009 (1 pz)', 0.00, 0.00, '', 925, 0.00, 0, 0, 0),
(896, '', 'BAREFOOT CASE DISPLAY', 0.00, 0.00, '', 1, 0.00, 0, 0, 0),
(897, '', 'BAREFOOT INFLATABLE FOOT', 0.00, 0.00, '', 1, 0.00, 0, 0, 0),
(898, '', 'BAREFOOT KEYRING', 0.00, 0.00, '', 130, 0.00, 0, 0, 0),
(899, '', 'BAREFOOT TABLE CLOTH', 0.00, 0.00, '', 0, 0.00, 0, 0, 0),
(900, '', 'BAREFOOT TOTE BAG', 0.00, 0.00, '', 0, 0.00, 0, 0, 0),
(901, '', 'BAREFOOT T-SHIRT - LARGE', 0.00, 0.00, '', 14, 0.00, 0, 0, 0),
(902, '', 'BAREFOOT WINE BUCKET', 0.00, 0.00, '', 1, 0.00, 0, 0, 0),
(903, '', 'BELVEDERE DUMMY BOTTLE 3L', 0.00, 0.00, '', 7, 0.00, 0, 0, 0),
(904, '', 'BELVEDERE FEATHER BANNER', 0.00, 0.00, '', 5, 0.00, 0, 0, 0),
(905, '', 'BELVEDERE ICE BUCKET', 0.00, 0.00, '', 18, 0.00, 0, 0, 0),
(906, '', 'BLACKWELL RUM CUPS 9OZ', 0.00, 0.00, '', 86000, 0.00, 0, 0, 0),
(907, '', 'BULLDOG ICE BUCKET', 0.00, 0.00, '', 1, 0.00, 0, 0, 0),
(908, '', 'BLACKWELL V-NECK SHIRTS XL', 0.00, 0.00, '', 2, 0.00, 0, 0, 0),
(909, '', 'CAMPARI  SHELF TALKER JM', 0.00, 0.00, '', 950, 0.00, 0, 0, 0),
(910, '', 'CAMPARI BAR CADDY (1 PC)', 0.00, 0.00, '', 135, 0.00, 0, 0, 0),
(911, '', 'CAMPARI BUNTING JM', 0.00, 0.00, '', 45, 0.00, 0, 0, 0),
(912, '', 'CAMPARI CALENDAR BOOK 2018 (1PC)', 0.00, 0.00, '', 75, 0.00, 0, 0, 0),
(913, '', 'CAMPARI CAP', 0.00, 0.00, '', 61, 0.00, 0, 0, 0),
(914, '', 'CAMPARI CUPS (10OZ)', 0.00, 0.00, '', 40200, 0.00, 0, 0, 0),
(915, '', 'CAMPARI DRIP MAT JM', 0.00, 0.00, '', 4600, 0.00, 0, 0, 0),
(916, '', 'CAMPARI FLOW RED MARKET UMBRELLA', 0.00, 0.00, '', 2, 0.00, 0, 0, 0),
(917, '', 'CAMPARI ICE BUCKET 10 L (1 PC)', 0.00, 0.00, '', 0, 0.00, 0, 0, 0),
(919, '', 'CAMPARI ICE BUCKET ACRYLIC (1 GALLON)', 0.00, 0.00, '', 2424, 0.00, 0, 0, 0),
(920, '', 'CAMPARI ICE MOULD (1 PC)', 0.00, 0.00, '', 200, 0.00, 0, 0, 0),
(921, '', 'CAMPARI JIGGER (1 PC)', 0.00, 0.00, '', 50, 0.00, 0, 0, 0),
(922, '', 'CAMPARI LONG STRAW 23CM (BOX OF 250)', 0.00, 0.00, '', 9, 0.00, 0, 0, 0),
(923, '', 'CAMPARI MIXING SPOON WITH BOTTLE OPENER', 0.00, 0.00, '', 400, 0.00, 0, 0, 0),
(924, '', 'CAMPARI ACADEMY TEAR DROP MIXING SPOON', 0.00, 0.00, '', 100, 0.00, 0, 0, 0),
(925, '', 'CAMPARI MIXING GLASS 55CL', 0.00, 0.00, '', 96, 0.00, 0, 0, 0),
(926, '', 'CAMPARI ACADEMY MIXING GLASS 63CL', 0.00, 0.00, '', 24, 0.00, 0, 0, 0),
(927, '', 'CAMPARI NAPKIN  ', 0.00, 0.00, '', 30000, 0.00, 0, 0, 0),
(928, '', 'CAMPARI NAPKIN HOLDER', 0.00, 0.00, '', 1593, 0.00, 0, 0, 0),
(929, '', 'CAMPARI NEW NEGRONI GLASS 31 CL (6 PCS)', 0.00, 0.00, '', 245, 0.00, 0, 0, 0),
(930, '', 'CAMPARI INSTITUTIONAL PEN', 0.00, 0.00, '', 700, 0.00, 0, 0, 0),
(931, '', 'CAMPARI PENNANT STRINGS', 0.00, 0.00, '', 1250, 0.00, 0, 0, 0),
(932, '', 'CAMPARI RUMPARI POSTER', 0.00, 0.00, '', 2060, 0.00, 0, 0, 0),
(933, '', 'CAMPARI POSTERS – 18” X 24”', 0.00, 0.00, '', 1450, 0.00, 0, 0, 0),
(934, '', 'CAMPARI PLASTIC BAG', 0.00, 0.00, '', 400, 0.00, 0, 0, 0),
(935, '', 'CAMPARI PVC BARMAT (1 PC)', 0.00, 0.00, '', 744, 0.00, 0, 0, 0),
(936, '', 'CAMPARI S/S SHAKER (1 PC)', 0.00, 0.00, '', 202, 0.00, 0, 0, 0),
(937, '', 'CAMPARI STIRRERS CM 21 (BOX OF 20)', 0.00, 0.00, '', 140, 0.00, 0, 0, 0),
(938, '', 'CAMPARI TRAY', 0.00, 0.00, '', 198, 0.00, 0, 0, 0),
(939, '', 'CAMPARI TONIC GLASS', 0.00, 0.00, '', 0, 0.00, 0, 0, 0),
(940, '', 'CAMPARI T-SHIRTS', 0.00, 0.00, '', 0, 0.00, 0, 0, 0),
(941, '', 'CAMPARI STRAINERS', 0.00, 0.00, '', 120, 0.00, 0, 0, 0),
(942, '', 'CAMPARI TACKER SIGN', 0.00, 0.00, '', 2159, 0.00, 0, 0, 0),
(943, '', 'CAMPARI TUMBLER JM', 0.00, 0.00, '', 0, 0.00, 0, 0, 0),
(944, '', 'CAMPARI TUMBLER ROCK GLASS 36 CL (6 PCS)', 0.00, 0.00, '', 3694, 0.00, 0, 0, 0),
(945, '', 'CARLO ROSSI TOTE BAG', 0.00, 0.00, '', 935, 0.00, 0, 0, 0),
(946, '', 'CARNIVOR ICE BUCKET', 0.00, 0.00, '', 3, 0.00, 0, 0, 0),
(947, '', 'CHARLEY JB CUPS (10OZ)', 0.00, 0.00, '', 0, 0.00, 0, 0, 0),
(948, '', 'CHARLEY’S JB 1 ½ GALLON BUCKET', 0.00, 0.00, '', 350, 0.00, 0, 0, 0),
(949, '', 'CHARLEY’S JB FOOTBALL', 0.00, 0.00, '', 13, 0.00, 0, 0, 0),
(950, '', 'CHARLEY’S JB JERSEY WITH SLEEVE AND COLL', 0.00, 0.00, '', 26, 0.00, 0, 0, 0),
(951, '', 'CHARLEY’S JB POSTERS 18 X 24', 0.00, 0.00, '', 700, 0.00, 0, 0, 0),
(952, '', 'CAHRLEY\'S JB BANNER', 0.00, 0.00, '', 1, 0.00, 0, 0, 0),
(953, '', 'CHARLEY\'S JB POSTER', 0.00, 0.00, '', 750, 0.00, 0, 0, 0),
(954, '', 'CHARLEY\'S JB RUMPARI POSTER', 0.00, 0.00, '', 0, 0.00, 0, 0, 0),
(955, '', 'CHARLEY’S JB RUM BUNTING', 0.00, 0.00, '', 75, 0.00, 0, 0, 0),
(956, '', 'CHARLEY’S JB RUM CADDY', 0.00, 0.00, '', 5, 0.00, 0, 0, 0),
(957, '', 'CHARLEY’S JB RUM FEMALE POLO SHIRTS (M)', 0.00, 0.00, '', 4, 0.00, 0, 0, 0),
(958, '', 'CHARLEY’S JB RUM MALE OXFORD SHIRTS (S)', 0.00, 0.00, '', 5, 0.00, 0, 0, 0),
(959, '', 'CHARLEY’S JB RUM MALE POLO SHIRTS (S)', 0.00, 0.00, '', 1, 0.00, 0, 0, 0),
(960, '', 'CHARLY\"S JB RUM APRON (SM,M,LG)', 0.00, 0.00, '', 387, 0.00, 0, 0, 0),
(961, '', 'CHARLEY\'S JB RUM VINYL BANNER', 0.00, 0.00, '', 5, 0.00, 0, 0, 0),
(962, '', 'CHARLEY\'S JB CUPS UP LIT COLUMN (5FT)', 0.00, 0.00, '', 2, 0.00, 0, 0, 0),
(963, '', 'CHARLEY\'S JB RUM DRIP MAT', 0.00, 0.00, '', 600, 0.00, 0, 0, 0),
(964, '', 'CHARLEY\'S JB RUM RAIL MAT', 0.00, 0.00, '', 36, 0.00, 0, 0, 0),
(965, '', 'CHARLEY\'S JB TACKER SIGN', 0.00, 0.00, '', 1251, 0.00, 0, 0, 0),
(966, '', 'CINZANO 1757 BAR MAT (1 UNIT)', 0.00, 0.00, '', 21, 0.00, 0, 0, 0),
(967, '', 'COLBECK APRON', 0.00, 0.00, '', 66, 0.00, 0, 0, 0),
(968, '', 'COLBECK BUNTING', 0.00, 0.00, '', 3, 0.00, 0, 0, 0),
(969, '', 'COLBECK SNAP FRAME', 0.00, 0.00, '', 7, 0.00, 0, 0, 0),
(970, '', 'COLBECK CUPS', 0.00, 0.00, '', 17400, 0.00, 0, 0, 0),
(971, '', 'COLBECK POSTERS', 0.00, 0.00, '', 700, 0.00, 0, 0, 0),
(972, '', 'DOM PERIGNON ICE BUCKET', 0.00, 0.00, '', 6, 0.00, 0, 0, 0),
(973, '', 'DOM PERIGNON FLUTE SYSTEM', 0.00, 0.00, '', 1, 0.00, 0, 0, 0),
(974, '', 'DOM PERIGNON DUMMY BOTTLE', 0.00, 0.00, '', 23, 0.00, 0, 0, 0),
(975, '', 'DOM PERIGNON WINE GLASS', 0.00, 0.00, '', 12, 0.00, 0, 0, 0),
(976, '', 'GLASSES COCKTAIL SKYY VODKA 25cl(12 pcs)', 0.00, 0.00, '', 2148, 0.00, 0, 0, 0),
(977, '', 'GRAND MARNIER COPA GLASS 57CL ', 0.00, 0.00, '', 0, 0.00, 0, 0, 0),
(978, '', 'GLS ROCK SKYYVODKA 04 (6 pcs)', 0.00, 0.00, '', 36, 0.00, 0, 0, 0),
(979, '', 'HENNESSY  CUPS 10 OZ', 0.00, 0.00, '', 83000, 0.00, 0, 0, 0),
(980, '', 'HENNESSY ACRYLIC LIGHT BOX 3 ½ ‘X 12’W X', 0.00, 0.00, '', 1, 0.00, 0, 0, 0),
(981, '', 'HENNESSY ACRYLIC FLUTE (SM)', 0.00, 0.00, '', 209, 0.00, 0, 0, 0),
(982, '', 'HENNESSY BASE GLORIFIERS (3 BOTTLE)', 0.00, 0.00, '', 1, 0.00, 0, 0, 0),
(983, '', 'HENNESSY CARD HOLDER', 0.00, 0.00, '', 1, 0.00, 0, 0, 0),
(984, '', 'HENNESSY CADDY', 0.00, 0.00, '', 18, 0.00, 0, 0, 0),
(985, '', 'HENNESSY CUFF LINK', 0.00, 0.00, '', 4, 0.00, 0, 0, 0),
(986, '', 'HENNESSY CHRISTMAS BALL KIT', 0.00, 0.00, '', 4, 0.00, 0, 0, 0),
(987, '', 'HENNESSY DUMMY BOTTLE (XO)', 0.00, 0.00, '', 0, 0.00, 0, 0, 0),
(988, '', 'HENNESSY DUMMY BOTTLE 3L', 0.00, 0.00, '', 1, 0.00, 0, 0, 0),
(989, '', 'HENNESSY FEATHER BANNER', 0.00, 0.00, '', 1, 0.00, 0, 0, 0),
(990, '', 'HENNESSY GIFT BOX (RICHARD)', 0.00, 0.00, '', 1, 0.00, 0, 0, 0),
(991, '', 'HENNESSY TULIP GLASS ( SMALL)', 0.00, 0.00, '', 248, 0.00, 0, 0, 0),
(992, '', 'HENNESSY XO ICE ROCK', 0.00, 0.00, '', 0, 0.00, 0, 0, 0),
(993, '', 'HENNESSY ICE BUCKET - SMALL', 0.00, 0.00, '', 21, 0.00, 0, 0, 0),
(994, '', 'HENNESSY LIMINOUS 1LT', 0.00, 0.00, '', 39, 0.00, 0, 0, 0),
(995, '', 'HENNESSY LUMINOUS 3L DUMMY BOTTLE', 0.00, 0.00, '', 1, 0.00, 0, 0, 0),
(996, '', 'HENNESSY MAP', 0.00, 0.00, '', 1, 0.00, 0, 0, 0),
(997, '', 'HENNESSY FLASK POSTER', 0.00, 0.00, '', 225, 0.00, 0, 0, 0),
(998, '', 'HENNESSY POSTER', 0.00, 0.00, '', 16250, 0.00, 0, 0, 0),
(999, '', 'HENNESSY PURE WHITE BUSINESS CARD', 0.00, 0.00, '', 1053, 0.00, 0, 0, 0),
(1000, '', 'HENNESSY PURE WHITE TENT CARD', 0.00, 0.00, '', 264, 0.00, 0, 0, 0),
(1001, '', 'HENNESSY SNAP FRAME', 0.00, 0.00, '', 2, 0.00, 0, 0, 0),
(1002, '', 'HENNESSY BAR MAT', 0.00, 0.00, '', 97, 0.00, 0, 0, 0),
(1003, '', 'HENNESSY ROCK GLASS', 0.00, 0.00, '', 10085, 0.00, 0, 0, 0),
(1004, '', 'HENNESSY STRAW HOLDER', 0.00, 0.00, '', 1, 0.00, 0, 0, 0),
(1005, '', 'HENNESSY TABLE TENT HOLDER', 0.00, 0.00, '', 165, 0.00, 0, 0, 0),
(1006, '', 'HENNESSY VIP OPEN FACE SIGN', 0.00, 0.00, '', 1, 0.00, 0, 0, 0),
(1007, '', 'HENNESSY VSOP CARD HOLDER', 0.00, 0.00, '', 56, 0.00, 0, 0, 0),
(1008, '', 'HENNESSY XO ICE BUCKET', 0.00, 0.00, '', 5, 0.00, 0, 0, 0),
(1009, '', 'HENNESSY VS LIT GLORIFIER', 0.00, 0.00, '', 2, 0.00, 0, 0, 0),
(1010, '', 'JB 16 FEATHER BANNERS', 0.00, 0.00, '', 5, 0.00, 0, 0, 0),
(1011, '', 'JB RUM PENNANT STRINGS', 0.00, 0.00, '', 50, 0.00, 0, 0, 0),
(1012, '', 'JUICE GLASS APPLETON (6 pc)', 0.00, 0.00, '', 6915, 0.00, 0, 0, 0),
(1013, '', 'JUICE GLASS APPLETON (12 pc)', 0.00, 0.00, '', 29472, 0.00, 0, 0, 0),
(1014, '', 'KEY CHAIN CAMPARI 2009 (50 pz)', 0.00, 0.00, '', 32, 0.00, 0, 0, 0),
(1015, '', 'LAMARCA DISPLAY SHELF', 0.00, 0.00, '', 1, 0.00, 0, 0, 0),
(1016, '', 'MAGNUM BACK BAR', 0.00, 0.00, '', 2, 0.00, 0, 0, 0),
(1017, '', 'MAGNUM BANNER', 0.00, 0.00, '', 1, 0.00, 0, 0, 0),
(1018, '', 'MAGNUM BUCKETS 1 ½ GALLON', 0.00, 0.00, '', 980, 0.00, 0, 0, 0),
(1019, '', 'MAGNUM BUNTING', 0.00, 0.00, '', 73, 0.00, 0, 0, 0),
(1020, '', 'MAGNUM CHANNEL  SIGN - TRADE', 0.00, 0.00, '', 1, 0.00, 0, 0, 0),
(1021, '', 'MAGNUM T- SHIRT', 0.00, 0.00, '', 4, 0.00, 0, 0, 0),
(1022, '', 'MAGNUM CORDED HEADPHONE', 0.00, 0.00, '', 50, 0.00, 0, 0, 0),
(1023, '', 'MAGNUM RAIL DRIP MAT', 0.00, 0.00, '', 0, 0.00, 0, 0, 0),
(1024, '', 'MAGNUM CUPS (10OZ)', 0.00, 0.00, '', 249750, 0.00, 0, 0, 0),
(1025, '', 'MAGNUM FEATHER BANNER', 0.00, 0.00, '', 17, 0.00, 0, 0, 0),
(1026, '', 'MAGNUM LIT TOWER', 0.00, 0.00, '', 12, 0.00, 0, 0, 0),
(1027, '', 'MAGNUM POSTER', 0.00, 0.00, '', 3350, 0.00, 0, 0, 0),
(1028, '', 'MAGNUM RAIL MAT', 0.00, 0.00, '', 1800, 0.00, 0, 0, 0),
(1029, '', 'MAGNUM STADIUM CUP 12OZ', 0.00, 0.00, '', 2250, 0.00, 0, 0, 0),
(1030, '', 'MAGNUM TACKER SIGN', 0.00, 0.00, '', 2400, 0.00, 0, 0, 0),
(1031, '', 'MASON JAR(Rick Café, Pier 1, Board Walk)', 0.00, 0.00, '', 0, 0.00, 0, 0, 0),
(1032, '', 'MOET FOOTBALL', 0.00, 0.00, '', 1, 0.00, 0, 0, 0),
(1033, '', 'MOET & CHANDON BOUY', 0.00, 0.00, '', 6, 0.00, 0, 0, 0),
(1034, '', 'MOET & CHANDON DUMMY BOTTLE IMPERIAL 6000ML', 0.00, 0.00, '', 2, 0.00, 0, 0, 0),
(1035, '', 'MOET & CHANDON DUMMY BOTTLE IMPERIAL ROSE750ML', 0.00, 0.00, '', 0, 0.00, 0, 0, 0),
(1036, '', 'MOET & CHANDON DUMMY BOTTLE ROSE 3000ML', 0.00, 0.00, '', 1, 0.00, 0, 0, 0),
(1037, '', 'MOET & CHANDON FLUTE', 0.00, 0.00, '', 2132, 0.00, 0, 0, 0),
(1038, '', 'MOET & CHANDON GIFT BOX', 0.00, 0.00, '', 3, 0.00, 0, 0, 0),
(1040, '', 'MOET & CHANDON ICE IMP DUMMY BOTTLE', 0.00, 0.00, '', 0, 0.00, 0, 0, 0),
(1041, '', 'MOET & CHANDON STAND CHANDELIER', 0.00, 0.00, '', 17, 0.00, 0, 0, 0),
(1042, '', 'MOET ACRYLIC FLUTE (SM)', 0.00, 0.00, '', 348, 0.00, 0, 0, 0),
(1043, '', 'MOET ACRYLIC  FLUTE (LG) WHITE', 0.00, 0.00, '', 252, 0.00, 0, 0, 0),
(1044, '', 'MOET ACRYLIC FLUTE (LG)', 0.00, 0.00, '', 118, 0.00, 0, 0, 0),
(1045, '', 'MOET ACRYLIC GLASS', 0.00, 0.00, '', 10, 0.00, 0, 0, 0),
(1046, '', 'MOET AND CHANDON FLUTE', 0.00, 0.00, '', 422, 0.00, 0, 0, 0),
(1047, '', 'MOET AND CHANDON GIFT BOX', 0.00, 0.00, '', 3, 0.00, 0, 0, 0),
(1048, '', 'MOET AND CHANDON STAND CHANDELIER', 0.00, 0.00, '', 17, 0.00, 0, 0, 0),
(1049, '', 'MOET CAPS', 0.00, 0.00, '', 8, 0.00, 0, 0, 0),
(1050, '', 'MOET CUFF LINK', 0.00, 0.00, '', 13, 0.00, 0, 0, 0),
(1051, '', 'MOET DUMMY BOTTLE (IMPERIAL) 6000ML', 0.00, 0.00, '', 4, 0.00, 0, 0, 0),
(1052, '', 'MELLOW VIBES BANNER', 0.00, 0.00, '', 1, 0.00, 0, 0, 0),
(1053, '', 'MOET DUMMY BOTTLE (ROSE) 3000ML', 0.00, 0.00, '', 1, 0.00, 0, 0, 0),
(1054, '', 'MOET', 0.00, 0.00, '', 0, 0.00, 0, 0, 0),
(1055, '', 'MOET DUMMY BOTTLE 3L', 0.00, 0.00, '', 4, 0.00, 0, 0, 0),
(1057, '', 'MOET ACRYLIC ICE BUCKET', 0.00, 0.00, '', 33, 0.00, 0, 0, 0),
(1059, '', 'MOET NECTAR IMPERIAL ROSE DUMMY BOTTLE ( 1.5L)', 0.00, 0.00, '', 1, 0.00, 0, 0, 0),
(1060, '', 'MOET NECTAR IMPERIAL ACRYLIC GLASSES', 0.00, 0.00, '', 702, 0.00, 0, 0, 0),
(1061, '', 'MOET SCEPTOR', 0.00, 0.00, '', 6, 0.00, 0, 0, 0),
(1062, '', 'MOET SERVING TRAY', 0.00, 0.00, '', 3, 0.00, 0, 0, 0),
(1063, '', 'RED LABEL HAND MITT', 0.00, 0.00, '', 0, 0.00, 0, 0, 0),
(1064, '', 'RED LABEL WINE CAKE CUTTER', 0.00, 0.00, '', 32, 0.00, 0, 0, 0),
(1065, '', 'RED LABEL WINE CUP (10)OZ', 0.00, 0.00, '', 30700, 0.00, 0, 0, 0),
(1066, '', 'RED LABEL WINE T-SHIRT LARGE', 0.00, 0.00, '', 31, 0.00, 0, 0, 0),
(1067, '', 'RED LABEL WINE JAR', 0.00, 0.00, '', 6, 0.00, 0, 0, 0),
(1068, '', 'RED LABEL WINE T-SHIRT XL', 0.00, 0.00, '', 53, 0.00, 0, 0, 0),
(1070, '', 'ROCK GLASS APPLETON 36 CL (6 pc)', 0.00, 0.00, '', 2400, 0.00, 0, 0, 0),
(1071, '', 'SANGSTER’S RUM CREAM OXFORD (FEMALE) L', 0.00, 0.00, '', 3, 0.00, 0, 0, 0),
(1072, '', 'SANGSTER’S RUM CREAM OXFORD (FEMALE) M', 0.00, 0.00, '', 1, 0.00, 0, 0, 0),
(1073, '', 'SANGSTER’S RUM CREAM OXFORD (FEMALE) XL', 0.00, 0.00, '', 0, 0.00, 0, 0, 0),
(1074, '', 'SANGSTER’S RUM CREAM POLO (MALE) M', 0.00, 0.00, '', 0, 0.00, 0, 0, 0),
(1075, '', 'SANGSTER’S RUM CREAM POLO (MALE) XL', 0.00, 0.00, '', 12, 0.00, 0, 0, 0),
(1076, '', 'SANGSTER\'S FEMALE V NECK', 0.00, 0.00, '', 10, 0.00, 0, 0, 0),
(1077, '', 'SANGSTER\'S MALE OXFORD SHIRT XXL', 0.00, 0.00, '', 3, 0.00, 0, 0, 0),
(1078, '', 'SEX AND THE CITY BOTTLE GIFT BAGS', 0.00, 0.00, '', 16, 0.00, 0, 0, 0),
(1079, '', 'SKYY KIT T-SHIRTS 2012 ( 8 pcs)', 0.00, 0.00, '', 74, 0.00, 0, 0, 0),
(1080, '', 'SKYY VODKA VINYL BANNER', 0.00, 0.00, '', 1, 0.00, 0, 0, 0),
(1081, '', 'SKYY VODKA 3 LITER DUMMY BOTTLES', 0.00, 0.00, '', 14, 0.00, 0, 0, 0),
(1082, '', 'SKYY VODKA 9OZ CLEAR SQUAT PLASTIC CUPS', 0.00, 0.00, '', 27000, 0.00, 0, 0, 0),
(1083, '', 'SKYY VODKA COCKTAIL GLASS 23 CL (6 PCS)', 0.00, 0.00, '', 150, 0.00, 0, 0, 0),
(1084, '', 'SKYY VODKA POLO SHIRT FEMALE LARGE', 0.00, 0.00, '', 14, 0.00, 0, 0, 0),
(1085, '', 'SKYY VODKA S/S SHAKER (1 PC)', 0.00, 0.00, '', 439, 0.00, 0, 0, 0),
(1086, '', 'SKYY VODKA WALL JM', 0.00, 0.00, '', 1, 0.00, 0, 0, 0),
(1087, '', 'STIRRER SKYY VODKA 14.5CM (20PCS)', 0.00, 0.00, '', 71, 0.00, 0, 0, 0),
(1088, '', 'STIRRER SKYY VODKA 21cm (20 pz)', 0.00, 0.00, '', 19, 0.00, 0, 0, 0),
(1089, '', 'SKYY VODKA CUPS 9OZ', 0.00, 0.00, '', 0, 0.00, 0, 0, 0),
(1090, '', 'STRAW HOLDER APPLETON (1 pc)', 0.00, 0.00, '', 130, 0.00, 0, 0, 0),
(1091, '', 'TABLE TENT HOLDER', 0.00, 0.00, '', 289, 0.00, 0, 0, 0),
(1092, '', 'TASTING CUP (2.5OZ)', 0.00, 0.00, '', 0, 0.00, 0, 0, 0),
(1093, '', 'TASTING CUP (5OZ)', 0.00, 0.00, '', 14000, 0.00, 0, 0, 0),
(1094, '', 'THE NAKED GRAPE ICE BUCKET', 0.00, 0.00, '', 6, 0.00, 0, 0, 0),
(1095, '', 'TASTING CUP CAMPARI kristall 160 (50 pz)', 0.00, 0.00, '', 0, 0.00, 0, 0, 0),
(1096, '', 'VEUVE CLICQUOT CAPS', 0.00, 0.00, '', 3, 0.00, 0, 0, 0),
(1097, '', 'VEUVE CLICQUOT DUMMY BOTTLE BRUT 1.5L', 0.00, 0.00, '', 3, 0.00, 0, 0, 0),
(1098, '', 'VEUVE CLICQUOT RETRACTABLE BANNER', 0.00, 0.00, '', 2, 0.00, 0, 0, 0),
(1099, '', 'VEUVE CLICQUOT ICE BUCKETS (METALIC, ORANGE, BLAKE)', 0.00, 0.00, '', 4, 0.00, 0, 0, 0),
(1100, '', 'VEUVE CLIQUOT DIRECTORS CHAIR', 0.00, 0.00, '', 1, 0.00, 0, 0, 0),
(1101, '', 'VOGA ICE BUCKET', 0.00, 0.00, '', 3, 0.00, 0, 0, 0),
(1102, '', 'VOGA IPHONE 4 CASE', 0.00, 0.00, '', 0, 0.00, 0, 0, 0),
(1103, '', 'VCP ACRYLIC WINE GLASS', 0.00, 0.00, '', 0, 0.00, 0, 0, 0),
(1104, '', 'WHITE GENERIC ICE BUCKET', 0.00, 0.00, '', 3, 0.00, 0, 0, 0),
(1105, '', 'WINES OXFORD SHIRTS', 0.00, 0.00, '', 46, 0.00, 0, 0, 0),
(1106, '', 'WILD TURKEY SHOT GLASS', 0.00, 0.00, '', 0, 0.00, 0, 0, 0),
(1107, '', 'WOP. COUNTER TOP DISPLAY', 0.00, 0.00, '', 33, 0.00, 0, 0, 0),
(1108, '', 'WRAY & NEPHEW BUCKETS 1 GALLON (ACRYLIC)', 0.00, 0.00, '', 1737, 0.00, 0, 0, 0),
(1109, '', 'WRAY AND NEPHEW T-SHIRT', 0.00, 0.00, '', 4, 0.00, 0, 0, 0),
(1110, '', 'WRAY & NEPHEW 1 ½ GALLON BUCKET', 0.00, 0.00, '', 0, 0.00, 0, 0, 0),
(1111, '', 'WRAY & NEPHEW BIBS', 0.00, 0.00, '', 80, 0.00, 0, 0, 0),
(1112, '', 'WRAY & NEPHEW 8FT DIE CUT BOTTLE', 0.00, 0.00, '', -2, 0.00, 0, 0, 0),
(1113, '', 'WRAY & NEPHEW POLO SHIRT (LG,SM,M)', 0.00, 0.00, '', 225, 0.00, 0, 0, 0),
(1114, '', 'WRAY & NEPHEW RUM CREAM CUP 12OZ', 0.00, 0.00, '', 35500, 0.00, 0, 0, 0),
(1115, '', 'WRAY & NEPHEW RUM CREAM TASTING STATION', 0.00, 0.00, '', 10, 0.00, 0, 0, 0),
(1116, '', 'WRAY & NEPHEW THUNDER STICKS', 0.00, 0.00, '', 25000, 0.00, 0, 0, 0),
(1117, '', 'WRAY & NEPHEW T-SHIRT LARGE', 0.00, 0.00, '', 1036, 0.00, 0, 0, 0),
(1118, '', 'WRAY & NEPHEW WOP BLACK ACRYLIC  CUPS', 0.00, 0.00, '', 3360, 0.00, 0, 0, 0),
(1119, '', 'WRAY & NEPHEW WOP DOMINOES', 0.00, 0.00, '', 1112, 0.00, 0, 0, 0),
(1120, '', '', 0.00, 0.00, '', -75, 0.00, 0, 0, 0),
(1121, '', 'WRAY AND NEPHEW APRON', 0.00, 0.00, '', 447, 0.00, 0, 0, 0),
(1122, '', 'WRAY AND NEPHEW BUNTING', 0.00, 0.00, '', 46, 0.00, 0, 0, 0),
(1123, '', 'WRAY& NEPHEW SNAP FRAME', 0.00, 0.00, '', 1, 0.00, 0, 0, 0),
(1124, '', 'WRAY AND NEPHEW CAP', 0.00, 0.00, '', 1234, 0.00, 0, 0, 0),
(1125, '', 'WRAY AND NEPHEW CUPS (10)OZ', 0.00, 0.00, '', 806000, 0.00, 0, 0, 0),
(1126, '', 'WRAY AND NEPHEW DRIP MAT (coaster)', 0.00, 0.00, '', 142800, 0.00, 0, 0, 0),
(1127, '', 'WRAY AND NEPHEW SQUARE MAT', 0.00, 0.00, '', 464, 0.00, 0, 0, 0),
(1128, '', 'WRAY AND NEPHEW GLORIFIYER', 0.00, 0.00, '', 5, 0.00, 0, 0, 0),
(1129, '', 'WRAY AND NEPHEW LIT SIGN (SMALL)', 0.00, 0.00, '', 2, 0.00, 0, 0, 0),
(1130, '', 'WRAY AND NEPHEW NAPKIN HOLDER', 0.00, 0.00, '', 2668, 0.00, 0, 0, 0),
(1132, '', 'WRAY AND NEPHEW POSTER (EMPTY )', 0.00, 0.00, '', 1140, 0.00, 0, 0, 0),
(1133, '', 'WRAY AND NEPHEW POSTER )', 0.00, 0.00, '', 0, 0.00, 0, 0, 0),
(1134, '', 'WRAY AND NEPHEW ROCK GLASS', 0.00, 0.00, '', 2496, 0.00, 0, 0, 0),
(1135, '', 'WRAY AND NEPHEW RUBBER RAIL MAT', 0.00, 0.00, '', 765, 0.00, 0, 0, 0),
(1136, '', 'WRAY AND NEPHEW RUM CREAM BUCKETS', 0.00, 0.00, '', 1325, 0.00, 0, 0, 0),
(1137, '', 'WRAY AND NEPHEW WHITE RUM PENNANT STRING', 0.00, 0.00, '', 897, 0.00, 0, 0, 0),
(1138, '', 'WRAY AND NEPHEW WOP TACKER SIGN', 0.00, 0.00, '', 0, 0.00, 0, 0, 0),
(1139, '', 'APPLETON ESTATE GLASS CUP', 0.00, 0.00, '', 2352, 0.00, 0, 0, 0),
(1140, '', 'APPLETON CHILL OUT HUT GLASS CUP', 0.00, 0.00, '', 0, 0.00, 0, 0, 0),
(1141, '', 'APPLETON PEIR ONE GLASS CUP', 0.00, 0.00, '', 48, 0.00, 0, 0, 0),
(1142, '', 'APPLETON ANGLERS GLASS CUP', 0.00, 0.00, '', 0, 0.00, 0, 0, 0),
(1143, '', 'CAMPARI PHEONIX GLASS CUP', 0.00, 0.00, '', 816, 0.00, 0, 0, 0),
(1144, '', 'APPLETON 100 LOGO GLASS CUP', 0.00, 0.00, '', 1824, 0.00, 0, 0, 0),
(1145, '', 'APPLETON RICKS CAFÉ GLASS CUP', 0.00, 0.00, '', 0, 0.00, 0, 0, 0),
(1146, '', 'APPLETON FATHER BULL GLASS CUP', 0.00, 0.00, '', 0, 0.00, 0, 0, 0),
(1147, '', 'APPLETON SKY DWELLER GLASS CUP', 0.00, 0.00, '', 2400, 0.00, 0, 0, 0),
(1148, '', 'APPLETON UB TRACKS GLASS CUP', 0.00, 0.00, '', 0, 0.00, 0, 0, 0),
(1149, '', 'APPLETON THE DECK GLASS CUP', 0.00, 0.00, '', 528, 0.00, 0, 0, 0),
(1150, '', 'APPLETON WOODSTOCK GLASS CUP', 0.00, 0.00, '', 0, 0.00, 0, 0, 0),
(1151, '', 'APPLETON KENNY\'S GLASS CUP', 0.00, 0.00, '', 0, 0.00, 0, 0, 0),
(1152, '', 'APPLETON OCEANS 11 GLASS CUP', 0.00, 0.00, '', 0, 0.00, 0, 0, 0),
(1153, '', 'APPLETON SHARKIES GLASS CUP', 0.00, 0.00, '', 0, 0.00, 0, 0, 0),
(1154, '', 'APPLETON BARBICAN BEACH GLASS CUP', 0.00, 0.00, '', 816, 0.00, 0, 0, 0),
(1155, '', 'APPLETON ESTATE MC GLASS CUP', 0.00, 0.00, '', 0, 0.00, 0, 0, 0),
(1156, '', 'APPLETON QQ GAMING LOUNGE GLASS CUP', 0.00, 0.00, '', 0, 0.00, 0, 0, 0),
(1157, '', 'APPLETON RUSSLES GLASS CUP', 0.00, 0.00, '', 528, 0.00, 0, 0, 0),
(1158, '', 'APPLETON THE PUB GLASS CUP', 0.00, 0.00, '', 816, 0.00, 0, 0, 0),
(1159, '', 'APPLETON OMG GLASS CUP', 0.00, 0.00, '', 528, 0.00, 0, 0, 0),
(1160, '', 'APPLETON MURRAYS GLASS CUP', 0.00, 0.00, '', 812, 0.00, 0, 0, 0),
(1161, '', 'APPLETON 876 LEGEND GLASS CUP', 0.00, 0.00, '', 0, 0.00, 0, 0, 0),
(1162, '', 'APPLETON SERENGETI GLASS CUP', 0.00, 0.00, '', 2352, 0.00, 0, 0, 0),
(1163, '', 'APPLETON KALUGA GLASS CUP', 0.00, 0.00, '', 528, 0.00, 0, 0, 0),
(1164, '', 'APPLETON RIBBIZ GLASS CUP', 0.00, 0.00, '', 0, 0.00, 0, 0, 0),
(1165, '', 'APPLETON MANGO TREE GLASS CUP', 0.00, 0.00, '', 48, 0.00, 0, 0, 0),
(1166, '', 'APPLETON GUANGOS GLASS CUP', 0.00, 0.00, '', 0, 0.00, 0, 0, 0),
(1167, '', 'APPLETON BACKROON CIGAR BAR GLASS CUP', 0.00, 0.00, '', 0, 0.00, 0, 0, 0);

-- --------------------------------------------------------

--
-- Table structure for table `productorder`
--

CREATE TABLE `productorder` (
  `productorderid` int(255) NOT NULL,
  `orderid` int(255) NOT NULL,
  `productid` int(255) NOT NULL,
  `quantity` int(255) NOT NULL,
  `discountamt` int(255) NOT NULL,
  `amount` float(9,2) NOT NULL,
  `productname` varchar(255) NOT NULL
) ENGINE=InnoDB DEFAULT CHARSET=latin1;

--
-- Dumping data for table `productorder`
--

INSERT INTO `productorder` (`productorderid`, `orderid`, `productid`, `quantity`, `discountamt`, `amount`, `productname`) VALUES
(7, 1, 312, 2, 0, 0.00, ''),
(8, 1, 313, 2, 0, 0.00, ''),
(9, 1, 20, 2, 0, 0.00, ''),
(10, 1, 9, 12, 0, 0.00, ''),
(11, 1, 23, 4, 0, 0.00, ''),
(22, 2, 299, 6000, 0, 0.00, ''),
(23, 2, 83, 9000, 0, 0.00, ''),
(24, 2, 194, 6000, 0, 0.00, ''),
(25, 2, 279, 150, 0, 0.00, ''),
(27, 3, 316, 20, 0, 0.00, ''),
(36, 4, 83, 4000, 0, 0.00, ''),
(37, 4, 299, 10000, 0, 0.00, ''),
(38, 4, 194, 5000, 0, 0.00, ''),
(39, 4, 142, 5000, 0, 0.00, ''),
(40, 4, 279, 300, 0, 0.00, ''),
(41, 4, 190, 300, 0, 0.00, ''),
(42, 4, 297, 3, 0, 0.00, ''),
(43, 4, 191, 3, 0, 0.00, ''),
(44, 4, 79, 2, 0, 0.00, ''),
(45, 4, 395, 12, 0, 395.00, 'CAMPARI TUMBLER ROCK GLASS 36 CL (6 PCS)'),
(46, 4, 369, 1, 0, 369.00, 'CAMPARI  SHELF TALKER JM'),
(47, 5, 395, 12, 0, 395.00, 'CAMPARI TUMBLER ROCK GLASS 36 CL (6 PCS)'),
(48, 5, 580, 6, 0, 580.00, 'CAMPARI SERVING TRAY'),
(49, 6, 395, 12, 0, 395.00, 'CAMPARI TUMBLER ROCK GLASS 36 CL (6 PCS)'),
(50, 6, 580, 6, 0, 580.00, 'CAMPARI SERVING TRAY'),
(51, 7, 395, 12, 0, 395.00, 'CAMPARI TUMBLER ROCK GLASS 36 CL (6 PCS)'),
(52, 7, 580, 6, 0, 580.00, 'CAMPARI SERVING TRAY'),
(53, 8, 395, 12, 0, 395.00, 'CAMPARI TUMBLER ROCK GLASS 36 CL (6 PCS)'),
(54, 8, 580, 6, 0, 580.00, 'CAMPARI SERVING TRAY'),
(55, 9, 395, 12, 0, 395.00, 'CAMPARI TUMBLER ROCK GLASS 36 CL (6 PCS)'),
(56, 9, 580, 6, 0, 580.00, 'CAMPARI SERVING TRAY'),
(57, 10, 395, 12, 0, 395.00, 'CAMPARI TUMBLER ROCK GLASS 36 CL (6 PCS)'),
(58, 10, 580, 6, 0, 580.00, 'CAMPARI SERVING TRAY'),
(59, 11, 395, 12, 0, 395.00, 'CAMPARI TUMBLER ROCK GLASS 36 CL (6 PCS)'),
(60, 11, 580, 6, 0, 580.00, 'CAMPARI SERVING TRAY'),
(61, 12, 395, 12, 0, 395.00, 'CAMPARI TUMBLER ROCK GLASS 36 CL (6 PCS)'),
(62, 12, 580, 6, 0, 580.00, 'CAMPARI SERVING TRAY'),
(63, 13, 395, 12, 0, 395.00, 'CAMPARI TUMBLER ROCK GLASS 36 CL (6 PCS)'),
(64, 13, 580, 6, 0, 580.00, 'CAMPARI SERVING TRAY'),
(65, 14, 395, 12, 0, 395.00, 'CAMPARI TUMBLER ROCK GLASS 36 CL (6 PCS)'),
(66, 14, 580, 6, 0, 580.00, 'CAMPARI SERVING TRAY'),
(67, 15, 395, 12, 0, 395.00, 'CAMPARI TUMBLER ROCK GLASS 36 CL (6 PCS)'),
(68, 15, 580, 6, 0, 580.00, 'CAMPARI SERVING TRAY'),
(69, 16, 395, 12, 0, 395.00, 'CAMPARI TUMBLER ROCK GLASS 36 CL (6 PCS)'),
(70, 16, 580, 6, 0, 580.00, 'CAMPARI SERVING TRAY'),
(73, 18, 395, 12, 0, 0.00, ''),
(74, 18, 580, 6, 0, 0.00, ''),
(75, 18, 552, 108, 0, 552.00, 'WRAY & NEPHEW BUCKETS 1 GALLON (ACRYLIC)'),
(76, 18, 399, 150, 0, 399.00, 'CHARLEY’S JB 1 ½ GALLON BUCKET'),
(77, 18, 553, 150, 0, 553.00, 'WRAY & NEPHEW 1 ½ GALLON BUCKET'),
(78, 18, 465, 150, 0, 465.00, 'MAGNUM BUCKETS 1 ½ GALLON'),
(79, 18, 413, 90, 0, 413.00, 'CHARLEY\'S JB RUM RAIL MAT'),
(80, 19, 552, 108, 0, 552.00, 'WRAY & NEPHEW BUCKETS 1 GALLON (ACRYLIC)'),
(81, 19, 399, 150, 0, 399.00, 'CHARLEY’S JB 1 ½ GALLON BUCKET'),
(82, 19, 553, 150, 0, 553.00, 'WRAY & NEPHEW 1 ½ GALLON BUCKET'),
(83, 19, 465, 150, 0, 465.00, 'MAGNUM BUCKETS 1 ½ GALLON'),
(84, 19, 413, 90, 0, 413.00, 'CHARLEY\'S JB RUM RAIL MAT'),
(85, 20, 552, 108, 0, 552.00, 'WRAY & NEPHEW BUCKETS 1 GALLON (ACRYLIC)'),
(86, 20, 399, 150, 0, 399.00, 'CHARLEY’S JB 1 ½ GALLON BUCKET'),
(87, 20, 553, 150, 0, 553.00, 'WRAY & NEPHEW 1 ½ GALLON BUCKET'),
(88, 20, 465, 150, 0, 465.00, 'MAGNUM BUCKETS 1 ½ GALLON'),
(89, 20, 413, 90, 0, 413.00, 'CHARLEY\'S JB RUM RAIL MAT'),
(90, 21, 552, 108, 0, 552.00, 'WRAY & NEPHEW BUCKETS 1 GALLON (ACRYLIC)'),
(91, 21, 399, 150, 0, 399.00, 'CHARLEY’S JB 1 ½ GALLON BUCKET'),
(92, 21, 553, 150, 0, 553.00, 'WRAY & NEPHEW 1 ½ GALLON BUCKET'),
(93, 21, 465, 150, 0, 465.00, 'MAGNUM BUCKETS 1 ½ GALLON'),
(94, 21, 413, 90, 0, 413.00, 'CHARLEY\'S JB RUM RAIL MAT'),
(99, 23, 413, 90, 0, 0.00, ''),
(100, 23, 465, 150, 0, 0.00, ''),
(101, 23, 553, 150, 0, 0.00, ''),
(102, 23, 552, 108, 0, 0.00, ''),
(103, 23, 399, 150, 0, 0.00, ''),
(1083, 24, 339, 90, 0, 0.00, ''),
(1084, 24, 389, 90, 0, 0.00, ''),
(1085, 24, 343, 30, 0, 0.00, ''),
(1086, 24, 569, 30, 0, 0.00, ''),
(1087, 24, 576, 90, 0, 0.00, ''),
(1088, 24, 449, 30, 0, 0.00, ''),
(1089, 24, 469, 90, 0, 0.00, ''),
(1090, 24, 575, 144, 0, 0.00, ''),
(1091, 24, 568, 6000, 0, 0.00, ''),
(1092, 24, 427, 450, 0, 0.00, ''),
(1093, 24, 373, 3000, 0, 0.00, ''),
(1094, 24, 470, 6000, 0, 0.00, ''),
(1095, 24, 554, 30, 0, 0.00, ''),
(1096, 24, 353, 216, 0, 0.00, ''),
(1097, 24, 402, 300, 0, 0.00, ''),
(1098, 24, 574, 300, 0, 0.00, ''),
(1099, 24, 335, 300, 0, 0.00, ''),
(1100, 24, 420, 300, 0, 0.00, ''),
(1101, 24, 386, 300, 0, 0.00, ''),
(1102, 24, 374, 9000, 0, 0.00, ''),
(1103, 24, 569, 15000, 0, 0.00, ''),
(1104, 24, 526, 300, 0, 0.00, ''),
(1105, 24, 562, 15, 0, 0.00, ''),
(1106, 24, 405, 6, 0, 0.00, ''),
(1107, 24, 466, 9, 0, 0.00, ''),
(1108, 24, 371, 9, 0, 0.00, ''),
(1109, 24, 325, 6, 0, 0.00, ''),
(1110, 24, 565, 9, 0, 0.00, ''),
(1111, 24, 417, 6, 0, 0.00, ''),
(1112, 24, 572, 72, 0, 0.00, ''),
(1113, 24, 370, 72, 0, 0.00, ''),
(1114, 24, 414, 300, 0, 0.00, ''),
(1115, 24, 344, 240, 0, 0.00, ''),
(1116, 24, 579, 150, 0, 0.00, ''),
(1117, 24, 393, 300, 0, 0.00, ''),
(1118, 24, 476, 300, 0, 0.00, ''),
(1119, 24, 332, 150, 0, 0.00, ''),
(1120, 24, 578, 150, 0, 0.00, ''),
(1121, 24, 385, 150, 0, 0.00, ''),
(1122, 24, 393, 300, 0, 0.00, ''),
(1123, 24, 476, 300, 0, 0.00, ''),
(1124, 24, 378, 108, 0, 0.00, ''),
(1125, 24, 552, 108, 0, 0.00, ''),
(1126, 24, 399, 150, 0, 0.00, ''),
(1127, 24, 465, 150, 0, 0.00, ''),
(1128, 24, 413, 90, 0, 0.00, ''),
(1129, 24, 553, 150, 0, 0.00, ''),
(1133, 25, 470, 2000, 0, 0.00, ''),
(1134, 25, 465, 100, 0, 0.00, ''),
(1143, 26, 605, 24, 0, 0.00, ''),
(1144, 26, 575, 24, 0, 0.00, ''),
(1145, 26, 395, 24, 0, 0.00, ''),
(1177, 27, 562, 12, 0, 0.00, ''),
(1178, 27, 470, 200, 0, 0.00, ''),
(1179, 27, 568, 200, 0, 0.00, ''),
(1180, 27, 373, 200, 0, 0.00, ''),
(1181, 27, 427, 200, 0, 0.00, ''),
(1182, 27, 419, 200, 0, 0.00, ''),
(1183, 27, 345, 5, 0, 0.00, ''),
(1184, 27, 355, 5, 0, 0.00, ''),
(1187, 28, 562, 4, 0, 0.00, ''),
(1188, 28, 568, 500, 0, 0.00, ''),
(1189, 28, 419, 5000, 0, 419.00, 'COLBECK CUPS'),
(1190, 29, 419, 5000, 0, 419.00, 'COLBECK CUPS'),
(1193, 31, 419, 5000, 0, 0.00, ''),
(1198, 33, 384, 72, 0, 0.00, ''),
(1199, 33, 848, 10, 0, 0.00, ''),
(1200, 32, 465, 50, 0, 0.00, ''),
(1201, 32, 470, 5000, 0, 0.00, ''),
(1369, 34, 373, 4000, 0, 0.00, ''),
(1370, 34, 568, 4000, 0, 0.00, ''),
(1371, 34, 470, 4000, 0, 0.00, ''),
(1372, 34, 419, 4000, 0, 0.00, ''),
(1373, 34, 553, 200, 0, 0.00, ''),
(1374, 34, 378, 48, 0, 0.00, ''),
(1375, 34, 552, 48, 0, 0.00, ''),
(1376, 34, 846, 50, 0, 0.00, ''),
(1377, 34, 653, 50, 0, 0.00, ''),
(1378, 34, 332, 50, 0, 0.00, ''),
(1379, 34, 466, 3, 0, 0.00, ''),
(1380, 34, 417, 3, 0, 0.00, ''),
(1381, 34, 572, 48, 0, 0.00, ''),
(1382, 34, 383, 48, 0, 0.00, ''),
(1383, 34, 575, 100, 0, 0.00, ''),
(1384, 34, 395, 48, 0, 0.00, ''),
(1385, 34, 604, 48, 0, 0.00, ''),
(1386, 34, 569, 10000, 0, 0.00, ''),
(1452, 35, 378, 3, 0, 0.00, ''),
(1453, 35, 831, 2, 0, 0.00, ''),
(1454, 35, 844, 1, 0, 0.00, ''),
(1455, 35, 469, 1, 0, 0.00, ''),
(1456, 35, 389, 2, 0, 0.00, ''),
(1457, 35, 343, 1, 0, 0.00, ''),
(1458, 35, 837, 2, 0, 0.00, ''),
(1459, 35, 569, 100, 0, 0.00, ''),
(1460, 35, 384, 6, 0, 0.00, ''),
(1461, 35, 843, 6, 0, 0.00, ''),
(1479, 36, 568, 6000, 0, 0.00, ''),
(1480, 36, 373, 9000, 0, 0.00, ''),
(1481, 36, 470, 6000, 0, 0.00, ''),
(1482, 36, 553, 150, 0, 0.00, ''),
(1485, 37, 466, 1, 0, 0.00, ''),
(1512, 38, 568, 1000, 0, 0.00, ''),
(1513, 38, 341, 2, 0, 0.00, ''),
(1514, 38, 353, 24, 0, 0.00, ''),
(1515, 38, 336, 36, 0, 0.00, ''),
(1516, 38, 529, 2, 0, 0.00, ''),
(1517, 38, 373, 1000, 0, 0.00, ''),
(1522, 39, 465, 300, 0, 0.00, ''),
(1523, 39, 466, 4, 0, 0.00, ''),
(1524, 39, 371, 1, 0, 0.00, ''),
(1526, 40, 373, 5000, 0, 0.00, ''),
(1666, 41, 395, 24, 0, 0.00, ''),
(1667, 41, 337, 48, 0, 0.00, ''),
(1668, 41, 575, 12, 0, 0.00, ''),
(1669, 41, 527, 12, 0, 0.00, ''),
(1670, 41, 373, 250, 0, 0.00, ''),
(1671, 41, 378, 12, 0, 0.00, ''),
(1672, 41, 333, 6, 0, 0.00, ''),
(1673, 41, 377, 12, 0, 0.00, ''),
(1674, 41, 389, 6, 0, 0.00, ''),
(1675, 41, 374, 200, 0, 0.00, ''),
(1676, 41, 390, 2, 0, 0.00, ''),
(1677, 41, 341, 3, 0, 0.00, ''),
(1678, 41, 568, 300, 0, 0.00, ''),
(1679, 41, 469, 2, 0, 0.00, ''),
(1680, 41, 607, 2, 0, 0.00, ''),
(1681, 41, 389, 2, 0, 0.00, ''),
(1684, 42, 466, 1, 0, 0.00, ''),
(1685, 42, 325, 1, 0, 0.00, ''),
(1686, 42, 318, 1, 0, 0.00, ''),
(1689, 43, 568, 2000, 0, 0.00, ''),
(1690, 43, 553, 75, 0, 0.00, ''),
(1693, 44, 427, 1000, 0, 0.00, ''),
(1695, 45, 337, 180, 0, 0.00, ''),
(1729, 46, 574, 200, 0, 0.00, ''),
(1730, 46, 473, 200, 0, 0.00, ''),
(1731, 46, 654, 200, 0, 0.00, ''),
(1732, 46, 552, 20, 0, 0.00, ''),
(1733, 46, 569, 500, 0, 0.00, ''),
(1734, 46, 575, 60, 0, 0.00, ''),
(1735, 46, 335, 200, 0, 0.00, ''),
(1760, 47, 373, 4000, 0, 0.00, ''),
(1761, 47, 568, 10000, 0, 0.00, ''),
(1762, 47, 470, 5000, 0, 0.00, ''),
(1763, 47, 419, 5000, 0, 0.00, ''),
(1764, 47, 553, 300, 0, 0.00, ''),
(1765, 47, 465, 300, 0, 0.00, ''),
(1766, 47, 565, 3, 0, 0.00, ''),
(1767, 47, 466, 3, 0, 0.00, ''),
(1768, 47, 371, 3, 0, 0.00, ''),
(1769, 47, 325, 3, 0, 0.00, ''),
(1787, 48, 333, 2, 0, 0.00, ''),
(1788, 48, 327, 2, 0, 0.00, ''),
(1789, 48, 326, 2, 0, 0.00, ''),
(1790, 48, 337, 12, 0, 0.00, ''),
(1791, 48, 336, 12, 0, 0.00, ''),
(1792, 48, 329, 4, 0, 0.00, ''),
(1796, 49, 465, 2, 0, 0.00, ''),
(1797, 49, 399, 2, 0, 0.00, ''),
(1798, 49, 553, 2, 0, 0.00, ''),
(1809, 51, 419, 1000, 0, 0.00, ''),
(1810, 51, 438, 48, 0, 0.00, ''),
(1811, 51, 450, 48, 0, 0.00, ''),
(1812, 50, 371, 9, 0, 0.00, ''),
(1990, 52, 373, 4000, 0, 0.00, ''),
(1991, 52, 568, 4000, 0, 0.00, ''),
(1992, 52, 470, 4000, 0, 0.00, ''),
(1993, 52, 419, 4000, 0, 0.00, ''),
(1994, 52, 733, 300, 0, 0.00, ''),
(1995, 52, 821, 300, 0, 0.00, ''),
(1996, 52, 378, 36, 0, 0.00, ''),
(1997, 52, 552, 36, 0, 0.00, ''),
(1998, 52, 578, 30, 0, 0.00, ''),
(1999, 52, 385, 30, 0, 0.00, ''),
(2000, 52, 332, 30, 0, 0.00, ''),
(2001, 52, 371, 2, 0, 0.00, ''),
(2002, 52, 466, 2, 0, 0.00, ''),
(2003, 52, 417, 2, 0, 0.00, ''),
(2004, 52, 565, 2, 0, 0.00, ''),
(2005, 52, 572, 36, 0, 0.00, ''),
(2006, 52, 370, 36, 0, 0.00, ''),
(2007, 52, 575, 60, 0, 0.00, ''),
(2008, 52, 395, 48, 0, 0.00, ''),
(2009, 52, 337, 48, 0, 0.00, ''),
(2092, 63, 576, 4, 0, 0.00, ''),
(2093, 63, 389, 4, 0, 0.00, ''),
(2094, 63, 339, 2, 0, 0.00, ''),
(2095, 63, 469, 4, 0, 0.00, ''),
(2096, 63, 552, 4, 0, 0.00, ''),
(2097, 63, 733, 4, 0, 0.00, ''),
(2098, 63, 569, 100, 0, 0.00, ''),
(2099, 63, 568, 200, 0, 0.00, ''),
(2100, 63, 470, 100, 0, 0.00, ''),
(2101, 63, 578, 2, 0, 0.00, ''),
(2105, 62, 565, 1, 0, 0.00, ''),
(2106, 62, 733, 25, 0, 0.00, ''),
(2107, 62, 568, 500, 0, 0.00, ''),
(2108, 61, 419, 5000, 0, 0.00, ''),
(2109, 60, 488, 2, 0, 0.00, ''),
(2110, 59, 575, 180, 0, 0.00, ''),
(2111, 58, 568, 150, 0, 0.00, ''),
(2112, 57, 336, 24, 0, 0.00, ''),
(2113, 56, 488, 2, 0, 0.00, ''),
(2114, 55, 621, 12, 0, 0.00, ''),
(2115, 55, 360, 5, 0, 0.00, ''),
(2116, 55, 851, 3, 0, 0.00, ''),
(2117, 54, 384, 100, 0, 0.00, ''),
(2118, 53, 575, 12, 0, 0.00, ''),
(2119, 53, 395, 24, 0, 0.00, ''),
(2120, 53, 450, 6, 0, 0.00, ''),
(2121, 53, 336, 24, 0, 0.00, ''),
(2122, 53, 568, 500, 0, 0.00, ''),
(2123, 53, 353, 12, 0, 0.00, ''),
(2132, 64, 419, 600, 0, 0.00, ''),
(2133, 64, 470, 1000, 0, 0.00, ''),
(2134, 64, 373, 1000, 0, 0.00, ''),
(2141, 67, 568, 150, 0, 0.00, ''),
(2144, 66, 486, 94, 0, 0.00, ''),
(2145, 66, 482, 98, 0, 0.00, ''),
(2148, 65, 568, 2000, 0, 0.00, ''),
(2149, 65, 373, 1000, 0, 0.00, ''),
(2664, 68, 466, 27, 0, 0.00, ''),
(2665, 68, 639, 12, 0, 0.00, ''),
(2666, 68, 572, 216, 0, 0.00, ''),
(2667, 68, 651, 216, 0, 0.00, ''),
(2668, 68, 393, 900, 0, 0.00, ''),
(2669, 68, 476, 900, 0, 0.00, ''),
(2670, 68, 600, 450, 0, 0.00, ''),
(2671, 68, 846, 450, 0, 0.00, ''),
(2672, 68, 385, 50, 0, 0.00, ''),
(2673, 68, 378, 324, 0, 0.00, ''),
(2674, 68, 552, 324, 0, 0.00, ''),
(2675, 68, 733, 225, 0, 0.00, ''),
(2676, 68, 553, 225, 0, 0.00, ''),
(2677, 68, 339, 270, 0, 0.00, ''),
(2678, 68, 389, 270, 0, 0.00, ''),
(2679, 68, 343, 90, 0, 0.00, ''),
(2680, 68, 581, 90, 0, 0.00, ''),
(2681, 68, 576, 270, 0, 0.00, ''),
(2682, 68, 474, 270, 0, 0.00, ''),
(2683, 68, 449, 90, 0, 0.00, ''),
(2684, 68, 336, 540, 0, 0.00, ''),
(2685, 68, 575, 432, 0, 0.00, ''),
(2686, 68, 568, 18000, 0, 0.00, ''),
(2687, 68, 427, 1350, 0, 0.00, ''),
(2688, 68, 470, 18000, 0, 0.00, ''),
(2689, 68, 822, 90, 0, 0.00, ''),
(2690, 68, 569, 45000, 0, 0.00, ''),
(2691, 68, 533, 9000, 0, 0.00, ''),
(2692, 68, 830, 45, 0, 0.00, ''),
(2693, 68, 642, 27000, 0, 0.00, ''),
(2694, 68, 621, 648, 0, 0.00, ''),
(2874, 82, 1112, 2, 0, 1112.00, 'WRAY & NEPHEW 8FT DIE CUT BOTTLE'),
(2907, 69, 1024, 2000, 0, 0.00, ''),
(2908, 69, 1125, 2000, 0, 0.00, ''),
(2909, 69, 1023, 30, 0, 0.00, ''),
(2910, 70, 1024, 2000, 0, 0.00, ''),
(2911, 70, 1125, 2000, 0, 0.00, ''),
(2912, 70, 1130, 12, 0, 0.00, ''),
(2913, 70, 928, 12, 0, 0.00, ''),
(2914, 70, 1122, 1, 0, 0.00, ''),
(2915, 70, 862, 1, 0, 0.00, ''),
(2916, 70, 1126, 2000, 0, 0.00, ''),
(2917, 70, 1138, 50, 0, 0.00, ''),
(2918, 70, 942, 50, 0, 0.00, ''),
(2919, 70, 883, 50, 0, 0.00, ''),
(2920, 70, 1030, 50, 0, 0.00, ''),
(2921, 70, 1023, 30, 0, 0.00, ''),
(2922, 71, 1125, 2000, 0, 0.00, ''),
(2923, 71, 1024, 2000, 0, 0.00, ''),
(2924, 71, 928, 12, 0, 0.00, ''),
(2925, 71, 1126, 2000, 0, 0.00, ''),
(2926, 71, 1130, 12, 0, 0.00, ''),
(2927, 71, 1023, 30, 0, 0.00, ''),
(2928, 71, 1122, 1, 0, 0.00, ''),
(2929, 71, 862, 1, 0, 0.00, ''),
(2930, 71, 942, 50, 0, 0.00, ''),
(2931, 71, 883, 1, 0, 0.00, ''),
(2932, 71, 1138, 1, 0, 0.00, ''),
(2933, 71, 1030, 1, 0, 0.00, ''),
(2934, 72, 883, 50, 0, 0.00, ''),
(2935, 72, 1030, 50, 0, 0.00, ''),
(2936, 72, 942, 50, 0, 0.00, ''),
(2937, 72, 1138, 50, 0, 0.00, ''),
(2938, 72, 1024, 2000, 0, 0.00, ''),
(2939, 72, 1125, 2000, 0, 0.00, ''),
(2940, 72, 1130, 12, 0, 0.00, ''),
(2941, 72, 928, 12, 0, 0.00, ''),
(2942, 72, 1028, 15, 0, 0.00, ''),
(2943, 72, 1135, 15, 0, 0.00, ''),
(2951, 73, 1030, 30, 0, 0.00, ''),
(2952, 73, 909, 50, 0, 0.00, ''),
(2953, 73, 1028, 50, 0, 0.00, ''),
(2954, 73, 1125, 2000, 0, 0.00, ''),
(2955, 73, 1024, 2000, 0, 0.00, ''),
(2956, 73, 1130, 12, 0, 0.00, ''),
(2957, 73, 928, 12, 0, 0.00, ''),
(2958, 74, 1130, 12, 0, 0.00, ''),
(2959, 74, 928, 12, 0, 0.00, ''),
(2960, 74, 1024, 2000, 0, 0.00, ''),
(2961, 74, 1125, 2000, 0, 0.00, ''),
(2962, 74, 883, 50, 0, 0.00, ''),
(2963, 74, 1030, 50, 0, 0.00, ''),
(2964, 74, 1138, 50, 0, 0.00, ''),
(2965, 74, 942, 50, 0, 0.00, ''),
(2966, 74, 862, 1, 0, 0.00, ''),
(2967, 74, 1019, 1, 0, 0.00, ''),
(2968, 74, 1122, 1, 0, 0.00, ''),
(2969, 74, 1135, 30, 0, 0.00, ''),
(2970, 74, 1023, 30, 0, 0.00, ''),
(2971, 75, 1023, 30, 0, 0.00, ''),
(2972, 75, 1125, 2000, 0, 0.00, ''),
(2973, 75, 1024, 2000, 0, 0.00, ''),
(2974, 75, 1130, 12, 0, 0.00, ''),
(2975, 75, 1135, 30, 0, 0.00, ''),
(2976, 76, 867, 8, 0, 0.00, ''),
(2977, 77, 914, 200, 0, 0.00, ''),
(2978, 77, 1125, 200, 0, 0.00, ''),
(2979, 78, 1125, 1000, 0, 0.00, ''),
(2980, 79, 1089, 1000, 0, 0.00, ''),
(2981, 80, 1003, 43, 0, 0.00, ''),
(2982, 81, 1125, 1000, 0, 0.00, ''),
(2983, 81, 1112, 2, 0, 0.00, ''),
(2984, 84, 928, 6, 0, 0.00, ''),
(2985, 84, 915, 12, 0, 0.00, ''),
(2986, 84, 944, 100, 0, 0.00, ''),
(2987, 85, 1065, 150, 0, 0.00, ''),
(2988, 86, 1024, 2000, 0, 0.00, ''),
(2993, 87, 1108, 30, 0, 0.00, ''),
(2994, 87, 1125, 480, 0, 0.00, ''),
(2995, 87, 1125, 2000, 0, 0.00, ''),
(2996, 87, 914, 2000, 0, 0.00, ''),
(3007, 88, 1141, 3024, 0, 0.00, ''),
(3008, 88, 1166, 816, 0, 0.00, ''),
(3009, 88, 1156, 816, 0, 0.00, ''),
(3010, 88, 1152, 528, 0, 0.00, ''),
(3011, 88, 1151, 816, 0, 0.00, ''),
(3012, 88, 1146, 816, 0, 0.00, ''),
(3013, 88, 1153, 528, 0, 0.00, ''),
(3014, 88, 1155, 528, 0, 0.00, ''),
(3015, 88, 1142, 528, 0, 0.00, ''),
(3016, 88, 1161, 528, 0, 0.00, ''),
(3017, 88, 1150, 1008, 0, 0.00, ''),
(3018, 89, 885, 24, 0, 0.00, ''),
(3019, 89, 880, 6, 0, 0.00, ''),
(3020, 89, 864, 24, 0, 0.00, ''),
(3021, 89, 910, 6, 0, 0.00, ''),
(3022, 89, 876, 24, 0, 0.00, ''),
(3023, 89, 875, 24, 0, 0.00, ''),
(3024, 89, 1125, 1000, 0, 0.00, ''),
(3025, 89, 878, 12, 0, 0.00, ''),
(3026, 89, 882, 6, 0, 0.00, ''),
(3027, 89, 915, 400, 0, 0.00, ''),
(3028, 90, 1119, 10, 0, 0.00, ''),
(3029, 91, 979, 5000, 0, 0.00, ''),
(3030, 92, 938, 6, 0, 0.00, ''),
(3031, 92, 1108, 6, 0, 0.00, ''),
(3032, 92, 919, 6, 0, 0.00, ''),
(3033, 92, 1125, 200, 0, 0.00, ''),
(3034, 92, 875, 60, 0, 0.00, ''),
(3035, 93, 965, 20, 0, 0.00, ''),
(3036, 93, 1138, 20, 0, 0.00, ''),
(3037, 93, 942, 20, 0, 0.00, ''),
(3038, 93, 883, 30, 0, 0.00, ''),
(3040, 95, 1125, 6000, 0, 0.00, ''),
(3041, 95, 914, 6000, 0, 0.00, ''),
(3042, 95, 1024, 3000, 0, 0.00, ''),
(3043, 95, 1018, 400, 0, 0.00, ''),
(3044, 95, 948, 350, 0, 0.00, ''),
(3045, 96, 1130, 6, 0, 0.00, ''),
(3046, 96, 1127, 2, 0, 0.00, ''),
(3047, 96, 871, 11, 0, 0.00, ''),
(3048, 96, 1108, 6, 0, 0.00, ''),
(3049, 96, 875, 12, 0, 0.00, ''),
(3050, 96, 1134, 12, 0, 0.00, ''),
(3051, 96, 876, 24, 0, 0.00, ''),
(3052, 96, 875, 12, 0, 0.00, ''),
(3053, 96, 915, 200, 0, 0.00, ''),
(3054, 96, 928, 4, 0, 0.00, ''),
(3055, 96, 1134, 48, 0, 0.00, ''),
(3056, 96, 854, 30, 0, 0.00, ''),
(3057, 96, 885, 12, 0, 0.00, ''),
(3058, 96, 1108, 24, 0, 0.00, ''),
(3063, 94, 1125, 1000, 0, 0.00, ''),
(3066, 97, 1018, 400, 0, 0.00, ''),
(3067, 97, 1024, 4000, 0, 0.00, ''),
(3068, 98, 862, 1, 0, 0.00, ''),
(3069, 98, 864, 1, 0, 0.00, ''),
(3070, 99, 862, 1, 0, 0.00, ''),
(3071, 99, 863, 1, 0, 0.00, ''),
(3072, 100, 858, 1, 0, 0.00, ''),
(3075, 101, 862, 2, 0, 0.00, ''),
(3076, 101, 1160, 4, 0, 0.00, ''),
(3077, 101, 864, 1, 0, 0.00, '');

-- --------------------------------------------------------

--
-- Table structure for table `product_log`
--

CREATE TABLE `product_log` (
  `Product_log_id` int(255) NOT NULL,
  `product_id` int(255) NOT NULL,
  `product_name` varchar(255) NOT NULL,
  `product_amt` int(255) NOT NULL,
  `production_notes` varchar(255) NOT NULL,
  `product_log_status` enum('pending','activated') NOT NULL,
  `product_log_timestamp` timestamp(6) NOT NULL DEFAULT CURRENT_TIMESTAMP(6) ON UPDATE CURRENT_TIMESTAMP(6)
) ENGINE=InnoDB DEFAULT CHARSET=latin1;

--
-- Dumping data for table `product_log`
--

INSERT INTO `product_log` (`Product_log_id`, `product_id`, `product_name`, `product_amt`, `production_notes`, `product_log_status`, `product_log_timestamp`) VALUES
(1, 5, 'Banana Chips(Case)', 16, '', '', '2018-05-18 23:14:22.730156'),
(2, 5, 'Banana Chips(Case)', 16, '', '', '2018-05-18 23:13:43.473406'),
(3, 5, 'Banana Chips(Case)', 24, '', '', '2018-05-18 23:56:32.742597'),
(4, 5, 'Banana Chips(Case)', 56, '', '', '2018-05-18 23:59:28.836136'),
(5, 5, 'Banana Chips(Case)', 56, '', '', '2018-05-19 00:08:04.214238'),
(6, 5, 'Banana Chips(Case)', 15, '', '', '2018-05-19 01:26:11.105439'),
(7, 5, 'Banana Chips(Case)', 18, '', '', '2018-05-19 01:28:06.786360'),
(8, 5, 'Banana Chips(Case)', 45, '', '', '2018-05-19 16:29:35.901715'),
(9, 5, 'Banana Chips(Case)', 67, '', '', '2018-05-19 16:32:24.815665'),
(10, 5, 'Banana Chips(Case)', 56, '', '', '2018-05-19 18:11:53.225713'),
(11, 5, 'Banana Chips(Case)', 45, '', '', '2018-05-19 18:12:41.152346'),
(12, 5, 'Banana Chips(Case)', 23, '', '', '2018-05-19 18:14:56.918061'),
(13, 5, 'Banana Chips(Case)', 23, '', '', '2018-05-19 18:15:59.781300'),
(14, 5, 'Banana Chips(Case)', 16, '', '', '2018-05-19 18:21:24.945982'),
(15, 5, 'Banana Chips(Case)', 18, '', 'pending', '2018-05-20 18:29:45.262980'),
(16, 5, 'Banana Chips(Case)', 67, '', 'activated', '2018-05-20 16:10:51.134879'),
(17, 11, 'JOE –G/BEAST wine 240ml-case 24', 4, '', '', '2018-06-19 12:13:19.273311'),
(18, 11, 'JOE –G/BEAST wine 240ml-case 24', 4, '', '', '2018-06-19 12:14:13.126748'),
(19, 11, 'JOE –G/BEAST wine 240ml-case 24', 4, '', '', '2018-06-19 12:14:16.121480'),
(20, 10, 'Wine 15 Gal', 10, '', '', '2018-06-19 12:30:52.247914'),
(21, 11, 'JOE –G/BEAST wine 240ml-case 24', 10, '', 'activated', '2018-06-19 12:46:56.572212'),
(22, 9, 'Wine 1 Gal-case 4 bottles', 5, '', 'activated', '2018-06-19 16:07:55.811454'),
(23, 9, 'Wine 1 Gal-case 4 bottles', 20, '', 'activated', '2018-06-19 16:09:25.215745'),
(24, 40, 'Sprout June Plum Juice 500ml-case 24 bottles', 10, 'Machine stopped working', 'pending', '2018-06-19 17:47:30.016917'),
(25, 24, 'Big Bag Drink Pineapple-case 12', 100, 'production went well for the day', 'pending', '2018-06-19 21:09:05.143801'),
(26, 7, 'Wine 1 litre-case 12 bottles', 100, '', 'pending', '2018-06-21 20:56:19.000278'),
(27, 7, 'Wine 1 litre-case 12 bottles', 100, 'No notes', 'pending', '2018-07-05 19:03:55.688004'),
(28, 7, 'Wine 1 litre-case 12 bottles', 50, 'none', 'pending', '2018-07-05 19:05:15.747639'),
(29, 7, 'Wine 1 litre-case 12 bottles', 50, 'none', 'pending', '2018-07-05 19:05:48.317719');

-- --------------------------------------------------------

--
-- Table structure for table `table`
--

CREATE TABLE `table` (
  `id_table` int(11) NOT NULL,
  `table_name` varchar(150) NOT NULL,
  `subject` varchar(150) NOT NULL,
  `title` varchar(150) NOT NULL,
  `required` text NOT NULL,
  `columns` text NOT NULL,
  `field` text NOT NULL,
  `uploads` text NOT NULL,
  `relation_1` text NOT NULL,
  `action` text NOT NULL,
  `breadcrumb` text NOT NULL,
  `table_config` text NOT NULL
) ENGINE=InnoDB DEFAULT CHARSET=utf8;

--
-- Dumping data for table `table`
--

INSERT INTO `table` (`id_table`, `table_name`, `subject`, `title`, `required`, `columns`, `field`, `uploads`, `relation_1`, `action`, `breadcrumb`, `table_config`) VALUES
(1, 'book', 'Book', 'Book', '[\"book_name\",\"rating\"]', '[\"book_name\",\"rating\"]', '', '', 'null', '[\"Action\",\"Create\",\"Read\",\"Update\",\"Delete\"]', '[{\"label\":\"Book\",\"link\":\"\"}]', '{\"id_book\":{\"actions\":{\"column\":0,\"add\":0,\"edit\":0,\"details\":0},\"type\":\"input\",\"selectData\":{},\"selectMultipleData\":{},\"validation\":[]},\"book_name\":{\"actions\":{\"column\":0,\"add\":0,\"edit\":0,\"details\":0},\"type\":\"input\",\"selectData\":{},\"selectMultipleData\":{},\"validation\":[]},\"rating\":{\"actions\":{\"column\":0,\"add\":0,\"edit\":0,\"details\":0},\"type\":\"input\",\"selectData\":{},\"selectMultipleData\":{},\"validation\":[]},\"content\":{\"actions\":{\"column\":0,\"add\":0,\"edit\":0,\"details\":0},\"type\":\"input\",\"selectData\":{},\"selectMultipleData\":{},\"validation\":[]}}'),
(2, 'product', 'Products', 'Product', '', '', '', '', '', '[\"Action\",\"Create\",\"Read\",\"Update\",\"Delete\"]', 'null', '{\"orderid\":{\"actions\":{\"column\":0,\"add\":0,\"edit\":0,\"details\":1},\"type\":\"number\",\"selectData\":{},\"selectMultipleData\":{},\"validation\":[]},\"userid\":{\"actions\":{\"column\":1,\"add\":1,\"edit\":1,\"details\":1},\"type\":\"number\",\"selectData\":{},\"selectMultipleData\":{},\"validation\":[]},\"orderdelivery\":{\"actions\":{\"column\":1,\"add\":1,\"edit\":1,\"details\":1},\"type\":\"number\",\"selectData\":{},\"selectMultipleData\":{},\"validation\":[]},\"productid\":{\"actions\":{\"column\":1,\"add\":1,\"edit\":1,\"details\":1},\"type\":\"number\",\"selectData\":{},\"selectMultipleData\":{},\"validation\":[]},\"productname\":{\"actions\":{\"column\":1,\"add\":1,\"edit\":1,\"details\":1},\"type\":\"input\",\"selectData\":{},\"selectMultipleData\":{},\"validation\":[]}}'),
(3, 'customer', 'Company', 'Company', '', '', '', '', '', '[\"Action\",\"Create\",\"Read\",\"Update\",\"Delete\"]', '[{\"label\":\"companies\",\"link\":\"\"}]', '{\"customerid\":{\"actions\":{\"column\":0,\"add\":0,\"edit\":0,\"details\":1},\"type\":\"number\",\"selectData\":{},\"selectMultipleData\":{},\"validation\":[]},\"customer_name\":{\"actions\":{\"column\":1,\"add\":1,\"edit\":1,\"details\":1},\"type\":\"input\",\"selectData\":{},\"selectMultipleData\":{},\"validation\":[]},\"customer_address\":{\"actions\":{\"column\":1,\"add\":1,\"edit\":1,\"details\":1},\"type\":\"number\",\"selectData\":{},\"selectMultipleData\":{},\"validation\":[]},\"customer_phone\":{\"actions\":{\"column\":1,\"add\":1,\"edit\":1,\"details\":1},\"type\":\"input\",\"selectData\":{},\"selectMultipleData\":{},\"validation\":[]}}');

-- --------------------------------------------------------

--
-- Table structure for table `users_groups`
--

CREATE TABLE `users_groups` (
  `id` int(11) NOT NULL,
  `user_id` int(11) NOT NULL,
  `group_id` int(11) NOT NULL
) ENGINE=InnoDB DEFAULT CHARSET=utf8;

--
-- Dumping data for table `users_groups`
--

INSERT INTO `users_groups` (`id`, `user_id`, `group_id`) VALUES
(1, 2, 2),
(2, 2, 1),
(8, 4, 3),
(9, 4, 2),
(17, 1, 5),
(18, 1, 1),
(21, 6, 7),
(22, 7, 8),
(23, 7, 2),
(25, 8, 5),
(42, 9, 9),
(43, 10, 9),
(46, 15, 9),
(55, 17, 2),
(56, 17, 4),
(57, 5, 4),
(60, 16, 2),
(61, 16, 4),
(65, 18, 8),
(66, 18, 2),
(67, 19, 8),
(68, 19, 2),
(69, 20, 11),
(70, 20, 2),
(71, 21, 11),
(72, 21, 2);

--
-- Indexes for dumped tables
--

--
-- Indexes for table `api`
--
ALTER TABLE `api`
  ADD PRIMARY KEY (`id_api`);

--
-- Indexes for table `book`
--
ALTER TABLE `book`
  ADD PRIMARY KEY (`id_book`);

--
-- Indexes for table `customer`
--
ALTER TABLE `customer`
  ADD PRIMARY KEY (`customerid`);

--
-- Indexes for table `factory`
--
ALTER TABLE `factory`
  ADD PRIMARY KEY (`factoryid`);

--
-- Indexes for table `fixedorderlogdetaiils`
--
ALTER TABLE `fixedorderlogdetaiils`
  ADD PRIMARY KEY (`fixedorderlogproductdetailsid`);

--
-- Indexes for table `fixed_product`
--
ALTER TABLE `fixed_product`
  ADD PRIMARY KEY (`fixed_product_id`),
  ADD KEY `fixed_product_id` (`fixed_product_id`);

--
-- Indexes for table `fixed_product_order`
--
ALTER TABLE `fixed_product_order`
  ADD PRIMARY KEY (`fixed_product_order_id`);

--
-- Indexes for table `fixed_product_order_detail`
--
ALTER TABLE `fixed_product_order_detail`
  ADD PRIMARY KEY (`fixed_product_order_id`);

--
-- Indexes for table `fixed_product_order_log`
--
ALTER TABLE `fixed_product_order_log`
  ADD PRIMARY KEY (`fixed_product_order_log_id`);

--
-- Indexes for table `groups`
--
ALTER TABLE `groups`
  ADD PRIMARY KEY (`id`);

--
-- Indexes for table `login`
--
ALTER TABLE `login`
  ADD PRIMARY KEY (`id`);

--
-- Indexes for table `login_attempts`
--
ALTER TABLE `login_attempts`
  ADD PRIMARY KEY (`id`);

--
-- Indexes for table `logs`
--
ALTER TABLE `logs`
  ADD PRIMARY KEY (`id`);

--
-- Indexes for table `menu`
--
ALTER TABLE `menu`
  ADD PRIMARY KEY (`id_menu`);

--
-- Indexes for table `menu_type`
--
ALTER TABLE `menu_type`
  ADD PRIMARY KEY (`id_menu_type`);

--
-- Indexes for table `orderlog`
--
ALTER TABLE `orderlog`
  ADD PRIMARY KEY (`orderlogid`);

--
-- Indexes for table `orderlogproductdetails`
--
ALTER TABLE `orderlogproductdetails`
  ADD PRIMARY KEY (`orderlogproductdetailsid`);

--
-- Indexes for table `orderproduct`
--
ALTER TABLE `orderproduct`
  ADD PRIMARY KEY (`Mainorderproductid`);

--
-- Indexes for table `orders`
--
ALTER TABLE `orders`
  ADD PRIMARY KEY (`orderid`);

--
-- Indexes for table `orderstatus`
--
ALTER TABLE `orderstatus`
  ADD PRIMARY KEY (`orderstatusid`);

--
-- Indexes for table `page`
--
ALTER TABLE `page`
  ADD PRIMARY KEY (`id_page`);

--
-- Indexes for table `parish`
--
ALTER TABLE `parish`
  ADD PRIMARY KEY (`parishid`);

--
-- Indexes for table `paymentoption`
--
ALTER TABLE `paymentoption`
  ADD PRIMARY KEY (`paymentoptionid`);

--
-- Indexes for table `product`
--
ALTER TABLE `product`
  ADD PRIMARY KEY (`productid`);

--
-- Indexes for table `productorder`
--
ALTER TABLE `productorder`
  ADD PRIMARY KEY (`productorderid`);

--
-- Indexes for table `product_log`
--
ALTER TABLE `product_log`
  ADD PRIMARY KEY (`Product_log_id`);

--
-- Indexes for table `table`
--
ALTER TABLE `table`
  ADD PRIMARY KEY (`id_table`);

--
-- Indexes for table `users_groups`
--
ALTER TABLE `users_groups`
  ADD PRIMARY KEY (`id`);

--
-- AUTO_INCREMENT for dumped tables
--

--
-- AUTO_INCREMENT for table `api`
--
ALTER TABLE `api`
  MODIFY `id_api` int(11) NOT NULL AUTO_INCREMENT;

--
-- AUTO_INCREMENT for table `book`
--
ALTER TABLE `book`
  MODIFY `id_book` int(11) NOT NULL AUTO_INCREMENT, AUTO_INCREMENT=3;

--
-- AUTO_INCREMENT for table `customer`
--
ALTER TABLE `customer`
  MODIFY `customerid` int(255) NOT NULL AUTO_INCREMENT, AUTO_INCREMENT=79;

--
-- AUTO_INCREMENT for table `factory`
--
ALTER TABLE `factory`
  MODIFY `factoryid` int(255) NOT NULL AUTO_INCREMENT, AUTO_INCREMENT=9;

--
-- AUTO_INCREMENT for table `fixedorderlogdetaiils`
--
ALTER TABLE `fixedorderlogdetaiils`
  MODIFY `fixedorderlogproductdetailsid` int(255) NOT NULL AUTO_INCREMENT, AUTO_INCREMENT=28;

--
-- AUTO_INCREMENT for table `fixed_product`
--
ALTER TABLE `fixed_product`
  MODIFY `fixed_product_id` int(255) NOT NULL AUTO_INCREMENT, AUTO_INCREMENT=133;

--
-- AUTO_INCREMENT for table `fixed_product_order`
--
ALTER TABLE `fixed_product_order`
  MODIFY `fixed_product_order_id` int(255) NOT NULL AUTO_INCREMENT, AUTO_INCREMENT=18;

--
-- AUTO_INCREMENT for table `fixed_product_order_detail`
--
ALTER TABLE `fixed_product_order_detail`
  MODIFY `fixed_product_order_id` int(255) NOT NULL AUTO_INCREMENT, AUTO_INCREMENT=51;

--
-- AUTO_INCREMENT for table `fixed_product_order_log`
--
ALTER TABLE `fixed_product_order_log`
  MODIFY `fixed_product_order_log_id` int(255) NOT NULL AUTO_INCREMENT, AUTO_INCREMENT=24;

--
-- AUTO_INCREMENT for table `groups`
--
ALTER TABLE `groups`
  MODIFY `id` int(11) NOT NULL AUTO_INCREMENT, AUTO_INCREMENT=12;

--
-- AUTO_INCREMENT for table `login`
--
ALTER TABLE `login`
  MODIFY `id` int(30) NOT NULL AUTO_INCREMENT;

--
-- AUTO_INCREMENT for table `login_attempts`
--
ALTER TABLE `login_attempts`
  MODIFY `id` int(11) NOT NULL AUTO_INCREMENT;

--
-- AUTO_INCREMENT for table `logs`
--
ALTER TABLE `logs`
  MODIFY `id` int(11) NOT NULL AUTO_INCREMENT, AUTO_INCREMENT=732;

--
-- AUTO_INCREMENT for table `menu`
--
ALTER TABLE `menu`
  MODIFY `id_menu` int(11) NOT NULL AUTO_INCREMENT, AUTO_INCREMENT=80;

--
-- AUTO_INCREMENT for table `menu_type`
--
ALTER TABLE `menu_type`
  MODIFY `id_menu_type` int(11) NOT NULL AUTO_INCREMENT, AUTO_INCREMENT=5;

--
-- AUTO_INCREMENT for table `orderlog`
--
ALTER TABLE `orderlog`
  MODIFY `orderlogid` int(255) NOT NULL AUTO_INCREMENT, AUTO_INCREMENT=346;

--
-- AUTO_INCREMENT for table `orderlogproductdetails`
--
ALTER TABLE `orderlogproductdetails`
  MODIFY `orderlogproductdetailsid` int(255) NOT NULL AUTO_INCREMENT, AUTO_INCREMENT=4;

--
-- AUTO_INCREMENT for table `orderproduct`
--
ALTER TABLE `orderproduct`
  MODIFY `Mainorderproductid` int(255) NOT NULL AUTO_INCREMENT;

--
-- AUTO_INCREMENT for table `orders`
--
ALTER TABLE `orders`
  MODIFY `orderid` int(255) NOT NULL AUTO_INCREMENT, AUTO_INCREMENT=102;

--
-- AUTO_INCREMENT for table `orderstatus`
--
ALTER TABLE `orderstatus`
  MODIFY `orderstatusid` int(255) NOT NULL AUTO_INCREMENT, AUTO_INCREMENT=8;

--
-- AUTO_INCREMENT for table `page`
--
ALTER TABLE `page`
  MODIFY `id_page` int(11) NOT NULL AUTO_INCREMENT, AUTO_INCREMENT=5;

--
-- AUTO_INCREMENT for table `parish`
--
ALTER TABLE `parish`
  MODIFY `parishid` int(255) NOT NULL AUTO_INCREMENT, AUTO_INCREMENT=19;

--
-- AUTO_INCREMENT for table `paymentoption`
--
ALTER TABLE `paymentoption`
  MODIFY `paymentoptionid` int(255) NOT NULL AUTO_INCREMENT, AUTO_INCREMENT=4;

--
-- AUTO_INCREMENT for table `product`
--
ALTER TABLE `product`
  MODIFY `productid` int(255) NOT NULL AUTO_INCREMENT, AUTO_INCREMENT=1168;

--
-- AUTO_INCREMENT for table `productorder`
--
ALTER TABLE `productorder`
  MODIFY `productorderid` int(255) NOT NULL AUTO_INCREMENT, AUTO_INCREMENT=3078;

--
-- AUTO_INCREMENT for table `product_log`
--
ALTER TABLE `product_log`
  MODIFY `Product_log_id` int(255) NOT NULL AUTO_INCREMENT, AUTO_INCREMENT=30;

--
-- AUTO_INCREMENT for table `table`
--
ALTER TABLE `table`
  MODIFY `id_table` int(11) NOT NULL AUTO_INCREMENT, AUTO_INCREMENT=4;

--
-- AUTO_INCREMENT for table `users_groups`
--
ALTER TABLE `users_groups`
  MODIFY `id` int(11) NOT NULL AUTO_INCREMENT, AUTO_INCREMENT=73;
COMMIT;

